000
CDUS41 KOKX 300626
CLIEWR


CLIMATE REPORT
NATIONAL WEATHER SERVICE NEW YORK NY
226 AM EDT MON MAY 30 2016


...................................

...THE NEWARK NJ CLIMATE SUMMARY FOR MAY 29 2016...

CLIMATE NORMAL PERIOD 1981 TO 2010
CLIMATE RECORD PERIOD 1929 TO 2016


WEATHER ITEM   OBSERVED TIME   RECORD YEAR NORMAL DEPARTURE LAST
                VALUE   (LST)  VALUE       VALUE  FROM      YEAR
                                                  NORMAL
..................................................................
TEMPERATURE (F)
 YESTERDAY
  MAXIMUM         88   1212 PM  97    1987  76     12       84
  MINIMUM         69    441 AM  40    1936  58     11       63
  AVERAGE         79                        67     12       74

PRECIPITATION (IN)
  YESTERDAY        0.03          3.60 1968   0.14  -0.11     0.00
  MONTH TO DATE    2.28                      3.80  -1.52     1.10
  SINCE MAR 1      4.78                     12.18  -7.40     7.40
  SINCE JAN 1     12.83                     18.60  -5.77    13.88

SNOWFALL (IN)
  YESTERDAY        0.0           T    1995   0.0    0.0      0.0
  MONTH TO DATE    0.0                       0.0    0.0      0.0
  SINCE OCT 1     36.4                      28.5    7.9     46.4
  SINCE JUL 1     36.4                      28.5    7.9     46.4
  SNOW DEPTH       0

DEGREE DAYS
 HEATING
  YESTERDAY        0                         2     -2        0
  MONTH TO DATE  170                       132     38       48
  SINCE MAR 1   1026                      1217   -191     1211
  SINCE JUL 1   3899                      4852   -953     5114

 COOLING
  YESTERDAY       14                         4     10        9
  MONTH TO DATE   76                        56     20      136
  SINCE MAR 1     94                        68     26      139
  SINCE JAN 1     94                        68     26      139
..................................................................


WIND (MPH)
  HIGHEST WIND SPEED    16   HIGHEST WIND DIRECTION    SE (140)
  HIGHEST GUST SPEED    21   HIGHEST GUST DIRECTION     E (110)
  AVERAGE WIND SPEED     8.2


SKY COVER
  AVERAGE SKY COVER 0.6


WEATHER CONDITIONS
 THE FOLLOWING WEATHER WAS RECORDED YESTERDAY.
  HEAVY RAIN
  RAIN
  LIGHT RAIN
  FOG


RELATIVE HUMIDITY (PERCENT)
 HIGHEST    71           900 PM
 LOWEST     40          1100 AM
 AVERAGE    56

..........................................................


THE NEWARK NJ CLIMATE NORMALS FOR TODAY
                         NORMAL    RECORD    YEAR
 MAXIMUM TEMPERATURE (F)   76        98      1987
 MINIMUM TEMPERATURE (F)   58        39      1949


SUNRISE AND SUNSET
MAY 30 2016...........SUNRISE   528 AM EDT   SUNSET   820 PM EDT
MAY 31 2016...........SUNRISE   528 AM EDT   SUNSET   821 PM EDT


-  INDICATES NEGATIVE NUMBERS.
R  INDICATES RECORD WAS SET OR TIED.
MM INDICATES DATA IS MISSING.
T  INDICATES TRACE AMOUNT.




$$
