000
CDUS41 KOKX 300617
CLIEWR


CLIMATE REPORT
NATIONAL WEATHER SERVICE NEW YORK NY
217 AM EDT TUE JUN 30 2015


...................................

...THE NEWARK NJ CLIMATE SUMMARY FOR JUNE 29 2015...

CLIMATE NORMAL PERIOD 1981 TO 2010
CLIMATE RECORD PERIOD 1929 TO 2015


WEATHER ITEM   OBSERVED TIME   RECORD YEAR NORMAL DEPARTURE LAST
                VALUE   (LST)  VALUE       VALUE  FROM      YEAR
                                                  NORMAL
..................................................................
TEMPERATURE (F)
 YESTERDAY
  MAXIMUM         79    454 PM 100    1959  85     -6       84
                                      1934
  MINIMUM         62    530 AM  56    1968  67     -5       64
                                      1938
  AVERAGE         71                        76     -5       74

PRECIPITATION (IN)
  YESTERDAY        0.00          1.69 1973   0.12  -0.12     0.00
  MONTH TO DATE    5.90                      3.90   2.00     4.41
  SINCE JUN 1      5.90                      3.90   2.00     4.41
  SINCE JAN 1     23.51                     22.79   0.72    27.76

SNOWFALL (IN)
  YESTERDAY        0.0           T    1952   0.0    0.0      0.0
  MONTH TO DATE    0.0                       0.0    0.0      0.0
  SINCE OCT 1     46.4                      28.5   17.9     61.1
  SINCE JUL 1     46.4                      28.5   17.9     61.1
  SNOW DEPTH       0

DEGREE DAYS
 HEATING
  YESTERDAY        0                         0      0        0
  MONTH TO DATE   29                        15     14        0
  SINCE JUN 1     29                        15     14        0
  SINCE JUL 1   5143                      4870    273     5166

 COOLING
  YESTERDAY        6                        11     -5        9
  MONTH TO DATE  239                       227     12      231
  SINCE JUN 1    239                       227     12      231
  SINCE JAN 1    399                       303     96      293
..................................................................


WIND (MPH)
  HIGHEST WIND SPEED    20   HIGHEST WIND DIRECTION     W (280)
  HIGHEST GUST SPEED    24   HIGHEST GUST DIRECTION     W (280)
  AVERAGE WIND SPEED    10.8


SKY COVER
  AVERAGE SKY COVER 0.4


WEATHER CONDITIONS
 THE FOLLOWING WEATHER WAS RECORDED YESTERDAY.
  NO SIGNIFICANT WEATHER WAS OBSERVED.


RELATIVE HUMIDITY (PERCENT)
 HIGHEST    78           400 AM
 LOWEST     45           200 PM
 AVERAGE    62

..........................................................


THE NEWARK NJ CLIMATE NORMALS FOR TODAY
                         NORMAL    RECORD    YEAR
 MAXIMUM TEMPERATURE (F)   85        99      1964
 MINIMUM TEMPERATURE (F)   67        55      1940


SUNRISE AND SUNSET
JUNE 30 2015..........SUNRISE   529 AM EDT   SUNSET   832 PM EDT
JULY  1 2015..........SUNRISE   529 AM EDT   SUNSET   832 PM EDT


-  INDICATES NEGATIVE NUMBERS.
R  INDICATES RECORD WAS SET OR TIED.
MM INDICATES DATA IS MISSING.
T  INDICATES TRACE AMOUNT.




$$
