000
CDUS41 KOKX 232031
CLIEWR


CLIMATE REPORT
NATIONAL WEATHER SERVICE NEW YORK NY
431 PM EDT SUN MAR 23 2014


...................................

...THE NEWARK NJ CLIMATE SUMMARY FOR MARCH 23 2014...
VALID TODAY AS OF 0400 PM LOCAL TIME.

CLIMATE NORMAL PERIOD 1981 TO 2010
CLIMATE RECORD PERIOD 1929 TO 2014


WEATHER ITEM   OBSERVED TIME   RECORD YEAR NORMAL DEPARTURE LAST
                VALUE   (LST)  VALUE       VALUE  FROM      YEAR
                                                  NORMAL
..................................................................
TEMPERATURE (F)
 TODAY
  MAXIMUM         44    213 PM  82    1938  53     -9       48
  MINIMUM         38    107 AM  13    1934  36      2       30
  AVERAGE         41                        44     -3       39

PRECIPITATION (IN)
  TODAY            0.00          1.52 1961   0.15  -0.15     0.00
  MONTH TO DATE    0.89                      3.03  -2.14     2.79
  SINCE MAR 1      0.89                      3.03  -2.14     2.79
  SINCE JAN 1      8.61                      9.45  -0.84     9.13

SNOWFALL (IN)
  TODAY            0.0           1.6  2011   0.1   -0.1      0.0
  MONTH TO DATE    0.2                       3.9   -3.7      8.8
  SINCE OCT 1     60.7                      26.9   33.8     29.5
  SINCE JUL 1     60.7                      26.9   33.8     29.5
  SNOW DEPTH       0

DEGREE DAYS
 HEATING
  TODAY           24                        21      3       26
  MONTH TO DATE  625                       556     69      596
  SINCE MAR 1    625                       556     69      596
  SINCE JUL 1   4500                      4191    309     3976

 COOLING
  TODAY            0                         0      0        0
  MONTH TO DATE    0                         0      0        0
  SINCE MAR 1      0                         0      0        0
  SINCE JAN 1      0                         0      0        0
..................................................................


WIND (MPH)
  HIGHEST WIND SPEED    21   HIGHEST WIND DIRECTION    NW (320)
  HIGHEST GUST SPEED    32   HIGHEST GUST DIRECTION    NW (320)
  AVERAGE WIND SPEED    11.1


SKY COVER
  AVERAGE SKY COVER 0.8


WEATHER CONDITIONS
 THE FOLLOWING WEATHER WAS RECORDED TODAY.
  NO SIGNIFICANT WEATHER WAS OBSERVED.


RELATIVE HUMIDITY (PERCENT)
 HIGHEST    54           100 AM
 LOWEST     24           300 PM
 AVERAGE    39

..........................................................


THE NEWARK NJ CLIMATE NORMALS FOR TOMORROW
                         NORMAL    RECORD    YEAR
 MAXIMUM TEMPERATURE (F)   53        77      1988
 MINIMUM TEMPERATURE (F)   36        16      1940


SUNRISE AND SUNSET
MARCH 23 2014.........SUNRISE   655 AM EDT   SUNSET   712 PM EDT
MARCH 24 2014.........SUNRISE   654 AM EDT   SUNSET   713 PM EDT


-  INDICATES NEGATIVE NUMBERS.
R  INDICATES RECORD WAS SET OR TIED.
MM INDICATES DATA IS MISSING.
T  INDICATES TRACE AMOUNT.




$$
