000
CDUS41 KOKX 202043
CLIEWR


CLIMATE REPORT
NATIONAL WEATHER SERVICE NEW YORK NY
442 PM EDT MON JUL 20 2015


...................................

...THE NEWARK NJ CLIMATE SUMMARY FOR JULY 20 2015...
VALID TODAY AS OF 0400 PM LOCAL TIME.

CLIMATE NORMAL PERIOD 1981 TO 2010
CLIMATE RECORD PERIOD 1929 TO 2015


WEATHER ITEM   OBSERVED TIME   RECORD YEAR NORMAL DEPARTURE LAST
                VALUE   (LST)  VALUE       VALUE  FROM      YEAR
                                                  NORMAL
..................................................................
TEMPERATURE (F)
 TODAY
  MAXIMUM         97    259 PM 101    1980  86     11       79
  MINIMUM         80    422 AM  59    1997  69     11       67
  AVERAGE         89                        78     11       73

PRECIPITATION (IN)
  TODAY            0.00          3.15 1961   0.15  -0.15      T
  MONTH TO DATE    1.83                      2.94  -1.11     4.48
  SINCE JUN 1      7.73                      6.96   0.77     8.89
  SINCE JAN 1     25.34                     25.85  -0.51    32.24

SNOWFALL (IN)
  TODAY            0.0           0.0  2002   0.0    0.0      0.0
                                      2001
  MONTH TO DATE    0.0                       0.0    0.0      0.0
  SINCE OCT 1     46.4                      28.5   17.9     61.1
  SINCE JUL 1      0.0                       0.0    0.0      0.0
  SNOW DEPTH       0

DEGREE DAYS
 HEATING
  TODAY            0                         0      0        0
  MONTH TO DATE    0                         0      0        0
  SINCE JUN 1     29                        17     12        0
  SINCE JUL 1      0                         0      0        0

 COOLING
  TODAY           24                        13     11        8
  MONTH TO DATE  266                       248     18      257
  SINCE JUN 1    515                       487     28      499
  SINCE JAN 1    675                       563    112      561
..................................................................


WIND (MPH)
  HIGHEST WIND SPEED    16   HIGHEST WIND DIRECTION     W (250)
  HIGHEST GUST SPEED    22   HIGHEST GUST DIRECTION    SW (240)
  AVERAGE WIND SPEED     8.6


SKY COVER
  AVERAGE SKY COVER 0.6


WEATHER CONDITIONS
 THE FOLLOWING WEATHER WAS RECORDED TODAY.
  NO SIGNIFICANT WEATHER WAS OBSERVED.


RELATIVE HUMIDITY (PERCENT)
 HIGHEST    79           400 AM
 LOWEST     39          1200 PM
 AVERAGE    59

..........................................................


THE NEWARK NJ CLIMATE NORMALS FOR TOMORROW
                         NORMAL    RECORD    YEAR
 MAXIMUM TEMPERATURE (F)   86       103      2011
 MINIMUM TEMPERATURE (F)   69        58      1951


SUNRISE AND SUNSET
JULY 20 2015..........SUNRISE   542 AM EDT   SUNSET   823 PM EDT
JULY 21 2015..........SUNRISE   543 AM EDT   SUNSET   823 PM EDT


-  INDICATES NEGATIVE NUMBERS.
R  INDICATES RECORD WAS SET OR TIED.
MM INDICATES DATA IS MISSING.
T  INDICATES TRACE AMOUNT.




$$
