000
CDUS41 KOKX 060625
CLIEWR


CLIMATE REPORT
NATIONAL WEATHER SERVICE NEW YORK NY
225 AM EDT WED APR 6 2016


...................................

...THE NEWARK NJ CLIMATE SUMMARY FOR APRIL 5 2016...

CLIMATE NORMAL PERIOD 1981 TO 2010
CLIMATE RECORD PERIOD 1929 TO 2016


WEATHER ITEM   OBSERVED TIME   RECORD YEAR NORMAL DEPARTURE LAST
                VALUE   (LST)  VALUE       VALUE  FROM      YEAR
                                                  NORMAL
..................................................................
TEMPERATURE (F)
 YESTERDAY
  MAXIMUM         44    456 PM  83    1985  58    -14       64
  MINIMUM         26    619 AM  23    1995  40    -14       35
  AVERAGE         35                        49    -14       50

PRECIPITATION (IN)
  YESTERDAY        0.00          2.07 1984   0.15  -0.15     0.00
  MONTH TO DATE    0.63                      0.74  -0.11     0.05
  SINCE MAR 1      2.01                      4.92  -2.91     4.68
  SINCE JAN 1     10.06                     11.34  -1.28    11.16

SNOWFALL (IN)
  YESTERDAY        0.0          10.1  1957   0.1   -0.1      0.0
  MONTH TO DATE    T                         0.3   -0.3      0.0
  SINCE OCT 1     36.4                      27.9    8.5     46.4
  SINCE JUL 1     36.4                      27.9    8.5     46.4
  SNOW DEPTH       0

DEGREE DAYS
 HEATING
  YESTERDAY       30                        16     14       15
  MONTH TO DATE   95                        84     11       66
  SINCE MAR 1    589                       793   -204      905
  SINCE JUL 1   3462                      4428   -966     4808

 COOLING
  YESTERDAY        0                         0      0        0
  MONTH TO DATE    6                         0      6        0
  SINCE MAR 1     11                         1     10        0
  SINCE JAN 1     11                         1     10        0
..................................................................


WIND (MPH)
  HIGHEST WIND SPEED    28   HIGHEST WIND DIRECTION     N (360)
  HIGHEST GUST SPEED    33   HIGHEST GUST DIRECTION     N (360)
  AVERAGE WIND SPEED    16.3


SKY COVER
  AVERAGE SKY COVER 0.4


WEATHER CONDITIONS
 THE FOLLOWING WEATHER WAS RECORDED YESTERDAY.
  NO SIGNIFICANT WEATHER WAS OBSERVED.


RELATIVE HUMIDITY (PERCENT)
 HIGHEST    69          1200 AM
 LOWEST     16           600 PM
 AVERAGE    43

..........................................................


THE NEWARK NJ CLIMATE NORMALS FOR TODAY
                         NORMAL    RECORD    YEAR
 MAXIMUM TEMPERATURE (F)   58        80      1947
 MINIMUM TEMPERATURE (F)   41        17      1982


SUNRISE AND SUNSET
APRIL  6 2016.........SUNRISE   631 AM EDT   SUNSET   727 PM EDT
APRIL  7 2016.........SUNRISE   630 AM EDT   SUNSET   728 PM EDT


-  INDICATES NEGATIVE NUMBERS.
R  INDICATES RECORD WAS SET OR TIED.
MM INDICATES DATA IS MISSING.
T  INDICATES TRACE AMOUNT.




$$
