000
CDUS43 KDMX 140208
CLIALO

CLIMATE REPORT
NATIONAL WEATHER SERVICE DES MOINES IA
906 PM CDT SUN APR 13 2014


...................................

...THE WATERLOO IA CLIMATE SUMMARY FOR APRIL 13 2014...
VALID TODAY AS OF 0500 PM LOCAL TIME.

CLIMATE NORMAL PERIOD 1981 TO 2010
CLIMATE RECORD PERIOD 1895 TO 2014


WEATHER ITEM   OBSERVED TIME   RECORD YEAR NORMAL DEPARTURE LAST
                VALUE   (LST)  VALUE       VALUE  FROM      YEAR
                                                  NORMAL
..................................................................
TEMPERATURE (F)
 TODAY
  MAXIMUM         56    201 AM  88    1916  60     -4       47
  MINIMUM         41    805 PM  18    1950  36      5       30
  AVERAGE         49                        48      1       39

PRECIPITATION (IN)
  TODAY            1.65R         0.97 1967   0.13   1.52     0.01
  MONTH TO DATE    4.54                      1.39   3.15     2.58
  SINCE MAR 1      6.04                      3.45   2.59     5.15
  SINCE JAN 1      8.67                      5.27   3.40     8.23

SNOWFALL (IN)
  TODAY            0.0           1.5  1952   0.1   -0.1      0.0
  MONTH TO DATE    T                         1.2   -1.2       T
  SINCE MAR 1      5.8                       5.8    0.0     11.2
  SINCE JUL 1     57.6                      34.7   22.9     48.3
  SNOW DEPTH       0

DEGREE DAYS
 HEATING
  TODAY           16                        17     -1       26
  MONTH TO DATE  252                       257     -5      316
  SINCE MAR 1   1384                      1163    221     1499
  SINCE JUL 1   7792                      6582   1210     6709

 COOLING
  TODAY            0                         0      0        0
  MONTH TO DATE    1                         0      1        0
  SINCE MAR 1      1                         0      1        0
  SINCE JAN 1      1                         0      1        0
..................................................................


WIND (MPH)
  HIGHEST WIND SPEED    28   HIGHEST WIND DIRECTION     N (20)
  HIGHEST GUST SPEED    36   HIGHEST GUST DIRECTION     N (20)
  AVERAGE WIND SPEED    12.7


SKY COVER
  POSSIBLE SUNSHINE  MM
  AVERAGE SKY COVER 1.0


WEATHER CONDITIONS
 THE FOLLOWING WEATHER WAS RECORDED TODAY.
  RAIN
  LIGHT RAIN
  FOG


RELATIVE HUMIDITY (PERCENT)
 HIGHEST   100           100 AM
 LOWEST     92           200 PM
 AVERAGE    96

..........................................................


THE WATERLOO IA CLIMATE NORMALS FOR TOMORROW
                         NORMAL    RECORD    YEAR
 MAXIMUM TEMPERATURE (F)   60        90      2003
 MINIMUM TEMPERATURE (F)   37        18      1928


SUNRISE AND SUNSET
APRIL 13 2014.........SUNRISE   632 AM CDT   SUNSET   749 PM CDT
APRIL 14 2014.........SUNRISE   630 AM CDT   SUNSET   750 PM CDT


-  INDICATES NEGATIVE NUMBERS.
R  INDICATES RECORD WAS SET OR TIED.
MM INDICATES DATA IS MISSING.
T  INDICATES TRACE AMOUNT.




$$
