000
CDUS43 KDMX 080710 RRA
CLIALO

CLIMATE REPORT
NATIONAL WEATHER SERVICE DES MOINES IA
209 AM CDT SUN OCT 8 2017


...................................

...THE WATERLOO IA CLIMATE SUMMARY FOR OCTOBER 7 2017...

CLIMATE NORMAL PERIOD 1981 TO 2010
CLIMATE RECORD PERIOD 1895 TO 2017


WEATHER ITEM   OBSERVED TIME   RECORD YEAR NORMAL DEPARTURE LAST
                VALUE   (LST)  VALUE       VALUE  FROM      YEAR
                                                  NORMAL
..................................................................
TEMPERATURE (F)
 YESTERDAY
  MAXIMUM         70   1059 AM  87    1997  66      4       68
  MINIMUM         51   1158 PM  24    2012  41     10       37
                                      1988
  AVERAGE         61                        54      7       53

PRECIPITATION (IN)
  YESTERDAY        0.85          1.80 1948   0.08   0.77      T
  MONTH TO DATE    2.56                      0.62   1.94     0.05
  SINCE SEP 1      3.35                      3.25   0.10     7.37
  SINCE JAN 1     26.03                     29.53  -3.50    36.06

SNOWFALL (IN)
  YESTERDAY        0.0           T    2000   0.0    0.0      0.0
  MONTH TO DATE    0.0                       0.0    0.0      0.0
  SINCE SEP 1      0.0                       0.0    0.0      0.0
  SINCE JUL 1      0.0                       0.0    0.0      0.0
  SNOW DEPTH       0

DEGREE DAYS
 HEATING
  YESTERDAY        4                        12     -8       12
  MONTH TO DATE   22                        76    -54       28
  SINCE SEP 1    101                       214   -113       71
  SINCE JUL 1    118                       234   -116       76

 COOLING
  YESTERDAY        0                         1     -1        0
  MONTH TO DATE   10                         7      3        2
  SINCE SEP 1    129                        85     44      106
  SINCE JAN 1    720                       797    -77      859
..................................................................


WIND (MPH)
  HIGHEST WIND SPEED    29   HIGHEST WIND DIRECTION    SW (220)
  HIGHEST GUST SPEED    36   HIGHEST GUST DIRECTION    SW (230)
  AVERAGE WIND SPEED    12.7


SKY COVER
  POSSIBLE SUNSHINE  MM
  AVERAGE SKY COVER 0.7


WEATHER CONDITIONS
 THE FOLLOWING WEATHER WAS RECORDED YESTERDAY.
  THUNDERSTORM
  HEAVY RAIN
  RAIN
  LIGHT RAIN
  FOG


RELATIVE HUMIDITY (PERCENT)
 HIGHEST   100           200 AM
 LOWEST     78          1200 PM
 AVERAGE    89

..........................................................


THE WATERLOO IA CLIMATE NORMALS FOR TODAY
                         NORMAL    RECORD    YEAR
 MAXIMUM TEMPERATURE (F)   66        90      1916
 MINIMUM TEMPERATURE (F)   41        21      1976


SUNRISE AND SUNSET
OCTOBER  8 2017.......SUNRISE   715 AM CDT   SUNSET   638 PM CDT
OCTOBER  9 2017.......SUNRISE   716 AM CDT   SUNSET   637 PM CDT


-  INDICATES NEGATIVE NUMBERS.
R  INDICATES RECORD WAS SET OR TIED.
MM INDICATES DATA IS MISSING.
T  INDICATES TRACE AMOUNT.




$$
