000
CDUS43 KDTX 180542
CLIDTW


CLIMATE REPORT
NATIONAL WEATHER SERVICE DETROIT/PONTIAC MI
141 AM EDT SAT MAR 18 2017


...................................

...THE DETROIT MI CLIMATE SUMMARY FOR MARCH 17 2017...

CLIMATE NORMAL PERIOD 1981 TO 2010
CLIMATE RECORD PERIOD 1874 TO 2017


WEATHER ITEM   OBSERVED TIME   RECORD YEAR NORMAL DEPARTURE LAST
                VALUE   (LST)  VALUE       VALUE  FROM      YEAR
                                                  NORMAL
..................................................................
TEMPERATURE (F)
 YESTERDAY
  MAXIMUM         37   1209 PM  75    2012  46     -9       56
                                      1945
  MINIMUM         23    505 AM  -2    1900  29     -6       39
                                      1877
  AVERAGE         30                        38     -8       48

PRECIPITATION (IN)
  YESTERDAY        0.11          0.97 1973   0.07   0.04     0.00
  MONTH TO DATE    1.39                      1.19   0.20     1.98
  SINCE MAR 1      1.39                      1.19   0.20     1.98
  SINCE JAN 1      6.12                      5.17   0.95     5.34

SNOWFALL (IN)
  YESTERDAY        0.8           8.4  1973   0.2    0.6      0.0
  MONTH TO DATE    6.4                       4.6    1.8      7.4
  SINCE MAR 1      6.4                       4.6    1.8      7.4
  SINCE JUL 1     37.3                      38.5   -1.2     34.0
  SNOW DEPTH       1

DEGREE DAYS
 HEATING
  YESTERDAY       35                        28      7       17
  MONTH TO DATE  556                       519     37      373
  SINCE MAR 1    556                       519     37      373
  SINCE JUL 1   4294                      5072   -778     4138

 COOLING
  YESTERDAY        0                         0      0        0
  MONTH TO DATE    0                         0      0        0
  SINCE MAR 1      0                         0      0        0
  SINCE JAN 1      0                         0      0        0
..................................................................


WIND (MPH)
  HIGHEST WIND SPEED    17   HIGHEST WIND DIRECTION     S (180)
  HIGHEST GUST SPEED    19   HIGHEST GUST DIRECTION     S (170)
  AVERAGE WIND SPEED     5.9


SKY COVER
  POSSIBLE SUNSHINE  MM
  AVERAGE SKY COVER 0.8


WEATHER CONDITIONS
 THE FOLLOWING WEATHER WAS RECORDED YESTERDAY.
  RAIN
  LIGHT RAIN
  LIGHT SNOW
  SLEET
  FOG
  HAZE


RELATIVE HUMIDITY (PERCENT)
 HIGHEST   100          1000 PM
 LOWEST     48          1100 AM
 AVERAGE    74

..........................................................


THE DETROIT MI CLIMATE NORMALS FOR TODAY
                         NORMAL    RECORD    YEAR
 MAXIMUM TEMPERATURE (F)   47        75      2012
 MINIMUM TEMPERATURE (F)   29         7      1916
                                             1876
                                             1875


SUNRISE AND SUNSET
MARCH 18 2017.........SUNRISE   740 AM EDT   SUNSET   744 PM EDT
MARCH 19 2017.........SUNRISE   738 AM EDT   SUNSET   745 PM EDT


-  INDICATES NEGATIVE NUMBERS.
R  INDICATES RECORD WAS SET OR TIED.
MM INDICATES DATA IS MISSING.
T  INDICATES TRACE AMOUNT.




$$
