553
CDUS43 KDTX 092136
CLIDTW


CLIMATE REPORT
NATIONAL WEATHER SERVICE DETROIT/PONTIAC MI
435 PM EST TUE FEB 9 2016


...................................

...THE DETROIT MI CLIMATE SUMMARY FOR FEBRUARY 9 2016...
VALID TODAY AS OF 0400 PM LOCAL TIME.

CLIMATE NORMAL PERIOD 1981 TO 2010
CLIMATE RECORD PERIOD 1874 TO 2016


WEATHER ITEM   OBSERVED TIME   RECORD YEAR NORMAL DEPARTURE LAST
                VALUE   (LST)  VALUE       VALUE  FROM      YEAR
                                                  NORMAL
..................................................................
TEMPERATURE (F)
 TODAY
  MAXIMUM         33    431 AM  56    2001  34     -1       27
                                      1966
  MINIMUM         28    359 PM -20    1875  20      8       17
  AVERAGE         31                        27      4       22

PRECIPITATION (IN)
  TODAY            0.11          2.41 1876   0.07   0.04      T
  MONTH TO DATE    0.60                      0.59   0.01     1.07
  SINCE DEC 1      4.95                      5.01  -0.06     3.93
  SINCE JAN 1      1.94                      2.55  -0.61     2.52

SNOWFALL (IN)
  TODAY            1.7           6.5  2010   0.4    1.3       T
  MONTH TO DATE    2.1                       3.3   -1.2     19.4
  SINCE DEC 1     11.8                      25.4  -13.6     33.7
  SINCE JUL 1     18.0                      27.0   -9.0     37.7
  SNOW DEPTH       T

DEGREE DAYS
 HEATING
  TODAY           34                        38     -4       43
  MONTH TO DATE  264                       348    -84      394
  SINCE DEC 1   2135                      2653   -518     2710
  SINCE JUL 1   3055                      3868   -813     4087

 COOLING
  TODAY            0                         0      0        0
  MONTH TO DATE    0                         0      0        0
  SINCE DEC 1      0                         0      0        0
  SINCE JAN 1      0                         0      0        0
..................................................................


WIND (MPH)
  HIGHEST WIND SPEED    20   HIGHEST WIND DIRECTION     W (280)
  HIGHEST GUST SPEED    24   HIGHEST GUST DIRECTION     W (280)
  AVERAGE WIND SPEED    10.1


SKY COVER
  POSSIBLE SUNSHINE  MM
  AVERAGE SKY COVER 1.0


WEATHER CONDITIONS
 THE FOLLOWING WEATHER WAS RECORDED TODAY.
  LIGHT SNOW
  FOG


RELATIVE HUMIDITY (PERCENT)
 HIGHEST   100           800 AM
 LOWEST     78          1200 PM
 AVERAGE    89

..........................................................


THE DETROIT MI CLIMATE NORMALS FOR TOMORROW
                         NORMAL    RECORD    YEAR
 MAXIMUM TEMPERATURE (F)   34        59      2009
 MINIMUM TEMPERATURE (F)   20       -13      1899


SUNRISE AND SUNSET
FEBRUARY  9 2016......SUNRISE   738 AM EST   SUNSET   558 PM EST
FEBRUARY 10 2016......SUNRISE   737 AM EST   SUNSET   559 PM EST


-  INDICATES NEGATIVE NUMBERS.
R  INDICATES RECORD WAS SET OR TIED.
MM INDICATES DATA IS MISSING.
T  INDICATES TRACE AMOUNT.




$$
