000
CDUS43 KDTX 240537
CLIDTW


CLIMATE REPORT
NATIONAL WEATHER SERVICE DETROIT/PONTIAC MI
1237 AM EST FRI FEB 24 2017


...................................

...THE DETROIT MI CLIMATE SUMMARY FOR FEBRUARY 23 2017...

CLIMATE NORMAL PERIOD 1981 TO 2010
CLIMATE RECORD PERIOD 1874 TO 2017


WEATHER ITEM   OBSERVED TIME   RECORD YEAR NORMAL DEPARTURE LAST
                VALUE   (LST)  VALUE       VALUE  FROM      YEAR
                                                  NORMAL
..................................................................
TEMPERATURE (F)
 YESTERDAY
  MAXIMUM         68R   303 PM  64    1984  37     31       43
  MINIMUM         42   1159 PM  -8    1889  22     20       23
  AVERAGE         55                        30     25       33

PRECIPITATION (IN)
  YESTERDAY        T             1.47 1985   0.08  -0.08     0.00
  MONTH TO DATE    1.42                      1.63  -0.21     0.79
  SINCE DEC 1      6.41                      6.05   0.36     5.14
  SINCE JAN 1      4.25                      3.59   0.66     2.13

SNOWFALL (IN)
  YESTERDAY        0.0           2.5  1962   0.4   -0.4      0.0
  MONTH TO DATE    2.1                       8.5   -6.4      5.5
  SINCE DEC 1     30.7                      30.6    0.1     15.2
  SINCE JUL 1     30.8                      32.2   -1.4     21.4
  SNOW DEPTH       0

DEGREE DAYS
 HEATING
  YESTERDAY       10                        35    -25       32
  MONTH TO DATE  646                       861   -215      801
  SINCE DEC 1   2765                      3166   -401     2672
  SINCE JUL 1   3633                      4381   -748     3592

 COOLING
  YESTERDAY        0                         0      0        0
  MONTH TO DATE    0                         0      0        0
  SINCE DEC 1      0                         0      0        0
  SINCE JAN 1      0                         0      0        0
..................................................................


WIND (MPH)
  HIGHEST WIND SPEED    22   HIGHEST WIND DIRECTION    SW (230)
  HIGHEST GUST SPEED    28   HIGHEST GUST DIRECTION    SW (210)
  AVERAGE WIND SPEED    11.5


SKY COVER
  POSSIBLE SUNSHINE  MM
  AVERAGE SKY COVER 0.8


WEATHER CONDITIONS
 THE FOLLOWING WEATHER WAS RECORDED YESTERDAY.
  LIGHT RAIN
  FOG
  HAZE


RELATIVE HUMIDITY (PERCENT)
 HIGHEST   100           300 AM
 LOWEST     35           300 PM
 AVERAGE    68

..........................................................


THE DETROIT MI CLIMATE NORMALS FOR TODAY
                         NORMAL    RECORD    YEAR
 MAXIMUM TEMPERATURE (F)   38        59      1976
 MINIMUM TEMPERATURE (F)   23       -11      1894


SUNRISE AND SUNSET
FEBRUARY 24 2017......SUNRISE   716 AM EST   SUNSET   618 PM EST
FEBRUARY 25 2017......SUNRISE   714 AM EST   SUNSET   619 PM EST


-  INDICATES NEGATIVE NUMBERS.
R  INDICATES RECORD WAS SET OR TIED.
MM INDICATES DATA IS MISSING.
T  INDICATES TRACE AMOUNT.




$$
