000
CDUS43 KDTX 310539
CLIDTW


CLIMATE REPORT
NATIONAL WEATHER SERVICE DETROIT/PONTIAC MI
1238 AM EST SUN JAN 31 2016


...................................

...THE DETROIT MI CLIMATE SUMMARY FOR JANUARY 30 2016...

CLIMATE NORMAL PERIOD 1981 TO 2010
CLIMATE RECORD PERIOD 1874 TO 2016


WEATHER ITEM   OBSERVED TIME   RECORD YEAR NORMAL DEPARTURE LAST
                VALUE   (LST)  VALUE       VALUE  FROM      YEAR
                                                  NORMAL
..................................................................
TEMPERATURE (F)
 YESTERDAY
  MAXIMUM         51    307 PM  62    2013  32     19       29
  MINIMUM         28    315 AM  -4    1951  19      9       12
  AVERAGE         40                        26     14       21

PRECIPITATION (IN)
  YESTERDAY        0.00          1.15 1916   0.06  -0.06      T
  MONTH TO DATE    1.18                      1.90  -0.72     1.45
  SINCE DEC 1      4.19                      4.36  -0.17     2.86
  SINCE JAN 1      1.18                      1.90  -0.72     1.45

SNOWFALL (IN)
  YESTERDAY        0.0           7.3  1939   0.4   -0.4       T
  MONTH TO DATE    8.4                      12.1   -3.7     14.2
  SINCE DEC 1      9.7                      21.7  -12.0     14.3
  SINCE JUL 1     15.9                      23.3   -7.4     18.3
  SNOW DEPTH       0

DEGREE DAYS
 HEATING
  YESTERDAY       25                        39    -14       44
  MONTH TO DATE 1118                      1187    -69     1307
  SINCE DEC 1   1850                      2269   -419     2274
  SINCE JUL 1   2770                      3484   -714     3651

 COOLING
  YESTERDAY        0                         0      0        0
  MONTH TO DATE    0                         0      0        0
  SINCE DEC 1      0                         0      0        0
  SINCE JAN 1      0                         0      0        0
..................................................................


WIND (MPH)
  HIGHEST WIND SPEED    20   HIGHEST WIND DIRECTION     S (170)
  HIGHEST GUST SPEED    26   HIGHEST GUST DIRECTION     S (200)
  AVERAGE WIND SPEED    10.6


SKY COVER
  POSSIBLE SUNSHINE  MM
  AVERAGE SKY COVER 0.7


WEATHER CONDITIONS
 THE FOLLOWING WEATHER WAS RECORDED YESTERDAY.
  NO SIGNIFICANT WEATHER WAS OBSERVED.


RELATIVE HUMIDITY (PERCENT)
 HIGHEST    89          1100 PM
 LOWEST     46           200 PM
 AVERAGE    68

..........................................................


THE DETROIT MI CLIMATE NORMALS FOR TODAY
                         NORMAL    RECORD    YEAR
 MAXIMUM TEMPERATURE (F)   32        60      1989
 MINIMUM TEMPERATURE (F)   19        -7      1920


SUNRISE AND SUNSET
JANUARY 31 2016.......SUNRISE   748 AM EST   SUNSET   546 PM EST
FEBRUARY  1 2016......SUNRISE   747 AM EST   SUNSET   547 PM EST


-  INDICATES NEGATIVE NUMBERS.
R  INDICATES RECORD WAS SET OR TIED.
MM INDICATES DATA IS MISSING.
T  INDICATES TRACE AMOUNT.




$$
