653
CDUS43 KDTX 202026
CLIDTW


CLIMATE REPORT
NATIONAL WEATHER SERVICE DETROIT/PONTIAC MI
426 PM EDT TUE JUN 20 2017


...................................

...THE DETROIT MI CLIMATE SUMMARY FOR JUNE 20 2017...
VALID TODAY AS OF 0400 PM LOCAL TIME.

CLIMATE NORMAL PERIOD 1981 TO 2010
CLIMATE RECORD PERIOD 1874 TO 2017


WEATHER ITEM   OBSERVED TIME   RECORD YEAR NORMAL DEPARTURE LAST
                VALUE   (LST)  VALUE       VALUE  FROM      YEAR
                                                  NORMAL
..................................................................
TEMPERATURE (F)
 TODAY
  MAXIMUM         80    241 PM  97    1953  81     -1       93
  MINIMUM         57    538 AM  43    1970  61     -4       71
                                      1914
  AVERAGE         69                        71     -2       82

PRECIPITATION (IN)
  TODAY            0.00          1.96 1972   0.11  -0.11      T
  MONTH TO DATE    0.44                      2.41  -1.97     1.30
  SINCE JUN 1      0.44                      2.41  -1.97     1.30
  SINCE JAN 1     17.37                     14.95   2.42    14.03

SNOWFALL (IN)
  TODAY            0.0           0.0    MM   0.0    0.0      0.0
  MONTH TO DATE    0.0                       0.0    0.0      0.0
  SINCE JUN 1      0.0                       0.0    0.0      0.0
  SINCE JUL 1     37.9                      42.5   -4.6     35.3
  SNOW DEPTH       0

DEGREE DAYS
 HEATING
  TODAY            0                         1     -1        0
  MONTH TO DATE    9                        32    -23       14
  SINCE JUN 1      9                        32    -23       14
  SINCE JUL 1   5155                      6134   -979     5195

 COOLING
  TODAY            4                         7     -3       17
  MONTH TO DATE  148                        92     56      126
  SINCE JUN 1    148                        92     56      126
  SINCE JAN 1    194                       140     54      204
..................................................................


WIND (MPH)
  HIGHEST WIND SPEED    21   HIGHEST WIND DIRECTION     W (250)
  HIGHEST GUST SPEED    28   HIGHEST GUST DIRECTION     W (270)
  AVERAGE WIND SPEED    12.2


SKY COVER
  POSSIBLE SUNSHINE  MM
  AVERAGE SKY COVER 0.5


WEATHER CONDITIONS
 THE FOLLOWING WEATHER WAS RECORDED TODAY.
  NO SIGNIFICANT WEATHER WAS OBSERVED.


RELATIVE HUMIDITY (PERCENT)
 HIGHEST    93           300 AM
 LOWEST     37           200 PM
 AVERAGE    65

..........................................................


THE DETROIT MI CLIMATE NORMALS FOR TOMORROW
                         NORMAL    RECORD    YEAR
 MAXIMUM TEMPERATURE (F)   81        96      1933
 MINIMUM TEMPERATURE (F)   61        42      1992


SUNRISE AND SUNSET
JUNE 20 2017..........SUNRISE   557 AM EDT   SUNSET   913 PM EDT
JUNE 21 2017..........SUNRISE   557 AM EDT   SUNSET   913 PM EDT


-  INDICATES NEGATIVE NUMBERS.
R  INDICATES RECORD WAS SET OR TIED.
MM INDICATES DATA IS MISSING.
T  INDICATES TRACE AMOUNT.




$$
