000
CDUS43 KFSD 200625
CLIFSD


CLIMATE REPORT
NATIONAL WEATHER SERVICE SIOUX FALLS SD
123 AM CDT WED MAY 20 2015


...................................

...THE SIOUX FALLS SD CLIMATE SUMMARY FOR MAY 19 2015...

CLIMATE NORMAL PERIOD 1981 TO 2010
CLIMATE RECORD PERIOD 1893 TO 2015


WEATHER ITEM   OBSERVED TIME   RECORD YEAR NORMAL DEPARTURE LAST
                VALUE   (LST)  VALUE       VALUE  FROM      YEAR
                                                  NORMAL
..................................................................
TEMPERATURE (F)
 YESTERDAY
  MAXIMUM         54    446 PM  97    1934  71    -17       74
  MINIMUM         37    715 AM  27    1894  47    -10       53
  AVERAGE         46                        59    -13       64

PRECIPITATION (IN)
  YESTERDAY        0.00          0.93 1990   0.11  -0.11      T
  MONTH TO DATE    2.92                      2.02   0.90     1.02
  SINCE MAR 1      4.25                      6.79  -2.54     2.90
  SINCE JAN 1      5.47                      7.95  -2.48     3.89

SNOWFALL (IN)
  YESTERDAY        0.0          MM      MM   0.0    0.0      0.0
  MONTH TO DATE    T                         0.4   -0.4      0.0
  SINCE MAR 1      1.7                      13.4  -11.7     11.1
  SINCE JUL 1     31.9                      44.9  -13.0     45.3
  SNOW DEPTH       0

DEGREE DAYS
 HEATING
  YESTERDAY       19                         7     12        1
  MONTH TO DATE  166                       182    -16      258
  SINCE MAR 1   1417                      1739   -322     1929
  SINCE JUL 1   7166                      7589   -423     8276

 COOLING
  YESTERDAY        0                         1     -1        0
  MONTH TO DATE    9                        15     -6        0
  SINCE MAR 1     13                        20     -7        0
  SINCE JAN 1     13                        20     -7        0
..................................................................


WIND (MPH)
  HIGHEST WIND SPEED    20   HIGHEST WIND DIRECTION     N (360)
  HIGHEST GUST SPEED    25   HIGHEST GUST DIRECTION     N (350)
  AVERAGE WIND SPEED     9.4


SKY COVER
  POSSIBLE SUNSHINE  MM
  AVERAGE SKY COVER 0.9


WEATHER CONDITIONS
 THE FOLLOWING WEATHER WAS RECORDED YESTERDAY.
  NO SIGNIFICANT WEATHER WAS OBSERVED.


RELATIVE HUMIDITY (PERCENT)
 HIGHEST    79          1200 AM
 LOWEST     46           500 PM
 AVERAGE    63

..........................................................


THE SIOUX FALLS SD CLIMATE NORMALS FOR TODAY
                         NORMAL    RECORD    YEAR
 MAXIMUM TEMPERATURE (F)   71        95      1934
 MINIMUM TEMPERATURE (F)   48        27      1967
                                             1895


SUNRISE AND SUNSET
MAY 20 2015...........SUNRISE   557 AM CDT   SUNSET   850 PM CDT
MAY 21 2015...........SUNRISE   556 AM CDT   SUNSET   851 PM CDT


-  INDICATES NEGATIVE NUMBERS.
R  INDICATES RECORD WAS SET OR TIED.
MM INDICATES DATA IS MISSING.
T  INDICATES TRACE AMOUNT.




$$
