000
CDUS43 KFSD 192227
CLIFSD


CLIMATE REPORT
NATIONAL WEATHER SERVICE SIOUX FALLS SD
426 PM CST SUN NOV 19 2017


...................................

...THE SIOUX FALLS SD CLIMATE SUMMARY FOR NOVEMBER 19 2017...
VALID TODAY AS OF 0400 PM LOCAL TIME.

CLIMATE NORMAL PERIOD 1981 TO 2010
CLIMATE RECORD PERIOD 1893 TO 2017


WEATHER ITEM   OBSERVED TIME   RECORD YEAR NORMAL DEPARTURE LAST
                VALUE   (LST)  VALUE       VALUE  FROM      YEAR
                                                  NORMAL
..................................................................
TEMPERATURE (F)
 TODAY
  MAXIMUM         52    314 PM  68    1908  40     12       27
  MINIMUM         20    335 AM  -6    1914  21     -1       15
  AVERAGE         36                        30      6       21

PRECIPITATION (IN)
  TODAY            0.00          1.42 1983   0.05  -0.05     0.00
  MONTH TO DATE    0.03                      0.89  -0.86     0.42
  SINCE SEP 1      6.93                      5.83   1.10    11.06
  SINCE JAN 1     24.52                     25.22  -0.70    28.92

SNOWFALL (IN)
  TODAY            0.0           6.5  1948   0.3   -0.3      0.0
  MONTH TO DATE    0.2                       4.0   -3.8      5.0
  SINCE SEP 1      0.2                       5.3   -5.1      5.0
  SINCE JUL 1      0.2                       5.3   -5.1      5.0
  SNOW DEPTH       0

DEGREE DAYS
 HEATING
  TODAY           29                        34     -5       44
  MONTH TO DATE  572                       554     18      338
  SINCE SEP 1   1109                      1263   -154      791
  SINCE JUL 1   1115                      1294   -179      799

 COOLING
  TODAY            0                         0      0        0
  MONTH TO DATE    0                         0      0        0
  SINCE SEP 1    102                        65     37       99
  SINCE JAN 1    776                       690     86      879
..................................................................


WIND (MPH)
  HIGHEST WIND SPEED    15   HIGHEST WIND DIRECTION    SW (210)
  HIGHEST GUST SPEED    22   HIGHEST GUST DIRECTION    SE (120)
  AVERAGE WIND SPEED     6.8


SKY COVER
  POSSIBLE SUNSHINE  MM
  AVERAGE SKY COVER 0.3


WEATHER CONDITIONS
 THE FOLLOWING WEATHER WAS RECORDED TODAY.
  NO SIGNIFICANT WEATHER WAS OBSERVED.


RELATIVE HUMIDITY (PERCENT)
 HIGHEST    84           500 AM
 LOWEST     35           200 PM
 AVERAGE    60

..........................................................


THE SIOUX FALLS SD CLIMATE NORMALS FOR TOMORROW
                         NORMAL    RECORD    YEAR
 MAXIMUM TEMPERATURE (F)   40        74      1962
 MINIMUM TEMPERATURE (F)   20        -6      1937
                                             1914


SUNRISE AND SUNSET
NOVEMBER 19 2017......SUNRISE   726 AM CST   SUNSET   458 PM CST
NOVEMBER 20 2017......SUNRISE   727 AM CST   SUNSET   457 PM CST


-  INDICATES NEGATIVE NUMBERS.
R  INDICATES RECORD WAS SET OR TIED.
MM INDICATES DATA IS MISSING.
T  INDICATES TRACE AMOUNT.




$$
