000
CDUS43 KFSD 200650
CLIFSD


CLIMATE REPORT
NATIONAL WEATHER SERVICE SIOUX FALLS SD
147 AM CDT SAT AUG 20 2016


...................................

...THE SIOUX FALLS SD CLIMATE SUMMARY FOR AUGUST 19 2016...

CLIMATE NORMAL PERIOD 1981 TO 2010
CLIMATE RECORD PERIOD 1893 TO 2016


WEATHER ITEM   OBSERVED TIME   RECORD YEAR NORMAL DEPARTURE LAST
                VALUE   (LST)  VALUE       VALUE  FROM      YEAR
                                                  NORMAL
..................................................................
TEMPERATURE (F)
 YESTERDAY
  MAXIMUM         72    456 PM  98    1955  82    -10       71
  MINIMUM         63   1159 PM  39    2004  59      4       51
  AVERAGE         68                        71     -3       61

PRECIPITATION (IN)
  YESTERDAY        0.07          1.24 1989   0.09  -0.02     0.20
  MONTH TO DATE    1.56                      1.90  -0.34     3.91
  SINCE JUN 1      5.60                      8.91  -3.31    12.39
  SINCE JAN 1     17.10                     18.24  -1.14    18.94

SNOWFALL (IN)
  YESTERDAY        0.0           0.0    MM   0.0    0.0      0.0
  MONTH TO DATE    0.0                       0.0    0.0      0.0
  SINCE JUN 1      0.0                       0.0    0.0      0.0
  SINCE JUL 1      0.0                       0.0    0.0      0.0
  SNOW DEPTH       0

DEGREE DAYS
 HEATING
  YESTERDAY        0                         1     -1        4
  MONTH TO DATE    0                         6     -6       10
  SINCE JUN 1     14                        65    -51       25
  SINCE JUL 1      5                        14     -9       16

 COOLING
  YESTERDAY        3                         6     -3        0
  MONTH TO DATE  176                       136     40      148
  SINCE JUN 1    687                       527    160      523
  SINCE JAN 1    720                       563    157      545
..................................................................


WIND (MPH)
  HIGHEST WIND SPEED    18   HIGHEST WIND DIRECTION     N (20)
  HIGHEST GUST SPEED    24   HIGHEST GUST DIRECTION     N (10)
  AVERAGE WIND SPEED     9.5


SKY COVER
  POSSIBLE SUNSHINE  MM
  AVERAGE SKY COVER 0.9


WEATHER CONDITIONS
 THE FOLLOWING WEATHER WAS RECORDED YESTERDAY.
  THUNDERSTORM
  LIGHT RAIN


RELATIVE HUMIDITY (PERCENT)
 HIGHEST   100           100 AM
 LOWEST     68           500 PM
 AVERAGE    84

..........................................................


THE SIOUX FALLS SD CLIMATE NORMALS FOR TODAY
                         NORMAL    RECORD    YEAR
 MAXIMUM TEMPERATURE (F)   81        99      1955
 MINIMUM TEMPERATURE (F)   59        34      1950


SUNRISE AND SUNSET
AUGUST 20 2016........SUNRISE   638 AM CDT   SUNSET   822 PM CDT
AUGUST 21 2016........SUNRISE   639 AM CDT   SUNSET   820 PM CDT


-  INDICATES NEGATIVE NUMBERS.
R  INDICATES RECORD WAS SET OR TIED.
MM INDICATES DATA IS MISSING.
T  INDICATES TRACE AMOUNT.




$$
