000
CDUS43 KFSD 240633
CLISUX


CLIMATE REPORT
NATIONAL WEATHER SERVICE SIOUX FALLS SD
132 AM CDT SUN JUL 24 2016


...................................

...THE SIOUX CITY IA CLIMATE SUMMARY FOR JULY 23 2016...

CLIMATE NORMAL PERIOD 1981 TO 2010
CLIMATE RECORD PERIOD 1889 TO 2016


WEATHER ITEM   OBSERVED TIME   RECORD YEAR NORMAL DEPARTURE LAST
                VALUE   (LST)  VALUE       VALUE  FROM      YEAR
                                                  NORMAL
..................................................................
TEMPERATURE (F)
 YESTERDAY
  MAXIMUM         94    242 PM 105    1934  85      9       87
  MINIMUM         79   1159 PM  49    1904  63     16       61
  AVERAGE         87                        74     13       74

PRECIPITATION (IN)
  YESTERDAY        0.03          1.52 1896   0.11  -0.08     0.00
  MONTH TO DATE    2.19                      2.59  -0.40     2.76
  SINCE JUN 1      3.57                      6.48  -2.91     6.95
  SINCE JAN 1     19.30                     16.46   2.84    14.85

SNOWFALL (IN)
  YESTERDAY        0.0           0.0    MM   0.0    0.0      0.0
  MONTH TO DATE    0.0                       0.0    0.0      0.0
  SINCE JUN 1      0.0                       0.0    0.0      0.0
  SINCE JUL 1      0.0                       0.0    0.0      0.0
  SNOW DEPTH       0

DEGREE DAYS
 HEATING
  YESTERDAY        0                         0      0        0
  MONTH TO DATE    0                         0      0        3
  SINCE JUN 1      0                        27    -27        5
  SINCE JUL 1      0                         0      0        3

 COOLING
  YESTERDAY       22                        10     12        9
  MONTH TO DATE  264                       224     40      194
  SINCE JUN 1    597                       412    185      403
  SINCE JAN 1    649                       476    173      432
..................................................................


WIND (MPH)
  HIGHEST WIND SPEED    16   HIGHEST WIND DIRECTION     S (190)
  HIGHEST GUST SPEED    20   HIGHEST GUST DIRECTION     S (170)
  AVERAGE WIND SPEED     8.6


SKY COVER
  POSSIBLE SUNSHINE  MM
  AVERAGE SKY COVER 0.2


WEATHER CONDITIONS
 THE FOLLOWING WEATHER WAS RECORDED YESTERDAY.
  LIGHT RAIN


RELATIVE HUMIDITY (PERCENT)
 HIGHEST    94           200 AM
 LOWEST     56           200 PM
 AVERAGE    75

..........................................................


THE SIOUX CITY IA CLIMATE NORMALS FOR TODAY
                         NORMAL    RECORD    YEAR
 MAXIMUM TEMPERATURE (F)   85       108      1940
 MINIMUM TEMPERATURE (F)   63        48      1905


SUNRISE AND SUNSET
JULY 24 2016..........SUNRISE   611 AM CDT   SUNSET   853 PM CDT
JULY 25 2016..........SUNRISE   612 AM CDT   SUNSET   852 PM CDT


-  INDICATES NEGATIVE NUMBERS.
R  INDICATES RECORD WAS SET OR TIED.
MM INDICATES DATA IS MISSING.
T  INDICATES TRACE AMOUNT.




$$
