000
CDUS43 KFSD 210641
CLISUX


CLIMATE REPORT
NATIONAL WEATHER SERVICE SIOUX FALLS SD
1239 AM CST TUE FEB 21 2017


...................................

...THE SIOUX CITY IA CLIMATE SUMMARY FOR FEBRUARY 20 2017...

CLIMATE NORMAL PERIOD 1981 TO 2010
CLIMATE RECORD PERIOD 1889 TO 2017


WEATHER ITEM   OBSERVED TIME   RECORD YEAR NORMAL DEPARTURE LAST
                VALUE   (LST)  VALUE       VALUE  FROM      YEAR
                                                  NORMAL
..................................................................
TEMPERATURE (F)
 YESTERDAY
  MAXIMUM         62    159 PM  65    1981  36     26       48
  MINIMUM         39   1156 PM -14    1918  17     22       30
  AVERAGE         51                        27     24       39

PRECIPITATION (IN)
  YESTERDAY        T             1.28 1993   0.03  -0.03     0.00
  MONTH TO DATE    0.17                      0.43  -0.26     0.97
  SINCE DEC 1      2.32                      1.85   0.47     4.56
  SINCE JAN 1      0.84                      1.05  -0.21     1.70

SNOWFALL (IN)
  YESTERDAY        0.0          14.3  1993   0.3   -0.3      0.0
  MONTH TO DATE    2.9                       4.8   -1.9     13.5
  SINCE DEC 1     14.6                      19.3   -4.7     30.2
  SINCE JUL 1     15.6                      24.7   -9.1     42.7
  SNOW DEPTH       0

DEGREE DAYS
 HEATING
  YESTERDAY       14                        38    -24       26
  MONTH TO DATE  594                       823   -229      748
  SINCE DEC 1   3058                      3523   -465     3115
  SINCE JUL 1   4002                      4999   -997     4221

 COOLING
  YESTERDAY        0                         0      0        0
  MONTH TO DATE    0                         0      0        0
  SINCE DEC 1      0                         0      0        0
  SINCE JAN 1      0                         0      0        0
..................................................................


WIND (MPH)
  HIGHEST WIND SPEED    23   HIGHEST WIND DIRECTION    NW (300)
  HIGHEST GUST SPEED    30   HIGHEST GUST DIRECTION    NW (300)
  AVERAGE WIND SPEED     9.8


SKY COVER
  POSSIBLE SUNSHINE  MM
  AVERAGE SKY COVER 0.4


WEATHER CONDITIONS
 THE FOLLOWING WEATHER WAS RECORDED YESTERDAY.
  LIGHT RAIN
  FOG


RELATIVE HUMIDITY (PERCENT)
 HIGHEST    93           200 AM
 LOWEST     61           400 PM
 AVERAGE    77

..........................................................


THE SIOUX CITY IA CLIMATE NORMALS FOR TODAY
                         NORMAL    RECORD    YEAR
 MAXIMUM TEMPERATURE (F)   37        64      1943
 MINIMUM TEMPERATURE (F)   17       -15      1918


SUNRISE AND SUNSET
FEBRUARY 21 2017......SUNRISE   713 AM CST   SUNSET   606 PM CST
FEBRUARY 22 2017......SUNRISE   711 AM CST   SUNSET   607 PM CST


-  INDICATES NEGATIVE NUMBERS.
R  INDICATES RECORD WAS SET OR TIED.
MM INDICATES DATA IS MISSING.
T  INDICATES TRACE AMOUNT.




$$
