000
CDUS43 KFSD 260646
CLISUX


CLIMATE REPORT
NATIONAL WEATHER SERVICE SIOUX FALLS SD
146 AM CDT SUN MAR 26 2017


...................................

...THE SIOUX CITY IA CLIMATE SUMMARY FOR MARCH 25 2017...

CLIMATE NORMAL PERIOD 1981 TO 2010
CLIMATE RECORD PERIOD 1889 TO 2017


WEATHER ITEM   OBSERVED TIME   RECORD YEAR NORMAL DEPARTURE LAST
                VALUE   (LST)  VALUE       VALUE  FROM      YEAR
                                                  NORMAL
..................................................................
TEMPERATURE (F)
 YESTERDAY
  MAXIMUM         41    610 PM  80    1925  52    -11       50
  MINIMUM         38    819 AM   0    1894  29      9       15
  AVERAGE         40                        40      0       33

PRECIPITATION (IN)
  YESTERDAY        T             1.36 1942   0.08  -0.08      T
  MONTH TO DATE    1.07                      1.48  -0.41     2.23
  SINCE MAR 1      1.07                      1.48  -0.41     2.23
  SINCE JAN 1      2.66                      2.77  -0.11     4.07

SNOWFALL (IN)
  YESTERDAY        0.0           2.0  1983   0.1   -0.1      0.0
  MONTH TO DATE    3.1                       5.5   -2.4     14.5
  SINCE MAR 1      3.1                       5.5   -2.4     14.5
  SINCE JUL 1     28.6                      32.0   -3.4     57.6
  SNOW DEPTH       0

DEGREE DAYS
 HEATING
  YESTERDAY       25                        25      0       32
  MONTH TO DATE  647                       746    -99      514
  SINCE MAR 1    647                       746    -99      514
  SINCE JUL 1   4884                      6040  -1156     4973

 COOLING
  YESTERDAY        0                         0      0        0
  MONTH TO DATE    0                         0      0        0
  SINCE MAR 1      0                         0      0        0
  SINCE JAN 1      0                         0      0        0
..................................................................


WIND (MPH)
  HIGHEST WIND SPEED    20   HIGHEST WIND DIRECTION     N (20)
  HIGHEST GUST SPEED    26   HIGHEST GUST DIRECTION     N (20)
  AVERAGE WIND SPEED    11.2


SKY COVER
  POSSIBLE SUNSHINE  MM
  AVERAGE SKY COVER 1.0


WEATHER CONDITIONS
 THE FOLLOWING WEATHER WAS RECORDED YESTERDAY.
  FOG


RELATIVE HUMIDITY (PERCENT)
 HIGHEST   100           100 AM
 LOWEST     86           300 PM
 AVERAGE    93

..........................................................


THE SIOUX CITY IA CLIMATE NORMALS FOR TODAY
                         NORMAL    RECORD    YEAR
 MAXIMUM TEMPERATURE (F)   53        84      2007
 MINIMUM TEMPERATURE (F)   29        -2      1965


SUNRISE AND SUNSET
MARCH 26 2017.........SUNRISE   718 AM CDT   SUNSET   745 PM CDT
MARCH 27 2017.........SUNRISE   716 AM CDT   SUNSET   746 PM CDT


-  INDICATES NEGATIVE NUMBERS.
R  INDICATES RECORD WAS SET OR TIED.
MM INDICATES DATA IS MISSING.
T  INDICATES TRACE AMOUNT.




$$
