961
CDUS43 KFSD 260643
CLISUX


CLIMATE REPORT
NATIONAL WEATHER SERVICE SIOUX FALLS SD
143 AM CDT TUE APR 26 2016


...................................

...THE SIOUX CITY IA CLIMATE SUMMARY FOR APRIL 25 2016...

CLIMATE NORMAL PERIOD 1981 TO 2010
CLIMATE RECORD PERIOD 1889 TO 2016


WEATHER ITEM   OBSERVED TIME   RECORD YEAR NORMAL DEPARTURE LAST
                VALUE   (LST)  VALUE       VALUE  FROM      YEAR
                                                  NORMAL
..................................................................
TEMPERATURE (F)
 YESTERDAY
  MAXIMUM         66    328 PM  93    1981  66      0       61
  MINIMUM         47   1159 PM  25    2013  41      6       46
  AVERAGE         57                        54      3       54

PRECIPITATION (IN)
  YESTERDAY        0.00          2.09 1998   0.10  -0.10     0.02
  MONTH TO DATE    2.81                      2.42   0.39     2.53
  SINCE MAR 1      5.87                      4.42   1.45     3.41
  SINCE JAN 1      7.71                      5.71   2.00     4.37

SNOWFALL (IN)
  YESTERDAY        0.0           3.1  1937   0.0    0.0      0.0
  MONTH TO DATE    0.0                       1.7   -1.7      0.0
  SINCE MAR 1     14.5                       8.2    6.3       T
  SINCE JUL 1     57.6                      34.7   22.9     21.5
  SNOW DEPTH       0

DEGREE DAYS
 HEATING
  YESTERDAY        8                        12     -4       11
  MONTH TO DATE  314                       420   -106      319
  SINCE MAR 1    947                      1304   -357     1026
  SINCE JUL 1   5406                      6598  -1192     6192

 COOLING
  YESTERDAY        0                         1     -1        0
  MONTH TO DATE    0                         5     -5        1
  SINCE MAR 1      0                         5     -5        1
  SINCE JAN 1      0                         5     -5        1
..................................................................


WIND (MPH)
  HIGHEST WIND SPEED    18   HIGHEST WIND DIRECTION     W (260)
  HIGHEST GUST SPEED    22   HIGHEST GUST DIRECTION    NW (320)
  AVERAGE WIND SPEED    10.9


SKY COVER
  POSSIBLE SUNSHINE  MM
  AVERAGE SKY COVER 0.5


WEATHER CONDITIONS
 THE FOLLOWING WEATHER WAS RECORDED YESTERDAY.
  NO SIGNIFICANT WEATHER WAS OBSERVED.


RELATIVE HUMIDITY (PERCENT)
 HIGHEST    86          1200 AM
 LOWEST     56           600 PM
 AVERAGE    71

..........................................................


THE SIOUX CITY IA CLIMATE NORMALS FOR TODAY
                         NORMAL    RECORD    YEAR
 MAXIMUM TEMPERATURE (F)   67        91      1987
 MINIMUM TEMPERATURE (F)   41        25      1950


SUNRISE AND SUNSET
APRIL 26 2016.........SUNRISE   627 AM CDT   SUNSET   820 PM CDT
APRIL 27 2016.........SUNRISE   625 AM CDT   SUNSET   821 PM CDT


-  INDICATES NEGATIVE NUMBERS.
R  INDICATES RECORD WAS SET OR TIED.
MM INDICATES DATA IS MISSING.
T  INDICATES TRACE AMOUNT.




$$
