000
CDUS43 KFSD 100616
CLISUX


CLIMATE REPORT
NATIONAL WEATHER SERVICE SIOUX FALLS SD
1215 AM CST WED JAN 10 2018


...................................

...THE SIOUX CITY IA CLIMATE SUMMARY FOR JANUARY 9 2018...

CLIMATE NORMAL PERIOD 1981 TO 2010
CLIMATE RECORD PERIOD 1889 TO 2018


WEATHER ITEM   OBSERVED TIME   RECORD YEAR NORMAL DEPARTURE LAST
                VALUE   (LST)  VALUE       VALUE  FROM      YEAR
                                                  NORMAL
..................................................................
TEMPERATURE (F)
 YESTERDAY
  MAXIMUM         46        MM  55    2002  30     16       33
                                      1958
                                      1917
  MINIMUM         30        MM -20    1999  10     20       11
                                      1974
  AVERAGE         38                        20     18       22

PRECIPITATION (IN)
  YESTERDAY        0.00          0.47 2011   0.02  -0.02     0.00
  MONTH TO DATE    T                         0.18  -0.18     0.05
  SINCE DEC 1      0.39                      0.98  -0.59     1.53
  SINCE JAN 1      T                         0.18  -0.18     0.05

SNOWFALL (IN)
  YESTERDAY        0.0           4.6  2011   0.2   -0.2      0.0
  MONTH TO DATE    T                         1.9   -1.9      0.2
  SINCE DEC 1      7.3                       9.7   -2.4      4.7
  SINCE JUL 1      7.3                      15.1   -7.8      5.7
  SNOW DEPTH       1

DEGREE DAYS
 HEATING
  YESTERDAY       27                        45    -18       43
  MONTH TO DATE  470                       405     65      439
  SINCE DEC 1   1748                      1721     27     1679
  SINCE JUL 1   3067                      3197   -130     2623

 COOLING
  YESTERDAY        0                         0      0        0
  MONTH TO DATE    0                         0      0        0
  SINCE DEC 1      0                         0      0        0
  SINCE JAN 1      0                         0      0        0
..................................................................


WIND (MPH)
  HIGHEST WIND SPEED    17   HIGHEST WIND DIRECTION     S (160)
  HIGHEST GUST SPEED    MM   HIGHEST GUST DIRECTION    MM
  AVERAGE WIND SPEED    11.1


SKY COVER
  POSSIBLE SUNSHINE  MM
  AVERAGE SKY COVER 0.0


WEATHER CONDITIONS
 THE FOLLOWING WEATHER WAS RECORDED YESTERDAY.
  NO SIGNIFICANT WEATHER WAS OBSERVED.


RELATIVE HUMIDITY (PERCENT)
 HIGHEST    92           300 AM
 LOWEST     58           300 PM
 AVERAGE    75

..........................................................


THE SIOUX CITY IA CLIMATE NORMALS FOR TODAY
                         NORMAL    RECORD    YEAR
 MAXIMUM TEMPERATURE (F)   30        64      1990
 MINIMUM TEMPERATURE (F)   10       -22      1982


SUNRISE AND SUNSET
JANUARY 10 2018.......SUNRISE   754 AM CST   SUNSET   513 PM CST
JANUARY 11 2018.......SUNRISE   754 AM CST   SUNSET   514 PM CST


-  INDICATES NEGATIVE NUMBERS.
R  INDICATES RECORD WAS SET OR TIED.
MM INDICATES DATA IS MISSING.
T  INDICATES TRACE AMOUNT.




$$
