560
CDUS43 KFSD 160657
CLISUX


CLIMATE REPORT
NATIONAL WEATHER SERVICE SIOUX FALLS SD
157 AM CDT SAT MAY 16 2015


...................................

...THE SIOUX CITY IA CLIMATE SUMMARY FOR MAY 15 2015...

CLIMATE NORMAL PERIOD 1981 TO 2010
CLIMATE RECORD PERIOD 1889 TO 2015


WEATHER ITEM   OBSERVED TIME   RECORD YEAR NORMAL DEPARTURE LAST
                VALUE   (LST)  VALUE       VALUE  FROM      YEAR
                                                  NORMAL
..................................................................
TEMPERATURE (F)
 YESTERDAY
  MAXIMUM         71    501 PM 101    2001  73     -2       53
  MINIMUM         57    522 AM  32    2014  48      9       32
                                      1983
                                      1942
  AVERAGE         64                        61      3       43

PRECIPITATION (IN)
  YESTERDAY        T             1.87 1992   0.12  -0.12     0.00
  MONTH TO DATE    2.15                      1.75   0.40     0.58
  SINCE MAR 1      5.56                      6.70  -1.14     3.03
  SINCE JAN 1      6.52                      7.99  -1.47     3.80

SNOWFALL (IN)
  YESTERDAY        0.0           0.3  1907   0.0    0.0      0.0
  MONTH TO DATE    0.0                       0.2   -0.2      0.0
  SINCE MAR 1      T                         8.5   -8.5     10.0
  SINCE JUL 1     21.5                      35.0  -13.5     23.8
  SNOW DEPTH       0

DEGREE DAYS
 HEATING
  YESTERDAY        1                         6     -5       22
  MONTH TO DATE   72                       117    -45      135
  SINCE MAR 1   1147                      1475   -328     1580
  SINCE JUL 1   6313                      6769   -456     7184

 COOLING
  YESTERDAY        0                         2     -2        0
  MONTH TO DATE   11                        16     -5       17
  SINCE MAR 1     12                        27    -15       26
  SINCE JAN 1     12                        27    -15       26
..................................................................


WIND (MPH)
  HIGHEST WIND SPEED    21   HIGHEST WIND DIRECTION     E (90)
  HIGHEST GUST SPEED    25   HIGHEST GUST DIRECTION     E (80)
  AVERAGE WIND SPEED     8.5


SKY COVER
  POSSIBLE SUNSHINE  MM
  AVERAGE SKY COVER 0.5


WEATHER CONDITIONS
 THE FOLLOWING WEATHER WAS RECORDED YESTERDAY.
  LIGHT RAIN
  FOG


RELATIVE HUMIDITY (PERCENT)
 HIGHEST    93           400 AM
 LOWEST     70           500 PM
 AVERAGE    82

..........................................................


THE SIOUX CITY IA CLIMATE NORMALS FOR TODAY
                         NORMAL    RECORD    YEAR
 MAXIMUM TEMPERATURE (F)   73        92      1936
 MINIMUM TEMPERATURE (F)   49        28      2014


SUNRISE AND SUNSET
MAY 16 2015...........SUNRISE   603 AM CDT   SUNSET   841 PM CDT
MAY 17 2015...........SUNRISE   602 AM CDT   SUNSET   842 PM CDT


-  INDICATES NEGATIVE NUMBERS.
R  INDICATES RECORD WAS SET OR TIED.
MM INDICATES DATA IS MISSING.
T  INDICATES TRACE AMOUNT.




$$
