000
CDUS43 KFSD 300625
CLISUX


CLIMATE REPORT
NATIONAL WEATHER SERVICE SIOUX FALLS SD
124 AM CDT SUN AUG 30 2015


...................................

...THE SIOUX CITY IA CLIMATE SUMMARY FOR AUGUST 29 2015...

CLIMATE NORMAL PERIOD 1981 TO 2010
CLIMATE RECORD PERIOD 1889 TO 2015


WEATHER ITEM   OBSERVED TIME   RECORD YEAR NORMAL DEPARTURE LAST
                VALUE   (LST)  VALUE       VALUE  FROM      YEAR
                                                  NORMAL
..................................................................
TEMPERATURE (F)
 YESTERDAY
  MAXIMUM         72        MM 101    2012  82    -10       77
  MINIMUM         61        MM  40    1946  58      3       64
  AVERAGE         67                        70     -3       71

PRECIPITATION (IN)
  YESTERDAY        0.00          3.16 1993   0.11  -0.11     0.20
  MONTH TO DATE    5.94                      3.01   2.93     8.95
  SINCE JUN 1     15.81                     10.34   5.47    29.21
  SINCE JAN 1     23.71                     20.32   3.39    34.46

SNOWFALL (IN)
  YESTERDAY        0.0           0.0    MM   0.0    0.0      0.0
  MONTH TO DATE    0.0                       0.0    0.0      0.0
  SINCE JUN 1      0.0                       0.0    0.0      0.0
  SINCE JUL 1      0.0                       0.0    0.0      0.0
  SNOW DEPTH       0

DEGREE DAYS
 HEATING
  YESTERDAY        0                         1     -1        0
  MONTH TO DATE   20                         7     13        0
  SINCE JUN 1     25                        37    -12       26
  SINCE JUL 1     23                        10     13        6

 COOLING
  YESTERDAY        2                         6     -4        6
  MONTH TO DATE  181                       222    -41      244
  SINCE JUN 1    678                       703    -25      632
  SINCE JAN 1    707                       767    -60      753
..................................................................


WIND (MPH)
  HIGHEST WIND SPEED    12   HIGHEST WIND DIRECTION     N (10)
  HIGHEST GUST SPEED    MM   HIGHEST GUST DIRECTION    MM
  AVERAGE WIND SPEED     5.0


SKY COVER
  POSSIBLE SUNSHINE  MM
  AVERAGE SKY COVER 0.7


WEATHER CONDITIONS
 THE FOLLOWING WEATHER WAS RECORDED YESTERDAY.
  NO SIGNIFICANT WEATHER WAS OBSERVED.


RELATIVE HUMIDITY (PERCENT)
 HIGHEST    84          1200 AM
 LOWEST     73           100 PM
 AVERAGE    79

..........................................................


THE SIOUX CITY IA CLIMATE NORMALS FOR TODAY
                         NORMAL    RECORD    YEAR
 MAXIMUM TEMPERATURE (F)   81       102      2012
 MINIMUM TEMPERATURE (F)   58        38      1915


SUNRISE AND SUNSET
AUGUST 30 2015........SUNRISE   648 AM CDT   SUNSET   803 PM CDT
AUGUST 31 2015........SUNRISE   649 AM CDT   SUNSET   802 PM CDT


-  INDICATES NEGATIVE NUMBERS.
R  INDICATES RECORD WAS SET OR TIED.
MM INDICATES DATA IS MISSING.
T  INDICATES TRACE AMOUNT.




$$
