000
CDUS43 KFSD 300633
CLISUX


CLIMATE REPORT
NATIONAL WEATHER SERVICE SIOUX FALLS SD
1233 AM CST FRI JAN 30 2015


...................................

...THE SIOUX CITY IA CLIMATE SUMMARY FOR JANUARY 29 2015...

CLIMATE NORMAL PERIOD 1981 TO 2010
CLIMATE RECORD PERIOD 1889 TO 2015


WEATHER ITEM   OBSERVED TIME   RECORD YEAR NORMAL DEPARTURE LAST
                VALUE   (LST)  VALUE       VALUE  FROM      YEAR
                                                  NORMAL
..................................................................
TEMPERATURE (F)
 YESTERDAY
  MAXIMUM         37   1213 AM  63    1931  31      6       49
  MINIMUM         23   1159 PM -22    1966  11     12       -5
  AVERAGE         30                        21      9       22

PRECIPITATION (IN)
  YESTERDAY        T             0.99 2001   0.02  -0.02     0.00
  MONTH TO DATE    0.34                      0.58  -0.24     0.18
  SINCE DEC 1      1.74                      1.38   0.36     0.36
  SINCE JAN 1      0.34                      0.58  -0.24     0.18

SNOWFALL (IN)
  YESTERDAY        0.0          11.0  1891   0.2   -0.2      0.0
  MONTH TO DATE    4.5                       6.2   -1.7      1.9
  SINCE DEC 1      8.3                      14.0   -5.7      4.2
  SINCE JUL 1     12.8                      19.4   -6.6      5.1
  SNOW DEPTH       0

DEGREE DAYS
 HEATING
  YESTERDAY       35                        44     -9       43
  MONTH TO DATE 1188                      1298   -110     1354
  SINCE DEC 1   2318                      2614   -296     2804
  SINCE JUL 1   3813                      4090   -277     4228

 COOLING
  YESTERDAY        0                         0      0        0
  MONTH TO DATE    0                         0      0        0
  SINCE DEC 1      0                         0      0        0
  SINCE JAN 1      0                         0      0        0
..................................................................


WIND (MPH)
  HIGHEST WIND SPEED    35   HIGHEST WIND DIRECTION    NW (330)
  HIGHEST GUST SPEED    45   HIGHEST GUST DIRECTION    NW (330)
  AVERAGE WIND SPEED    19.7


SKY COVER
  POSSIBLE SUNSHINE  MM
  AVERAGE SKY COVER 1.0


WEATHER CONDITIONS
 THE FOLLOWING WEATHER WAS RECORDED YESTERDAY.
  NO SIGNIFICANT WEATHER WAS OBSERVED.


RELATIVE HUMIDITY (PERCENT)
 HIGHEST    82           100 AM
 LOWEST     63           600 PM
 AVERAGE    73

..........................................................


THE SIOUX CITY IA CLIMATE NORMALS FOR TODAY
                         NORMAL    RECORD    YEAR
 MAXIMUM TEMPERATURE (F)   32        65      2012
 MINIMUM TEMPERATURE (F)   11       -23      1918


SUNRISE AND SUNSET
JANUARY 30 2015.......SUNRISE   741 AM CST   SUNSET   537 PM CST
JANUARY 31 2015.......SUNRISE   740 AM CST   SUNSET   538 PM CST


-  INDICATES NEGATIVE NUMBERS.
R  INDICATES RECORD WAS SET OR TIED.
MM INDICATES DATA IS MISSING.
T  INDICATES TRACE AMOUNT.




$$
