214
CDUS43 KFSD 130637
CLISUX


CLIMATE REPORT
NATIONAL WEATHER SERVICE SIOUX FALLS SD
1237 AM CST SAT JAN 13 2018


...................................

...THE SIOUX CITY IA CLIMATE SUMMARY FOR JANUARY 12 2018...

CLIMATE NORMAL PERIOD 1981 TO 2010
CLIMATE RECORD PERIOD 1889 TO 2018


WEATHER ITEM   OBSERVED TIME   RECORD YEAR NORMAL DEPARTURE LAST
                VALUE   (LST)  VALUE       VALUE  FROM      YEAR
                                                  NORMAL
..................................................................
TEMPERATURE (F)
 YESTERDAY
  MAXIMUM         10    508 PM  59    1996  30    -20       24
                                      1987
                                      1928
  MINIMUM         -4    702 AM -35    1912  10    -14        9
  AVERAGE          3                        20    -17       17

PRECIPITATION (IN)
  YESTERDAY        0.00          0.50 1890   0.02  -0.02      T
  MONTH TO DATE    T                         0.24  -0.24     0.12
  SINCE DEC 1      0.39                      1.04  -0.65     1.60
  SINCE JAN 1      T                         0.24  -0.24     0.12

SNOWFALL (IN)
  YESTERDAY        0.0           4.9  1890   0.2   -0.2       T
  MONTH TO DATE    T                         2.5   -2.5      1.0
  SINCE DEC 1      7.3                      10.3   -3.0      5.5
  SINCE JUL 1      7.3                      15.7   -8.4      6.5
  SNOW DEPTH       T

DEGREE DAYS
 HEATING
  YESTERDAY       62                        45     17       48
  MONTH TO DATE  612                       540     72      575
  SINCE DEC 1   1890                      1856     34     1815
  SINCE JUL 1   3209                      3332   -123     2759

 COOLING
  YESTERDAY        0                         0      0        0
  MONTH TO DATE    0                         0      0        0
  SINCE DEC 1      0                         0      0        0
  SINCE JAN 1      0                         0      0        0
..................................................................


WIND (MPH)
  HIGHEST WIND SPEED    21   HIGHEST WIND DIRECTION     N (340)
  HIGHEST GUST SPEED    24   HIGHEST GUST DIRECTION    NW (330)
  AVERAGE WIND SPEED    11.2


SKY COVER
  POSSIBLE SUNSHINE  MM
  AVERAGE SKY COVER 0.5


WEATHER CONDITIONS
 THE FOLLOWING WEATHER WAS RECORDED YESTERDAY.
  NO SIGNIFICANT WEATHER WAS OBSERVED.


RELATIVE HUMIDITY (PERCENT)
 HIGHEST    79           300 AM
 LOWEST     55           100 PM
 AVERAGE    67

..........................................................


THE SIOUX CITY IA CLIMATE NORMALS FOR TODAY
                         NORMAL    RECORD    YEAR
 MAXIMUM TEMPERATURE (F)   30        64      1987
 MINIMUM TEMPERATURE (F)   10       -28      1916


SUNRISE AND SUNSET
JANUARY 13 2018.......SUNRISE   753 AM CST   SUNSET   516 PM CST
JANUARY 14 2018.......SUNRISE   753 AM CST   SUNSET   517 PM CST


-  INDICATES NEGATIVE NUMBERS.
R  INDICATES RECORD WAS SET OR TIED.
MM INDICATES DATA IS MISSING.
T  INDICATES TRACE AMOUNT.




$$
