000
CDUS43 KFSD 240658
CLISUX


CLIMATE REPORT
NATIONAL WEATHER SERVICE SIOUX FALLS SD
155 AM CDT WED MAY 24 2017


...................................

...THE SIOUX CITY IA CLIMATE SUMMARY FOR MAY 23 2017...

CLIMATE NORMAL PERIOD 1981 TO 2010
CLIMATE RECORD PERIOD 1889 TO 2017


WEATHER ITEM   OBSERVED TIME   RECORD YEAR NORMAL DEPARTURE LAST
                VALUE   (LST)  VALUE       VALUE  FROM      YEAR
                                                  NORMAL
..................................................................
TEMPERATURE (F)
 YESTERDAY
  MAXIMUM         60    349 PM  94    2010  75    -15       81
                                      1950
  MINIMUM         44    432 AM  37    1969  51     -7       62
                                      1963
                                      1893
  AVERAGE         52                        63    -11       72

PRECIPITATION (IN)
  YESTERDAY        0.21          2.10 1990   0.12   0.09     1.57
  MONTH TO DATE    3.44                      2.73   0.71     3.32
  SINCE MAR 1      7.88                      7.68   0.20    12.19
  SINCE JAN 1      9.47                      8.97   0.50    14.03

SNOWFALL (IN)
  YESTERDAY        0.0           0.0    MM   0.0    0.0      0.0
  MONTH TO DATE    T                         0.2   -0.2      0.0
  SINCE MAR 1      3.1                       8.5   -5.4     14.5
  SINCE JUL 1     28.6                      35.0   -6.4     57.6
  SNOW DEPTH       0

DEGREE DAYS
 HEATING
  YESTERDAY       13                         4      9        0
  MONTH TO DATE  162                       156      6      169
  SINCE MAR 1   1370                      1514   -144     1196
  SINCE JUL 1   5607                      6808  -1201     5655

 COOLING
  YESTERDAY        0                         2     -2        7
  MONTH TO DATE   34                        32      2       11
  SINCE MAR 1     35                        43     -8       11
  SINCE JAN 1     35                        43     -8       11
..................................................................


WIND (MPH)
  HIGHEST WIND SPEED    26   HIGHEST WIND DIRECTION     N (350)
  HIGHEST GUST SPEED    32   HIGHEST GUST DIRECTION     N (350)
  AVERAGE WIND SPEED    11.4


SKY COVER
  POSSIBLE SUNSHINE  MM
  AVERAGE SKY COVER 0.7


WEATHER CONDITIONS
 THE FOLLOWING WEATHER WAS RECORDED YESTERDAY.
  HEAVY RAIN
  LIGHT RAIN
  FOG


RELATIVE HUMIDITY (PERCENT)
 HIGHEST   100          1100 PM
 LOWEST     67           400 PM
 AVERAGE    84

..........................................................


THE SIOUX CITY IA CLIMATE NORMALS FOR TODAY
                         NORMAL    RECORD    YEAR
 MAXIMUM TEMPERATURE (F)   76        98      1939
 MINIMUM TEMPERATURE (F)   52        34      1924


SUNRISE AND SUNSET
MAY 24 2017...........SUNRISE   556 AM CDT   SUNSET   849 PM CDT
MAY 25 2017...........SUNRISE   555 AM CDT   SUNSET   850 PM CDT


-  INDICATES NEGATIVE NUMBERS.
R  INDICATES RECORD WAS SET OR TIED.
MM INDICATES DATA IS MISSING.
T  INDICATES TRACE AMOUNT.




$$
