000
CDUS43 KFSD 060657
CLISUX


CLIMATE REPORT
NATIONAL WEATHER SERVICE SIOUX FALLS SD
1257 AM CST FRI JAN 6 2017


...................................

...THE SIOUX CITY IA CLIMATE SUMMARY FOR JANUARY 5 2017...

CLIMATE NORMAL PERIOD 1981 TO 2010
CLIMATE RECORD PERIOD 1889 TO 2017


WEATHER ITEM   OBSERVED TIME   RECORD YEAR NORMAL DEPARTURE LAST
                VALUE   (LST)  VALUE       VALUE  FROM      YEAR
                                                  NORMAL
..................................................................
TEMPERATURE (F)
 YESTERDAY
  MAXIMUM         11    310 PM  68    2012  30    -19       36
  MINIMUM         -1   1159 PM -25    1924  10    -11       17
  AVERAGE          5                        20    -15       27

PRECIPITATION (IN)
  YESTERDAY        T             0.59 1932   0.02  -0.02     0.00
  MONTH TO DATE    0.05                      0.10  -0.05     0.00
  SINCE DEC 1      1.53                      0.90   0.63     2.86
  SINCE JAN 1      0.05                      0.10  -0.05     0.00

SNOWFALL (IN)
  YESTERDAY        T             7.8  2005   0.2   -0.2      0.0
  MONTH TO DATE    0.2                       1.0   -0.8      0.0
  SINCE DEC 1      4.7                       8.8   -4.1     11.8
  SINCE JUL 1      5.7                      14.2   -8.5     24.3
  SNOW DEPTH       T

DEGREE DAYS
 HEATING
  YESTERDAY       60                        45     15       38
  MONTH TO DATE  237                       225     12      211
  SINCE DEC 1   1477                      1541    -64     1256
  SINCE JUL 1   2421                      3017   -596     2362

 COOLING
  YESTERDAY        0                         0      0        0
  MONTH TO DATE    0                         0      0        0
  SINCE DEC 1      0                         0      0        0
  SINCE JAN 1      0                         0      0        0
..................................................................


WIND (MPH)
  HIGHEST WIND SPEED    21   HIGHEST WIND DIRECTION    NW (330)
  HIGHEST GUST SPEED    27   HIGHEST GUST DIRECTION    NW (330)
  AVERAGE WIND SPEED    11.4


SKY COVER
  POSSIBLE SUNSHINE  MM
  AVERAGE SKY COVER 0.3


WEATHER CONDITIONS
 THE FOLLOWING WEATHER WAS RECORDED YESTERDAY.
  LIGHT SNOW
  HAZE


RELATIVE HUMIDITY (PERCENT)
 HIGHEST    80          1200 AM
 LOWEST     57           100 PM
 AVERAGE    69

..........................................................


THE SIOUX CITY IA CLIMATE NORMALS FOR TODAY
                         NORMAL    RECORD    YEAR
 MAXIMUM TEMPERATURE (F)   30        56      1933
 MINIMUM TEMPERATURE (F)   10       -20      1912


SUNRISE AND SUNSET
JANUARY  6 2017.......SUNRISE   755 AM CST   SUNSET   509 PM CST
JANUARY  7 2017.......SUNRISE   755 AM CST   SUNSET   510 PM CST


-  INDICATES NEGATIVE NUMBERS.
R  INDICATES RECORD WAS SET OR TIED.
MM INDICATES DATA IS MISSING.
T  INDICATES TRACE AMOUNT.




$$
