000
CDUS43 KFSD 110637
CLISUX


CLIMATE REPORT
NATIONAL WEATHER SERVICE SIOUX FALLS SD
137 AM CDT MON SEP 11 2017


...................................

...THE SIOUX CITY IA CLIMATE SUMMARY FOR SEPTEMBER 10 2017...

CLIMATE NORMAL PERIOD 1981 TO 2010
CLIMATE RECORD PERIOD 1889 TO 2017


WEATHER ITEM   OBSERVED TIME   RECORD YEAR NORMAL DEPARTURE LAST
                VALUE   (LST)  VALUE       VALUE  FROM      YEAR
                                                  NORMAL
..................................................................
TEMPERATURE (F)
 YESTERDAY
  MAXIMUM         80    438 PM  98    1931  78      2       75
                                      1895
  MINIMUM         64   1146 PM  36    1995  53     11       52
  AVERAGE         72                        66      6       64

PRECIPITATION (IN)
  YESTERDAY        0.03          2.59 1949   0.10  -0.07     0.00
  MONTH TO DATE    0.11                      1.03  -0.92     0.54
  SINCE SEP 1      0.11                      1.03  -0.92     0.54
  SINCE JAN 1     20.30                     21.57  -1.27    24.89

SNOWFALL (IN)
  YESTERDAY        0.0           0.0    MM   0.0    0.0      0.0
  MONTH TO DATE    0.0                       0.0    0.0      0.0
  SINCE SEP 1      0.0                       0.0    0.0      0.0
  SINCE JUL 1      0.0                       0.0    0.0      0.0
  SNOW DEPTH       0

DEGREE DAYS
 HEATING
  YESTERDAY        0                         3     -3        1
  MONTH TO DATE   20                        19      1        3
  SINCE SEP 1     20                        19      1        3
  SINCE JUL 1     28                        34     -6        3

 COOLING
  YESTERDAY        7                         4      3        0
  MONTH TO DATE   30                        44    -14       52
  SINCE SEP 1     30                        44    -14       52
  SINCE JAN 1    862                       821     41     1074
..................................................................


WIND (MPH)
  HIGHEST WIND SPEED    22   HIGHEST WIND DIRECTION     S (200)
  HIGHEST GUST SPEED    30   HIGHEST GUST DIRECTION     S (200)
  AVERAGE WIND SPEED    11.5


SKY COVER
  POSSIBLE SUNSHINE  MM
  AVERAGE SKY COVER 0.2


WEATHER CONDITIONS
 THE FOLLOWING WEATHER WAS RECORDED YESTERDAY.
  THUNDERSTORM
  LIGHT RAIN


RELATIVE HUMIDITY (PERCENT)
 HIGHEST    87          1100 PM
 LOWEST     51           400 PM
 AVERAGE    69

..........................................................


THE SIOUX CITY IA CLIMATE NORMALS FOR TODAY
                         NORMAL    RECORD    YEAR
 MAXIMUM TEMPERATURE (F)   78        98      2012
 MINIMUM TEMPERATURE (F)   53        35      1894


SUNRISE AND SUNSET
SEPTEMBER 11 2017.....SUNRISE   701 AM CDT   SUNSET   742 PM CDT
SEPTEMBER 12 2017.....SUNRISE   703 AM CDT   SUNSET   740 PM CDT


-  INDICATES NEGATIVE NUMBERS.
R  INDICATES RECORD WAS SET OR TIED.
MM INDICATES DATA IS MISSING.
T  INDICATES TRACE AMOUNT.




$$
