000
CDUS43 KFSD 170630
CLISUX


CLIMATE REPORT
NATIONAL WEATHER SERVICE SIOUX FALLS SD
127 AM CDT SUN APR 17 2016


...................................

...THE SIOUX CITY IA CLIMATE SUMMARY FOR APRIL 16 2016...

CLIMATE NORMAL PERIOD 1981 TO 2010
CLIMATE RECORD PERIOD 1889 TO 2016


WEATHER ITEM   OBSERVED TIME   RECORD YEAR NORMAL DEPARTURE LAST
                VALUE   (LST)  VALUE       VALUE  FROM      YEAR
                                                  NORMAL
..................................................................
TEMPERATURE (F)
 YESTERDAY
  MAXIMUM         75    207 PM  90    2004  63     12       74
  MINIMUM         52   1154 PM  20    1904  37     15       48
  AVERAGE         64                        50     14       61

PRECIPITATION (IN)
  YESTERDAY        0.00          1.24 1938   0.10  -0.10      T
  MONTH TO DATE    0.03                      1.46  -1.43     1.96
  SINCE MAR 1      3.09                      3.46  -0.37     2.84
  SINCE JAN 1      4.93                      4.75   0.18     3.80

SNOWFALL (IN)
  YESTERDAY        0.0           0.7  1999   0.0    0.0      0.0
  MONTH TO DATE    0.0                       1.3   -1.3      0.0
  SINCE MAR 1     14.5                       7.8    6.7       T
  SINCE JUL 1     57.6                      34.3   23.3     21.5
  SNOW DEPTH       0

DEGREE DAYS
 HEATING
  YESTERDAY        1                        15    -14        4
  MONTH TO DATE  242                       297    -55      208
  SINCE MAR 1    875                      1181   -306      915
  SINCE JUL 1   5334                      6475  -1141     6081

 COOLING
  YESTERDAY        0                         0      0        0
  MONTH TO DATE    0                         0      0        1
  SINCE MAR 1      0                         0      0        1
  SINCE JAN 1      0                         0      0        1
..................................................................


WIND (MPH)
  HIGHEST WIND SPEED    24   HIGHEST WIND DIRECTION     S (170)
  HIGHEST GUST SPEED    33   HIGHEST GUST DIRECTION     S (160)
  AVERAGE WIND SPEED    12.9


SKY COVER
  POSSIBLE SUNSHINE  MM
  AVERAGE SKY COVER 0.7


WEATHER CONDITIONS
 THE FOLLOWING WEATHER WAS RECORDED YESTERDAY.
  NO SIGNIFICANT WEATHER WAS OBSERVED.


RELATIVE HUMIDITY (PERCENT)
 HIGHEST    77           100 AM
 LOWEST     46           300 PM
 AVERAGE    62

..........................................................


THE SIOUX CITY IA CLIMATE NORMALS FOR TODAY
                         NORMAL    RECORD    YEAR
 MAXIMUM TEMPERATURE (F)   63        88      1985
 MINIMUM TEMPERATURE (F)   37        20      1997
                                             1907


SUNRISE AND SUNSET
APRIL 17 2016.........SUNRISE   641 AM CDT   SUNSET   810 PM CDT
APRIL 18 2016.........SUNRISE   639 AM CDT   SUNSET   811 PM CDT


-  INDICATES NEGATIVE NUMBERS.
R  INDICATES RECORD WAS SET OR TIED.
MM INDICATES DATA IS MISSING.
T  INDICATES TRACE AMOUNT.




$$
