000
CDUS43 KFSD 170653
CLISUX


CLIMATE REPORT
NATIONAL WEATHER SERVICE SIOUX FALLS SD
153 AM CDT SUN MAY 17 2015


...................................

...THE SIOUX CITY IA CLIMATE SUMMARY FOR MAY 16 2015...

CLIMATE NORMAL PERIOD 1981 TO 2010
CLIMATE RECORD PERIOD 1889 TO 2015


WEATHER ITEM   OBSERVED TIME   RECORD YEAR NORMAL DEPARTURE LAST
                VALUE   (LST)  VALUE       VALUE  FROM      YEAR
                                                  NORMAL
..................................................................
TEMPERATURE (F)
 YESTERDAY
  MAXIMUM         81    303 PM  92    1936  73      8       61
  MINIMUM         62    226 AM  28    2014  49     13       28
  AVERAGE         72                        61     11       45

PRECIPITATION (IN)
  YESTERDAY        0.02          1.34 1992   0.13  -0.11     0.00
  MONTH TO DATE    2.17                      1.88   0.29     0.58
  SINCE MAR 1      5.58                      6.83  -1.25     3.03
  SINCE JAN 1      6.54                      8.12  -1.58     3.80

SNOWFALL (IN)
  YESTERDAY        0.0           0.0    MM   0.0    0.0      0.0
  MONTH TO DATE    0.0                       0.2   -0.2      0.0
  SINCE MAR 1      T                         8.5   -8.5     10.0
  SINCE JUL 1     21.5                      35.0  -13.5     23.8
  SNOW DEPTH       0

DEGREE DAYS
 HEATING
  YESTERDAY        0                         6     -6       20
  MONTH TO DATE   72                       123    -51      155
  SINCE MAR 1   1147                      1481   -334     1600
  SINCE JUL 1   6313                      6775   -462     7204

 COOLING
  YESTERDAY        7                         2      5        0
  MONTH TO DATE   18                        18      0       17
  SINCE MAR 1     19                        29    -10       26
  SINCE JAN 1     19                        29    -10       26
..................................................................


WIND (MPH)
  HIGHEST WIND SPEED    25   HIGHEST WIND DIRECTION     S (160)
  HIGHEST GUST SPEED    33   HIGHEST GUST DIRECTION     S (160)
  AVERAGE WIND SPEED    15.3


SKY COVER
  POSSIBLE SUNSHINE  MM
  AVERAGE SKY COVER 0.5


WEATHER CONDITIONS
 THE FOLLOWING WEATHER WAS RECORDED YESTERDAY.
  LIGHT RAIN


RELATIVE HUMIDITY (PERCENT)
 HIGHEST    93           300 AM
 LOWEST     54           300 PM
 AVERAGE    74

..........................................................


THE SIOUX CITY IA CLIMATE NORMALS FOR TODAY
                         NORMAL    RECORD    YEAR
 MAXIMUM TEMPERATURE (F)   73        97      1996
 MINIMUM TEMPERATURE (F)   49        30      2014


SUNRISE AND SUNSET
MAY 17 2015...........SUNRISE   602 AM CDT   SUNSET   842 PM CDT
MAY 18 2015...........SUNRISE   601 AM CDT   SUNSET   843 PM CDT


-  INDICATES NEGATIVE NUMBERS.
R  INDICATES RECORD WAS SET OR TIED.
MM INDICATES DATA IS MISSING.
T  INDICATES TRACE AMOUNT.




$$
