000
CDUS43 KFSD 180628
CLISUX


CLIMATE REPORT
NATIONAL WEATHER SERVICE SIOUX FALLS SD
126 AM CDT MON APR 18 2016


...................................

...THE SIOUX CITY IA CLIMATE SUMMARY FOR APRIL 17 2016...

CLIMATE NORMAL PERIOD 1981 TO 2010
CLIMATE RECORD PERIOD 1889 TO 2016


WEATHER ITEM   OBSERVED TIME   RECORD YEAR NORMAL DEPARTURE LAST
                VALUE   (LST)  VALUE       VALUE  FROM      YEAR
                                                  NORMAL
..................................................................
TEMPERATURE (F)
 YESTERDAY
  MAXIMUM         77    146 PM  88    1985  63     14       77
  MINIMUM         49    146 AM  20    1997  37     12       48
                                      1907
  AVERAGE         63                        50     13       63

PRECIPITATION (IN)
  YESTERDAY        0.10          1.26 1900   0.10   0.00     0.00
  MONTH TO DATE    0.13                      1.56  -1.43     1.96
  SINCE MAR 1      3.19                      3.56  -0.37     2.84
  SINCE JAN 1      5.03                      4.85   0.18     3.80

SNOWFALL (IN)
  YESTERDAY        0.0           1.1  1910   0.1   -0.1      0.0
  MONTH TO DATE    0.0                       1.4   -1.4      0.0
  SINCE MAR 1     14.5                       7.9    6.6       T
  SINCE JUL 1     57.6                      34.4   23.2     21.5
  SNOW DEPTH       0

DEGREE DAYS
 HEATING
  YESTERDAY        2                        15    -13        2
  MONTH TO DATE  244                       312    -68      210
  SINCE MAR 1    877                      1196   -319      917
  SINCE JUL 1   5336                      6490  -1154     6083

 COOLING
  YESTERDAY        0                         0      0        0
  MONTH TO DATE    0                         0      0        1
  SINCE MAR 1      0                         0      0        1
  SINCE JAN 1      0                         0      0        1
..................................................................


WIND (MPH)
  HIGHEST WIND SPEED    24   HIGHEST WIND DIRECTION     S (170)
  HIGHEST GUST SPEED    30   HIGHEST GUST DIRECTION     S (180)
  AVERAGE WIND SPEED    12.9


SKY COVER
  POSSIBLE SUNSHINE  MM
  AVERAGE SKY COVER 0.7


WEATHER CONDITIONS
 THE FOLLOWING WEATHER WAS RECORDED YESTERDAY.
  LIGHT RAIN
  FOG


RELATIVE HUMIDITY (PERCENT)
 HIGHEST    93          1100 PM
 LOWEST     46           200 PM
 AVERAGE    70

..........................................................


THE SIOUX CITY IA CLIMATE NORMALS FOR TODAY
                         NORMAL    RECORD    YEAR
 MAXIMUM TEMPERATURE (F)   64        92      1994
 MINIMUM TEMPERATURE (F)   38        19      1953


SUNRISE AND SUNSET
APRIL 18 2016.........SUNRISE   639 AM CDT   SUNSET   811 PM CDT
APRIL 19 2016.........SUNRISE   637 AM CDT   SUNSET   812 PM CDT


-  INDICATES NEGATIVE NUMBERS.
R  INDICATES RECORD WAS SET OR TIED.
MM INDICATES DATA IS MISSING.
T  INDICATES TRACE AMOUNT.




$$
