000
CDUS43 KFSD 112242
CLISUX


CLIMATE REPORT
NATIONAL WEATHER SERVICE SIOUX FALLS SD
441 PM CST SUN JAN 11 2015


...................................

...THE SIOUX CITY IA CLIMATE SUMMARY FOR JANUARY 11 2015...
VALID TODAY AS OF 0400 PM LOCAL TIME.

CLIMATE NORMAL PERIOD 1981 TO 2010
CLIMATE RECORD PERIOD 1889 TO 2015


WEATHER ITEM   OBSERVED TIME   RECORD YEAR NORMAL DEPARTURE LAST
                VALUE   (LST)  VALUE       VALUE  FROM      YEAR
                                                  NORMAL
..................................................................
TEMPERATURE (F)
 TODAY
  MAXIMUM         22    349 PM  56    1986  30     -8       42
                                      1941
  MINIMUM          5    357 AM -26    1918  10     -5       18
                                      1912
  AVERAGE         14                        20     -6       30

PRECIPITATION (IN)
  TODAY            0.00          0.48 1916   0.02  -0.02     0.00
  MONTH TO DATE    0.24                      0.22   0.02     0.17
  SINCE DEC 1      1.64                      1.02   0.62     0.35
  SINCE JAN 1      0.24                      0.22   0.02     0.17

SNOWFALL (IN)
  TODAY            0.0           8.0  1905   0.2   -0.2      0.0
  MONTH TO DATE    4.4                       2.3    2.1      1.2
  SINCE DEC 1      8.2                      10.1   -1.9      3.5
  SINCE JUL 1     12.7                      15.5   -2.8      4.4
  SNOW DEPTH       4

DEGREE DAYS
 HEATING
  TODAY           51                        45      6       35
  MONTH TO DATE  599                       495    104      587
  SINCE DEC 1   1729                      1811    -82     2037
  SINCE JUL 1   3224                      3287    -63     3461

 COOLING
  TODAY            0                         0      0        0
  MONTH TO DATE    0                         0      0        0
  SINCE DEC 1      0                         0      0        0
  SINCE JAN 1      0                         0      0        0
..................................................................


WIND (MPH)
  HIGHEST WIND SPEED    14   HIGHEST WIND DIRECTION     N (10)
  HIGHEST GUST SPEED    16   HIGHEST GUST DIRECTION     N (10)
  AVERAGE WIND SPEED     5.7


SKY COVER
  POSSIBLE SUNSHINE  MM
  AVERAGE SKY COVER 0.0


WEATHER CONDITIONS
 THE FOLLOWING WEATHER WAS RECORDED TODAY.
  NO SIGNIFICANT WEATHER WAS OBSERVED.


RELATIVE HUMIDITY (PERCENT)
 HIGHEST    MM
 LOWEST     MM
 AVERAGE    MM

..........................................................


THE SIOUX CITY IA CLIMATE NORMALS FOR TOMORROW
                         NORMAL    RECORD    YEAR
 MAXIMUM TEMPERATURE (F)   30        59      1996
                                             1987
                                             1928
 MINIMUM TEMPERATURE (F)   10       -35      1912


SUNRISE AND SUNSET
JANUARY 11 2015.......SUNRISE   754 AM CST   SUNSET   513 PM CST
JANUARY 12 2015.......SUNRISE   753 AM CST   SUNSET   514 PM CST


-  INDICATES NEGATIVE NUMBERS.
R  INDICATES RECORD WAS SET OR TIED.
MM INDICATES DATA IS MISSING.
T  INDICATES TRACE AMOUNT.




$$
