000
CDUS43 KJKL 120544
CLILOZ

CLIMATE REPORT
NATIONAL WEATHER SERVICE JACKSON KY
128 AM EDT SUN OCT 12 2014

...................................

...THE LONDON KY CLIMATE SUMMARY FOR OCTOBER 11 2014...

CLIMATE NORMAL PERIOD 1981 TO 2010
CLIMATE RECORD PERIOD 1954 TO 2014

WEATHER ITEM   OBSERVED TIME   RECORD YEAR NORMAL DEPARTURE LAST
                VALUE   (LST)  VALUE       VALUE  FROM      YEAR
                                                  NORMAL
..................................................................
TEMPERATURE (F)
 YESTERDAY
  MAXIMUM         67   1214 AM  86    2008  71     -4       78
  MINIMUM         54   1159 PM  26    1964  47      7       47
  AVERAGE         61                        59      2       63

PRECIPITATION (IN)
  YESTERDAY        0.15          0.31 2011   0.09   0.06     0.00
  MONTH TO DATE    4.37                      1.05   3.32     2.11
  SINCE SEP 1      5.76                      4.42   1.34     4.72
  SINCE JAN 1        MM                     37.10     MM    45.76

SNOWFALL (IN)
  YESTERDAY       MM
  MONTH TO DATE   MM
  SINCE SEP 1     MM
  SINCE JUL 1     MM
  SNOW DEPTH      MM

DEGREE DAYS
 HEATING
  YESTERDAY        4                         7     -3        2
  MONTH TO DATE   50                        63    -13       21
  SINCE SEP 1     68                       109    -41       36
  SINCE JUL 1     68                       110    -42       36

 COOLING
  YESTERDAY        0                         1     -1        0
  MONTH TO DATE   11                        13     -2       31
  SINCE SEP 1    184                       156     28      180
  SINCE JAN 1     MM                      1180     MM     1072
..................................................................

WIND (MPH)
  HIGHEST WIND SPEED    16   HIGHEST WIND DIRECTION     N (340)
  HIGHEST GUST SPEED    20   HIGHEST GUST DIRECTION    NW (320)
  AVERAGE WIND SPEED     6.1

SKY COVER
  POSSIBLE SUNSHINE  MM
  AVERAGE SKY COVER 1.0

WEATHER CONDITIONS
 THE FOLLOWING WEATHER WAS RECORDED YESTERDAY.
  LIGHT RAIN
  FOG

RELATIVE HUMIDITY (PERCENT)
 HIGHEST    93           700 AM
 LOWEST     80          1200 PM
 AVERAGE    87
..........................................................

THE LONDON KY CLIMATE NORMALS FOR TODAY
                         NORMAL    RECORD    YEAR
 MAXIMUM TEMPERATURE (F)   71        85      2008
 MINIMUM TEMPERATURE (F)   46        30      1964
                                             1988

SUNRISE AND SUNSET
OCTOBER 12 2014.......SUNRISE   741 AM EDT   SUNSET   704 PM EDT
OCTOBER 13 2014.......SUNRISE   742 AM EDT   SUNSET   702 PM EDT

-  INDICATES NEGATIVE NUMBERS.
R  INDICATES RECORD WAS SET OR TIED.
MM INDICATES DATA IS MISSING.
T  INDICATES TRACE AMOUNT.

$$

SHALLENBERGER
