130
CDUS43 KJKL 120525
CLILOZ

CLIMATE REPORT
NATIONAL WEATHER SERVICE JACKSON KY
1225 AM EST SUN NOV 12 2017

...................................

...THE LONDON KY CLIMATE SUMMARY FOR NOVEMBER 11 2017...

CLIMATE NORMAL PERIOD 1981 TO 2010
CLIMATE RECORD PERIOD 1954 TO 2017

WEATHER ITEM   OBSERVED TIME   RECORD YEAR NORMAL DEPARTURE LAST
                VALUE   (LST)  VALUE       VALUE  FROM      YEAR
                                                  NORMAL
..................................................................
TEMPERATURE (F)
 YESTERDAY
  MAXIMUM         56    450 PM  73    2010  61     -5       62
                                      1989
  MINIMUM         27    730 AM  16    1957  38    -11       32
  AVERAGE         42                        49     -7       47

PRECIPITATION (IN)
  YESTERDAY        0.00          1.05 1986   0.11  -0.11     0.00
  MONTH TO DATE    1.26                      1.24   0.02     0.07
  SINCE SEP 1      8.35                      7.63   0.72     2.15

SNOWFALL (IN)
  YESTERDAY       MM
  MONTH TO DATE   MM
  SINCE SEP 1     MM
  SINCE JUL 1     MM
  SNOW DEPTH      MM

DEGREE DAYS
 HEATING
  YESTERDAY       23                        16      7       18
  MONTH TO DATE  120                       158    -38      113
  SINCE SEP 1    387                       463    -76      249
  SINCE JUL 1    387                       464    -77      249

 COOLING
  YESTERDAY        0                         0      0        0
  MONTH TO DATE    6                         0      6        7
  SINCE SEP 1    172                       164      8      284
  SINCE JAN 1   1141                      1188    -47     1507
..................................................................

WIND (MPH)
  HIGHEST WIND SPEED    10   HIGHEST WIND DIRECTION     S (180)
  HIGHEST GUST SPEED    14   HIGHEST GUST DIRECTION    NE (40)
  AVERAGE WIND SPEED     3.2

SKY COVER
  POSSIBLE SUNSHINE  MM
  AVERAGE SKY COVER 0.0

WEATHER CONDITIONS
 THE FOLLOWING WEATHER WAS RECORDED YESTERDAY.
  NO SIGNIFICANT WEATHER WAS OBSERVED.

RELATIVE HUMIDITY (PERCENT)
 HIGHEST    76           800 PM
 LOWEST     41           200 PM
 AVERAGE    59

..........................................................

THE LONDON KY CLIMATE NORMALS FOR TODAY
                         NORMAL    RECORD    YEAR
 MAXIMUM TEMPERATURE (F)   60        76      1978
 MINIMUM TEMPERATURE (F)   38        20      1976

SUNRISE AND SUNSET
NOVEMBER 12 2017......SUNRISE   712 AM EST   SUNSET   528 PM EST
NOVEMBER 13 2017......SUNRISE   713 AM EST   SUNSET   528 PM EST

-  INDICATES NEGATIVE NUMBERS.
R  INDICATES RECORD WAS SET OR TIED.
MM INDICATES DATA IS MISSING.
T  INDICATES TRACE AMOUNT.

$$
