000
CDUS43 KJKL 100551
CLILOZ

CLIMATE REPORT
NATIONAL WEATHER SERVICE JACKSON KY
1250 AM EST WED DEC 10 2014

...................................

...THE LONDON KY CLIMATE SUMMARY FOR DECEMBER 9 2014...

CLIMATE NORMAL PERIOD 1981 TO 2010
CLIMATE RECORD PERIOD 1954 TO 2014

WEATHER ITEM   OBSERVED TIME   RECORD YEAR NORMAL DEPARTURE LAST
                VALUE   (LST)  VALUE       VALUE  FROM      YEAR
                                                  NORMAL
..................................................................
TEMPERATURE (F)
 YESTERDAY
  MAXIMUM         44    513 AM  68    2007  49     -5       50
  MINIMUM         37   1159 PM  10    1976  31      6       33
  AVERAGE         41                        40      1       42

PRECIPITATION (IN)
  YESTERDAY        T             1.81 1961   0.16  -0.16     0.07
  MONTH TO DATE    1.83                      1.31   0.52     3.48
  SINCE DEC 1      1.83                      1.31   0.52     3.48
  SINCE JAN 1       MM                      44.21    MM     53.46

SNOWFALL (IN)
  YESTERDAY       MM
  MONTH TO DATE   MM
  SINCE DEC 1     MM
  SINCE JUL 1     MM
  SNOW DEPTH      MM

DEGREE DAYS
 HEATING
  YESTERDAY       24                        25     -1       23
  MONTH TO DATE  168                       216    -48      175
  SINCE DEC 1    168                       216    -48      175
  SINCE JUL 1   1112                      1046     66     1042

 COOLING
  YESTERDAY        0                         0      0        0
  MONTH TO DATE    0                         0      0        0
  SINCE DEC 1      0                         0      0        0
  SINCE JAN 1     MM                      1190     MM     1083
..................................................................

WIND (MPH)
  HIGHEST WIND SPEED    15   HIGHEST WIND DIRECTION    NW (330)
  HIGHEST GUST SPEED    23   HIGHEST GUST DIRECTION     N (340)
  AVERAGE WIND SPEED     7.3

SKY COVER
  POSSIBLE SUNSHINE  MM
  AVERAGE SKY COVER 1.0

WEATHER CONDITIONS
 THE FOLLOWING WEATHER WAS RECORDED YESTERDAY.
  LIGHT RAIN
  FOG
  HAZE

RELATIVE HUMIDITY (PERCENT)
 HIGHEST    85           200 PM
 LOWEST     55          1200 AM
 AVERAGE    70
..........................................................

THE LONDON KY CLIMATE NORMALS FOR TODAY
                         NORMAL    RECORD    YEAR
 MAXIMUM TEMPERATURE (F)   49        72      1971
 MINIMUM TEMPERATURE (F)   30        10      1962

SUNRISE AND SUNSET
DECEMBER 10 2014......SUNRISE   739 AM EST   SUNSET   519 PM EST
DECEMBER 11 2014......SUNRISE   740 AM EST   SUNSET   520 PM EST

-  INDICATES NEGATIVE NUMBERS.
R  INDICATES RECORD WAS SET OR TIED.
MM INDICATES DATA IS MISSING.
T  INDICATES TRACE AMOUNT.

$$

GREIF
