000
CDUS43 KJKL 102018 RRA
CLILOZ

CLIMATE REPORT
NATIONAL WEATHER SERVICE JACKSON KY
418 PM EDT SAT JUN 10 2017


...................................

...THE LONDON KY CLIMATE SUMMARY FOR JUNE 10 2017...
VALID TODAY AS OF 0400 PM LOCAL TIME.

CLIMATE NORMAL PERIOD 1981 TO 2010
CLIMATE RECORD PERIOD 1954 TO 2017


WEATHER ITEM   OBSERVED TIME   RECORD YEAR NORMAL DEPARTURE LAST
                VALUE   (LST)  VALUE       VALUE  FROM      YEAR
                                                  NORMAL
..................................................................
TEMPERATURE (F)
 TODAY
  MAXIMUM         83    259 PM  92    1999  82      1       87
  MINIMUM         54    527 AM  41    1977  61     -7       54
  AVERAGE         69                        72     -3       71

PRECIPITATION (IN)
  TODAY            0.00          1.40 1996   0.15  -0.15     0.00
  MONTH TO DATE    0.75                      1.55  -0.80     0.90
  SINCE JUN 1      0.75                      1.55  -0.80     0.90

SNOWFALL (IN)
  TODAY           MM
  MONTH TO DATE   MM
  SINCE JUN 1     MM
  SINCE JUL 1     MM
  SNOW DEPTH      MM

DEGREE DAYS
 HEATING
  TODAY            0                         0      0        0
  MONTH TO DATE    3                         7     -4        2
  SINCE JUN 1      3                         7     -4        2
  SINCE JUL 1   3322                      4203   -881     3676

 COOLING
  TODAY            4                         7     -3        6
  MONTH TO DATE   27                        60    -33       66
  SINCE JUN 1     27                        60    -33       66
  SINCE JAN 1    178                       174      4      168
..................................................................


WIND (MPH)
  HIGHEST WIND SPEED    16   HIGHEST WIND DIRECTION     S (200)
  HIGHEST GUST SPEED    23   HIGHEST GUST DIRECTION     S (200)
  AVERAGE WIND SPEED     4.1


SKY COVER
  POSSIBLE SUNSHINE  MM
  AVERAGE SKY COVER 0.0


WEATHER CONDITIONS
 THE FOLLOWING WEATHER WAS RECORDED TODAY.
  FOG


RELATIVE HUMIDITY (PERCENT)
 HIGHEST    93           100 AM
 LOWEST     40           300 PM
 AVERAGE    67

..........................................................


THE LONDON KY CLIMATE NORMALS FOR TOMORROW
                         NORMAL    RECORD    YEAR
 MAXIMUM TEMPERATURE (F)   83        91      2016
                                             1956
 MINIMUM TEMPERATURE (F)   61        41      1988


SUNRISE AND SUNSET
JUNE 10 2017..........SUNRISE   616 AM EDT   SUNSET   856 PM EDT
JUNE 11 2017..........SUNRISE   616 AM EDT   SUNSET   856 PM EDT


-  INDICATES NEGATIVE NUMBERS.
R  INDICATES RECORD WAS SET OR TIED.
MM INDICATES DATA IS MISSING.
T  INDICATES TRACE AMOUNT.




$$
