213
CDUS41 KOKX 220616
CLIEWR


CLIMATE REPORT
NATIONAL WEATHER SERVICE NEW YORK NY
216 AM EDT SAT APR 22 2017


...................................

...THE NEWARK NJ CLIMATE SUMMARY FOR APRIL 21 2017...

CLIMATE NORMAL PERIOD 1981 TO 2010
CLIMATE RECORD PERIOD 1929 TO 2017


WEATHER ITEM   OBSERVED TIME   RECORD YEAR NORMAL DEPARTURE LAST
                VALUE   (LST)  VALUE       VALUE  FROM      YEAR
                                                  NORMAL
..................................................................
TEMPERATURE (F)
 YESTERDAY
  MAXIMUM         57    436 PM  88    1957  64     -7       77
  MINIMUM         49   1119 PM  31    1981  46      3       44
  AVERAGE         53                        55     -2       61

PRECIPITATION (IN)
  YESTERDAY        0.14          2.50 1991   0.14   0.00     0.00
  MONTH TO DATE    2.31                      3.01  -0.70     0.95
  SINCE MAR 1      7.38                      7.19   0.19     2.33
  SINCE JAN 1     14.12                     13.61   0.51    10.38

SNOWFALL (IN)
  YESTERDAY        0.0           0.0  2001   0.0    0.0      0.0
  MONTH TO DATE    0.0                       0.8   -0.8       T
  SINCE OCT 1     30.0                      28.4    1.6     32.8
  SINCE JUL 1     30.0                      28.4    1.6     32.8
  SNOW DEPTH       0

DEGREE DAYS
 HEATING
  YESTERDAY       12                        11      1        4
  MONTH TO DATE  206                       295    -89      296
  SINCE MAR 1    978                      1004    -26      790
  SINCE JUL 1   3987                      4639   -652     3663

 COOLING
  YESTERDAY        0                         0      0        0
  MONTH TO DATE   19                         0     19        6
  SINCE MAR 1     19                         1     18       11
  SINCE JAN 1     19                         1     18       11
..................................................................


WIND (MPH)
  HIGHEST WIND SPEED    14   HIGHEST WIND DIRECTION     E (100)
  HIGHEST GUST SPEED    21   HIGHEST GUST DIRECTION     E (110)
  AVERAGE WIND SPEED     8.6


SKY COVER
  AVERAGE SKY COVER 1.0


WEATHER CONDITIONS
 THE FOLLOWING WEATHER WAS RECORDED YESTERDAY.
  LIGHT RAIN
  FOG


RELATIVE HUMIDITY (PERCENT)
 HIGHEST    93           300 AM
 LOWEST     72           300 PM
 AVERAGE    83

..........................................................


THE NEWARK NJ CLIMATE NORMALS FOR TODAY
                         NORMAL    RECORD    YEAR
 MAXIMUM TEMPERATURE (F)   65        87      1985
 MINIMUM TEMPERATURE (F)   46        32      1947


SUNRISE AND SUNSET
APRIL 22 2017.........SUNRISE   607 AM EDT   SUNSET   744 PM EDT
APRIL 23 2017.........SUNRISE   606 AM EDT   SUNSET   745 PM EDT


-  INDICATES NEGATIVE NUMBERS.
R  INDICATES RECORD WAS SET OR TIED.
MM INDICATES DATA IS MISSING.
T  INDICATES TRACE AMOUNT.




$$
