000
CDUS41 KOKX 190616
CLIEWR


CLIMATE REPORT
NATIONAL WEATHER SERVICE NEW YORK NY
116 AM EST THU JAN 19 2017


...................................

...THE NEWARK NJ CLIMATE SUMMARY FOR JANUARY 18 2017...

CLIMATE NORMAL PERIOD 1981 TO 2010
CLIMATE RECORD PERIOD 1929 TO 2017


WEATHER ITEM   OBSERVED TIME   RECORD YEAR NORMAL DEPARTURE LAST
                VALUE   (LST)  VALUE       VALUE  FROM      YEAR
                                                  NORMAL
..................................................................
TEMPERATURE (F)
 YESTERDAY
  MAXIMUM         42    734 PM  66    1990  38      4       30
  MINIMUM         38    916 PM  -7    1982  24     14       18
  AVERAGE         40                        31      9       24

PRECIPITATION (IN)
  YESTERDAY        0.04          1.84 2015   0.12  -0.08     0.03
  MONTH TO DATE    2.43                      2.13   0.30     2.15
  SINCE DEC 1      5.34                      5.94  -0.60     6.55
  SINCE JAN 1      2.43                      2.13   0.30     2.15

SNOWFALL (IN)
  YESTERDAY        0.0           2.9  1984   0.2   -0.2      0.5
  MONTH TO DATE    8.8                       4.5    4.3      1.2
  SINCE OCT 1     12.2                      10.3    1.9      1.5
  SINCE JUL 1     12.2                      10.3    1.9      1.5
  SNOW DEPTH       0

DEGREE DAYS
 HEATING
  YESTERDAY       25                        34     -9       41
  MONTH TO DATE  521                       602    -81      543
  SINCE DEC 1   1361                      1484   -123     1008
  SINCE JUL 1   2044                      2352   -308     1640

 COOLING
  YESTERDAY        0                         0      0        0
  MONTH TO DATE    0                         0      0        0
  SINCE DEC 1      0                         0      0        0
  SINCE JAN 1      0                         0      0        0
..................................................................


WIND (MPH)
  HIGHEST WIND SPEED    16   HIGHEST WIND DIRECTION     N (10)
  HIGHEST GUST SPEED    19   HIGHEST GUST DIRECTION     N (10)
  AVERAGE WIND SPEED     9.3


SKY COVER
  AVERAGE SKY COVER 0.9


WEATHER CONDITIONS
 THE FOLLOWING WEATHER WAS RECORDED YESTERDAY.
  LIGHT RAIN
  FOG


RELATIVE HUMIDITY (PERCENT)
 HIGHEST   100          1000 AM
 LOWEST     76           600 PM
 AVERAGE    88

..........................................................


THE NEWARK NJ CLIMATE NORMALS FOR TODAY
                         NORMAL    RECORD    YEAR
 MAXIMUM TEMPERATURE (F)   39        64      1951
 MINIMUM TEMPERATURE (F)   24        -2      1994


SUNRISE AND SUNSET
JANUARY 19 2017.......SUNRISE   716 AM EST   SUNSET   459 PM EST
JANUARY 20 2017.......SUNRISE   716 AM EST   SUNSET   500 PM EST


-  INDICATES NEGATIVE NUMBERS.
R  INDICATES RECORD WAS SET OR TIED.
MM INDICATES DATA IS MISSING.
T  INDICATES TRACE AMOUNT.




$$
