000
CDUS41 KOKX 090635
CLIEWR


CLIMATE REPORT
NATIONAL WEATHER SERVICE NEW YORK NY
235 AM EDT WED JUL 9 2014


...................................

...THE NEWARK NJ CLIMATE SUMMARY FOR JULY 8 2014...

CLIMATE NORMAL PERIOD 1981 TO 2010
CLIMATE RECORD PERIOD 1929 TO 2014


WEATHER ITEM   OBSERVED TIME   RECORD YEAR NORMAL DEPARTURE LAST
                VALUE   (LST)  VALUE       VALUE  FROM      YEAR
                                                  NORMAL
..................................................................
TEMPERATURE (F)
 YESTERDAY
  MAXIMUM         95        MM 105    1993  86      9       91
  MINIMUM         72        MM  56    1948  68      4       73
  AVERAGE         84                        77      7       82

PRECIPITATION (IN)
  YESTERDAY        0.20          1.60 1964   0.14   0.06     0.00
  MONTH TO DATE    2.80                      1.05   1.75     2.04
  SINCE JUN 1      7.21                      5.07   2.14    10.78
  SINCE JAN 1     30.56                     23.96   6.60    27.03

SNOWFALL (IN)
  YESTERDAY        0.0           0.0  2002   0.0    0.0      0.0
                                      2001
  MONTH TO DATE    0.0                       0.0    0.0      0.0
  SINCE OCT 1     61.1                      28.5   32.6     29.5
  SINCE JUL 1      0.0                       0.0    0.0      0.0
  SNOW DEPTH       0

DEGREE DAYS
 HEATING
  YESTERDAY        0                         0      0        0
  MONTH TO DATE    0                         0      0        0
  SINCE JUN 1      0                        17    -17        8
  SINCE JUL 1      0                         0      0        0

 COOLING
  YESTERDAY       19                        12      7       17
  MONTH TO DATE  113                        95     18      140
  SINCE JUN 1    359                       334     25      405
  SINCE JAN 1    421                       410     11      505
..................................................................


WIND (MPH)
  HIGHEST WIND SPEED    27   HIGHEST WIND DIRECTION     S (200)
  HIGHEST GUST SPEED    45   HIGHEST GUST DIRECTION    SW (230)
  AVERAGE WIND SPEED    13.3


SKY COVER
  AVERAGE SKY COVER 0.7


WEATHER CONDITIONS
 THE FOLLOWING WEATHER WAS RECORDED YESTERDAY.
  THUNDERSTORM
  LIGHT RAIN


RELATIVE HUMIDITY (PERCENT)
 HIGHEST    87           300 AM
 LOWEST     39           100 PM
 AVERAGE    63

..........................................................


THE NEWARK NJ CLIMATE NORMALS FOR TODAY
                         NORMAL    RECORD    YEAR
 MAXIMUM TEMPERATURE (F)   86       104      1993
                                             1936
 MINIMUM TEMPERATURE (F)   69        56      1963


SUNRISE AND SUNSET
JULY  9 2014..........SUNRISE   534 AM EDT   SUNSET   830 PM EDT
JULY 10 2014..........SUNRISE   535 AM EDT   SUNSET   829 PM EDT


-  INDICATES NEGATIVE NUMBERS.
R  INDICATES RECORD WAS SET OR TIED.
MM INDICATES DATA IS MISSING.
T  INDICATES TRACE AMOUNT.




$$
