986
CDUS41 KOKX 230619
CLIEWR


CLIMATE REPORT
NATIONAL WEATHER SERVICE NEW YORK NY
119 AM EST FRI FEB 23 2018


...................................

...THE NEWARK NJ CLIMATE SUMMARY FOR FEBRUARY 22 2018...

CLIMATE NORMAL PERIOD 1981 TO 2010
CLIMATE RECORD PERIOD 1929 TO 2018


WEATHER ITEM   OBSERVED TIME   RECORD YEAR NORMAL DEPARTURE LAST
                VALUE   (LST)  VALUE       VALUE  FROM      YEAR
                                                  NORMAL
..................................................................
TEMPERATURE (F)
 YESTERDAY
  MAXIMUM         59   1223 AM  70    1997  44     15       59
  MINIMUM         37    535 PM   8    1963  28      9       41
  AVERAGE         48                        36     12       50

PRECIPITATION (IN)
  YESTERDAY        0.15          1.53 2003   0.10   0.05      T
  MONTH TO DATE    4.65                      2.22   2.43     1.55
  SINCE DEC 1      8.35                      9.57  -1.22     9.11
  SINCE JAN 1      6.71                      5.76   0.95     6.20

SNOWFALL (IN)
  YESTERDAY        0.0           6.8  2008   0.4   -0.4      0.0
  MONTH TO DATE    3.4                       7.6   -4.2      7.9
  SINCE OCT 1     21.2                      21.3   -0.1     20.6
  SINCE JUL 1     21.2                      21.3   -0.1     20.6
  SNOW DEPTH       0

DEGREE DAYS
 HEATING
  YESTERDAY       17                        29    -12       15
  MONTH TO DATE  543                       682   -139      572
  SINCE DEC 1   2526                      2598    -72     2245
  SINCE JUL 1   3211                      3466   -255     2928

 COOLING
  YESTERDAY        0                         0      0        0
  MONTH TO DATE    3                         0      3        0
  SINCE DEC 1      3                         0      3        0
  SINCE JAN 1      3                         0      3        0
..................................................................


WIND (MPH)
  HIGHEST WIND SPEED    21   HIGHEST WIND DIRECTION     N (360)
  HIGHEST GUST SPEED    26   HIGHEST GUST DIRECTION     N (10)
  AVERAGE WIND SPEED    13.1


SKY COVER
  AVERAGE SKY COVER 1.0


WEATHER CONDITIONS
 THE FOLLOWING WEATHER WAS RECORDED YESTERDAY.
  LIGHT RAIN
  FOG


RELATIVE HUMIDITY (PERCENT)
 HIGHEST    92           400 PM
 LOWEST     51           300 AM
 AVERAGE    72

..........................................................


THE NEWARK NJ CLIMATE NORMALS FOR TODAY
                         NORMAL    RECORD    YEAR
 MAXIMUM TEMPERATURE (F)   44        68      1985
 MINIMUM TEMPERATURE (F)   28         7      2015


SUNRISE AND SUNSET
FEBRUARY 23 2018......SUNRISE   640 AM EST   SUNSET   541 PM EST
FEBRUARY 24 2018......SUNRISE   638 AM EST   SUNSET   542 PM EST


-  INDICATES NEGATIVE NUMBERS.
R  INDICATES RECORD WAS SET OR TIED.
MM INDICATES DATA IS MISSING.
T  INDICATES TRACE AMOUNT.




$$
