000
CDUS41 KOKX 250621
CLIEWR


CLIMATE REPORT
NATIONAL WEATHER SERVICE NEW YORK NY
221 AM EDT THU AUG 25 2016


...................................

...THE NEWARK NJ CLIMATE SUMMARY FOR AUGUST 24 2016...

CLIMATE NORMAL PERIOD 1981 TO 2010
CLIMATE RECORD PERIOD 1929 TO 2016


WEATHER ITEM   OBSERVED TIME   RECORD YEAR NORMAL DEPARTURE LAST
                VALUE   (LST)  VALUE       VALUE  FROM      YEAR
                                                  NORMAL
..................................................................
TEMPERATURE (F)
 YESTERDAY
  MAXIMUM         90   1246 PM  95    1947  83      7       86
  MINIMUM         63    413 AM  52    1940  67     -4       71
  AVERAGE         77                        75      2       79

PRECIPITATION (IN)
  YESTERDAY        0.00          2.34 1975   0.10  -0.10     0.00
  MONTH TO DATE    0.92                      3.02  -2.10     1.40
  SINCE JUN 1      9.40                     11.80  -2.40     9.99
  SINCE JAN 1     23.80                     30.69  -6.89    27.60

SNOWFALL (IN)
  YESTERDAY        0.0           0.0  2002   0.0    0.0      0.0
                                      2001
  MONTH TO DATE    0.0                       0.0    0.0      0.0
  SINCE OCT 1     32.8                      28.5    4.3     46.4
  SINCE JUL 1      0.0                       0.0    0.0      0.0
  SNOW DEPTH       0

DEGREE DAYS
 HEATING
  YESTERDAY        0                         0      0        0
  MONTH TO DATE    0                         0      0        0
  SINCE JUN 1      4                        17    -13       29
  SINCE JUL 1      0                         0      0        0

 COOLING
  YESTERDAY       12                        10      2       14
  MONTH TO DATE  361                       271     90      341
  SINCE JUN 1   1081                       893    188     1031
  SINCE JAN 1   1199                       969    230     1191
..................................................................


WIND (MPH)
  HIGHEST WIND SPEED    15   HIGHEST WIND DIRECTION    SW (210)
  HIGHEST GUST SPEED    20   HIGHEST GUST DIRECTION     W (260)
  AVERAGE WIND SPEED     7.4


SKY COVER
  AVERAGE SKY COVER 0.3


WEATHER CONDITIONS
 THE FOLLOWING WEATHER WAS RECORDED YESTERDAY.
  NO SIGNIFICANT WEATHER WAS OBSERVED.


RELATIVE HUMIDITY (PERCENT)
 HIGHEST    78           200 AM
 LOWEST     34           200 PM
 AVERAGE    56

..........................................................


THE NEWARK NJ CLIMATE NORMALS FOR TODAY
                         NORMAL    RECORD    YEAR
 MAXIMUM TEMPERATURE (F)   83        97      1993
 MINIMUM TEMPERATURE (F)   66        48      1940


SUNRISE AND SUNSET
AUGUST 25 2016........SUNRISE   617 AM EDT   SUNSET   739 PM EDT
AUGUST 26 2016........SUNRISE   618 AM EDT   SUNSET   738 PM EDT


-  INDICATES NEGATIVE NUMBERS.
R  INDICATES RECORD WAS SET OR TIED.
MM INDICATES DATA IS MISSING.
T  INDICATES TRACE AMOUNT.




$$
