650
CDUS41 KBGM 300548
CLIBGM


CLIMATE REPORT
NATIONAL WEATHER SERVICE BINGHAMTON NY
145 AM EDT SAT APR 30 2016


...................................

...THE BINGHAMTON NY CLIMATE SUMMARY FOR APRIL 29 2016...

CLIMATE NORMAL PERIOD 1981 TO 2010
CLIMATE RECORD PERIOD 1951 TO 2016


WEATHER ITEM   OBSERVED TIME   RECORD YEAR NORMAL DEPARTURE LAST
                VALUE   (LST)  VALUE       VALUE  FROM      YEAR
                                                  NORMAL
..................................................................
TEMPERATURE (F)
 YESTERDAY
  MAXIMUM         51    103 PM  83    1974  60     -9       66
  MINIMUM         39   1159 PM  25    1977  41     -2       45
  AVERAGE         45                        50     -5       56

PRECIPITATION (IN)
  YESTERDAY        0.25          0.86 1981   0.12   0.13     0.00
  MONTH TO DATE    2.83                      3.32  -0.49     4.21
  SINCE MAR 1      4.23                      6.31  -2.08     6.20
  SINCE JAN 1      9.54                     11.07  -1.53    10.14

SNOWFALL (IN)
  YESTERDAY        0.0           T    2008   0.0    0.0      0.0
                                      2002
                                      1987
  MONTH TO DATE    9.3                       4.2    5.1      2.8
  SINCE MAR 1     10.3                      19.3   -9.0     17.6
  SINCE JUL 1     32.0                      83.2  -51.2     93.4
  SNOW DEPTH       0

DEGREE DAYS
 HEATING
  YESTERDAY       20                        15      5        9
  MONTH TO DATE  660                       588     72      593
  SINCE MAR 1   1431                      1585   -154     1763
  SINCE JUL 1   5789                      6784   -995     7295

 COOLING
  YESTERDAY        0                         0      0        0
  MONTH TO DATE    0                         0      0        0
  SINCE MAR 1      0                         0      0        0
  SINCE JAN 1      0                         0      0        0
..................................................................


WIND (MPH)
  HIGHEST WIND SPEED    14   HIGHEST WIND DIRECTION    SE (140)
  HIGHEST GUST SPEED    19   HIGHEST GUST DIRECTION     S (190)
  AVERAGE WIND SPEED     5.8


SKY COVER
  AVERAGE SKY COVER 1.0


WEATHER CONDITIONS
 THE FOLLOWING WEATHER WAS RECORDED YESTERDAY.
  RAIN
  LIGHT RAIN
  FOG


RELATIVE HUMIDITY (PERCENT)
 HIGHEST   100           800 PM
 LOWEST     50           100 PM
 AVERAGE    75

..........................................................


THE BINGHAMTON NY CLIMATE NORMALS FOR TODAY
                         NORMAL    RECORD    YEAR
 MAXIMUM TEMPERATURE (F)   60        81      1985
 MINIMUM TEMPERATURE (F)   41        28      1978


SUNRISE AND SUNSET
APRIL 30 2016.........SUNRISE   600 AM EDT   SUNSET   803 PM EDT
MAY  1 2016...........SUNRISE   559 AM EDT   SUNSET   804 PM EDT


-  INDICATES NEGATIVE NUMBERS.
R  INDICATES RECORD WAS SET OR TIED.
MM INDICATES DATA IS MISSING.
T  INDICATES TRACE AMOUNT.




$$
