000
CDUS41 KBGM 212120
CLIBGM


CLIMATE REPORT
NATIONAL WEATHER SERVICE BINGHAMTON NY
520 PM EDT THU SEP 21 2017


...................................

...THE BINGHAMTON NY CLIMATE SUMMARY FOR SEPTEMBER 21 2017...
VALID TODAY AS OF 0500 PM LOCAL TIME.

CLIMATE NORMAL PERIOD 1981 TO 2010
CLIMATE RECORD PERIOD 1951 TO 2017


WEATHER ITEM   OBSERVED TIME   RECORD YEAR NORMAL DEPARTURE LAST
                VALUE   (LST)  VALUE       VALUE  FROM      YEAR
                                                  NORMAL
..................................................................
TEMPERATURE (F)
 TODAY
  MAXIMUM         79    227 PM  83    1980  66     13       76
                                      1978
                                      1965
  MINIMUM         58    751 AM  31    1956  49      9       53
  AVERAGE         69                        58     11       65

PRECIPITATION (IN)
  TODAY            0.00          1.35 1983   0.12  -0.12     0.00
  MONTH TO DATE    1.16                      2.50  -1.34     0.69
  SINCE SEP 1      1.16                      2.50  -1.34     0.69
  SINCE JAN 1     40.90                     28.71  12.19    24.24

SNOWFALL (IN)
  TODAY            0.0           0.0  2002   0.0    0.0      0.0
                                      2001
                                      2000
  MONTH TO DATE    0.0                       0.0    0.0      0.0
  SINCE SEP 1      0.0                       0.0    0.0      0.0
  SINCE JUL 1      0.0                       0.0    0.0      0.0
  SNOW DEPTH       0

DEGREE DAYS
 HEATING
  TODAY            0                         8     -8        0
  MONTH TO DATE  114                       106      8       37
  SINCE SEP 1    114                       106      8       37
  SINCE JUL 1    195                       169     26       46

 COOLING
  TODAY            4                         1      3        0
  MONTH TO DATE   26                        28     -2       46
  SINCE SEP 1     26                        28     -2       46
  SINCE JAN 1    297                       376    -79      557
..................................................................


WIND (MPH)
  HIGHEST WIND SPEED    14   HIGHEST WIND DIRECTION    NW (320)
  HIGHEST GUST SPEED    17   HIGHEST GUST DIRECTION    NW (330)
  AVERAGE WIND SPEED     5.0


SKY COVER
  AVERAGE SKY COVER 0.3


WEATHER CONDITIONS
 THE FOLLOWING WEATHER WAS RECORDED TODAY.
  FOG
  FOG W/VISIBILITY <= 1/4 MILE


RELATIVE HUMIDITY (PERCENT)
 HIGHEST   100           400 AM
 LOWEST     52           100 PM
 AVERAGE    76

..........................................................


THE BINGHAMTON NY CLIMATE NORMALS FOR TOMORROW
                         NORMAL    RECORD    YEAR
 MAXIMUM TEMPERATURE (F)   66        85      1980
                                             1965
 MINIMUM TEMPERATURE (F)   48        35      1991


SUNRISE AND SUNSET
SEPTEMBER 21 2017.....SUNRISE   650 AM EDT   SUNSET   702 PM EDT
SEPTEMBER 22 2017.....SUNRISE   652 AM EDT   SUNSET   701 PM EDT


-  INDICATES NEGATIVE NUMBERS.
R  INDICATES RECORD WAS SET OR TIED.
MM INDICATES DATA IS MISSING.
T  INDICATES TRACE AMOUNT.




$$
