000
CDUS41 KBGM 292132
CLIBGM


CLIMATE REPORT
NATIONAL WEATHER SERVICE BINGHAMTON NY
532 PM EDT SAT AUG 29 2015


...................................

...THE BINGHAMTON NY CLIMATE SUMMARY FOR AUGUST 29 2015...
VALID TODAY AS OF 0500 PM LOCAL TIME.

CLIMATE NORMAL PERIOD 1981 TO 2010
CLIMATE RECORD PERIOD 1951 TO 2015


WEATHER ITEM   OBSERVED TIME   RECORD YEAR NORMAL DEPARTURE LAST
                VALUE   (LST)  VALUE       VALUE  FROM      YEAR
                                                  NORMAL
..................................................................
TEMPERATURE (F)
 TODAY
  MAXIMUM         78    307 PM  91    1953  74      4       71
  MINIMUM         52    524 AM  38    1982  56     -4       49
  AVERAGE         65                        65      0       60

PRECIPITATION (IN)
  TODAY            0.00          2.53 1988   0.10  -0.10     0.00
  MONTH TO DATE    3.08                      3.23  -0.15     5.06
  SINCE JUN 1     17.97                     11.24   6.73    13.27
  SINCE JAN 1     31.52                     25.99   5.53    28.63

SNOWFALL (IN)
  TODAY            0.0           T    1970   0.0    0.0      0.0
  MONTH TO DATE    0.0                       0.0    0.0      0.0
  SINCE JUN 1      T                         0.0    0.0       T
  SINCE JUL 1      T                         0.0    0.0       T
  SNOW DEPTH       0

DEGREE DAYS
 HEATING
  TODAY            0                         2     -2        5
  MONTH TO DATE   25                        35    -10       39
  SINCE JUN 1    126                       150    -24      109
  SINCE JUL 1     49                        59    -10       64

 COOLING
  TODAY            0                         2     -2        0
  MONTH TO DATE   86                       105    -19       64
  SINCE JUN 1    255                       317    -62      272
  SINCE JAN 1    328                       340    -12      297
..................................................................


WIND (MPH)
  HIGHEST WIND SPEED    13   HIGHEST WIND DIRECTION     W (250)
  HIGHEST GUST SPEED    17   HIGHEST GUST DIRECTION    SW (230)
  AVERAGE WIND SPEED     4.5


SKY COVER
  AVERAGE SKY COVER 0.2


WEATHER CONDITIONS
 THE FOLLOWING WEATHER WAS RECORDED TODAY.
  NO SIGNIFICANT WEATHER WAS OBSERVED.


RELATIVE HUMIDITY (PERCENT)
 HIGHEST    93           200 AM
 LOWEST     48           300 PM
 AVERAGE    71

..........................................................


THE BINGHAMTON NY CLIMATE NORMALS FOR TOMORROW
                         NORMAL    RECORD    YEAR
 MAXIMUM TEMPERATURE (F)   74        93      1953
 MINIMUM TEMPERATURE (F)   56        37      1965


SUNRISE AND SUNSET
AUGUST 29 2015........SUNRISE   626 AM EDT   SUNSET   743 PM EDT
AUGUST 30 2015........SUNRISE   627 AM EDT   SUNSET   742 PM EDT


-  INDICATES NEGATIVE NUMBERS.
R  INDICATES RECORD WAS SET OR TIED.
MM INDICATES DATA IS MISSING.
T  INDICATES TRACE AMOUNT.




$$
