000
CDUS41 KBGM 252118
CLIBGM


CLIMATE REPORT
NATIONAL WEATHER SERVICE BINGHAMTON NY
518 PM EDT MON JUL 25 2016


...................................

...THE BINGHAMTON NY CLIMATE SUMMARY FOR JULY 25 2016...
VALID TODAY AS OF 0500 PM LOCAL TIME.

CLIMATE NORMAL PERIOD 1981 TO 2010
CLIMATE RECORD PERIOD 1951 TO 2016


WEATHER ITEM   OBSERVED TIME   RECORD YEAR NORMAL DEPARTURE LAST
                VALUE   (LST)  VALUE       VALUE  FROM      YEAR
                                                  NORMAL
..................................................................
TEMPERATURE (F)
 TODAY
  MAXIMUM         84    947 AM  88    2005  78      6       78
                                      1966
  MINIMUM         65    512 AM  45    1953  60      5       56
  AVERAGE         75                        69      6       67

PRECIPITATION (IN)
  TODAY            0.86          1.20 1977   0.11   0.75     0.27
  MONTH TO DATE    1.48                      2.99  -1.51     4.24
  SINCE JUN 1      4.52                      7.30  -2.78    13.98
  SINCE JAN 1     16.91                     22.05  -5.14    27.53

SNOWFALL (IN)
  TODAY            0.0           0.0  2002   0.0    0.0      0.0
                                      2000
                                      2001
  MONTH TO DATE    0.0                       0.0    0.0      0.0
  SINCE JUN 1      0.0                       0.0    0.0      0.0
  SINCE JUL 1      0.0                       0.0    0.0      0.0
  SNOW DEPTH       0

DEGREE DAYS
 HEATING
  TODAY            0                         1     -1        0
  MONTH TO DATE    3                        25    -22       24
  SINCE JUN 1     72                       116    -44      101
  SINCE JUL 1      3                        25    -22       24

 COOLING
  TODAY           10                         5      5        2
  MONTH TO DATE  176                       116     60       72
  SINCE JUN 1    239                       190     49      122
  SINCE JAN 1    285                       213     72      195
..................................................................


WIND (MPH)
  HIGHEST WIND SPEED    22   HIGHEST WIND DIRECTION    NW (320)
  HIGHEST GUST SPEED    33   HIGHEST GUST DIRECTION    NW (330)
  AVERAGE WIND SPEED     4.6


SKY COVER
  AVERAGE SKY COVER 0.1


WEATHER CONDITIONS
 THE FOLLOWING WEATHER WAS RECORDED TODAY.
  THUNDERSTORM
  HEAVY RAIN
  RAIN
  LIGHT RAIN
  FOG
  HAZE


RELATIVE HUMIDITY (PERCENT)
 HIGHEST    97          1100 AM
 LOWEST     58           900 AM
 AVERAGE    78

..........................................................


THE BINGHAMTON NY CLIMATE NORMALS FOR TOMORROW
                         NORMAL    RECORD    YEAR
 MAXIMUM TEMPERATURE (F)   78        93      2005
 MINIMUM TEMPERATURE (F)   60        48      1976


SUNRISE AND SUNSET
JULY 25 2016..........SUNRISE   550 AM EDT   SUNSET   830 PM EDT
JULY 26 2016..........SUNRISE   551 AM EDT   SUNSET   829 PM EDT


-  INDICATES NEGATIVE NUMBERS.
R  INDICATES RECORD WAS SET OR TIED.
MM INDICATES DATA IS MISSING.
T  INDICATES TRACE AMOUNT.




$$
