000
CDUS41 KBGM 290558
CLIBGM


CLIMATE REPORT
NATIONAL WEATHER SERVICE BINGHAMTON NY
157 AM EDT FRI MAY 29 2015


...................................

...THE BINGHAMTON NY CLIMATE SUMMARY FOR MAY 28 2015...

CLIMATE NORMAL PERIOD 1981 TO 2010
CLIMATE RECORD PERIOD 1951 TO 2015


WEATHER ITEM   OBSERVED TIME   RECORD YEAR NORMAL DEPARTURE LAST
                VALUE   (LST)  VALUE       VALUE  FROM      YEAR
                                                  NORMAL
..................................................................
TEMPERATURE (F)
 YESTERDAY
  MAXIMUM         73   1054 AM  87    2012  69      4       68
  MINIMUM         60   1159 PM  35    1994  50     10       53
  AVERAGE         67                        59      8       61

PRECIPITATION (IN)
  YESTERDAY        0.00          1.68 1984   0.12  -0.12     0.03
  MONTH TO DATE    3.02                      3.19  -0.17     4.22
  SINCE MAR 1      9.22                      9.61  -0.39     9.67
  SINCE JAN 1     13.16                     14.37  -1.21    15.36

SNOWFALL (IN)
  YESTERDAY        0.0           0.0  2002   0.0    0.0      0.0
                                      2001
  MONTH TO DATE    0.0                       0.1   -0.1       T
  SINCE MAR 1     17.6                      19.5   -1.9      2.9
  SINCE JUL 1     93.4                      83.4   10.0     85.4
  SNOW DEPTH       0

DEGREE DAYS
 HEATING
  YESTERDAY        0                         7     -7        4
  MONTH TO DATE  148                       287   -139      201
  SINCE MAR 1   1921                      1887     34     2003
  SINCE JUL 1   7453                      7086    367     7474

 COOLING
  YESTERDAY        2                         1      1        0
  MONTH TO DATE   64                        16     48       23
  SINCE MAR 1     64                        20     44       25
  SINCE JAN 1     64                        20     44       25
..................................................................


WIND (MPH)
  HIGHEST WIND SPEED    20   HIGHEST WIND DIRECTION     W (270)
  HIGHEST GUST SPEED    25   HIGHEST GUST DIRECTION    NW (300)
  AVERAGE WIND SPEED     9.2


SKY COVER
  AVERAGE SKY COVER 0.3


WEATHER CONDITIONS
 THE FOLLOWING WEATHER WAS RECORDED YESTERDAY.
  FOG


RELATIVE HUMIDITY (PERCENT)
 HIGHEST   100           400 AM
 LOWEST     53           100 PM
 AVERAGE    77

..........................................................


THE BINGHAMTON NY CLIMATE NORMALS FOR TODAY
                         NORMAL    RECORD    YEAR
 MAXIMUM TEMPERATURE (F)   69        87      1987
                                             1969
 MINIMUM TEMPERATURE (F)   50        38      2008
                                             1964
                                             1953


SUNRISE AND SUNSET
MAY 29 2015...........SUNRISE   532 AM EDT   SUNSET   831 PM EDT
MAY 30 2015...........SUNRISE   531 AM EDT   SUNSET   832 PM EDT


-  INDICATES NEGATIVE NUMBERS.
R  INDICATES RECORD WAS SET OR TIED.
MM INDICATES DATA IS MISSING.
T  INDICATES TRACE AMOUNT.




$$
