000
CDUS41 KCLE 200530
CLICLE


CLIMATE REPORT
NATIONAL WEATHER SERVICE CLEVELAND OH
1229 AM EST THU NOV 20 2014


...................................

...THE CLEVELAND OH CLIMATE SUMMARY FOR NOVEMBER 19 2014...

CLIMATE NORMAL PERIOD 1981 TO 2010
CLIMATE RECORD PERIOD 1871 TO 2014


WEATHER ITEM   OBSERVED TIME   RECORD YEAR NORMAL DEPARTURE LAST
                VALUE   (LST)  VALUE       VALUE  FROM      YEAR
                                                  NORMAL
..................................................................
TEMPERATURE (F)
 YESTERDAY
  MAXIMUM         34    755 PM  72    1908  49    -15       40
  MINIMUM         12    319 AM   4    1880  36    -24       27
  AVERAGE         23                        43    -20       34

PRECIPITATION (IN)
  YESTERDAY        T                         0.12  -0.12     0.00
  MONTH TO DATE    2.15                      2.29  -0.14     2.45
  SINCE SEP 1      9.46                      9.17   0.29     9.11
  SINCE JAN 1     40.57                     34.71   5.86    37.32

SNOWFALL (IN)
  YESTERDAY        T                         0.2   -0.2      0.0
  MONTH TO DATE    9.4                       2.0    7.4      3.1
  SINCE SEP 1      9.4                       2.2    7.2      3.1
  SINCE JUL 1      9.4                       2.2    7.2      3.1
  SNOW DEPTH       2

DEGREE DAYS
 HEATING
  YESTERDAY       42                        22     20       31
  MONTH TO DATE  518                       362    156      384
  SINCE SEP 1    993                       810    183      788
  SINCE JUL 1   1018                       822    196      795

 COOLING
  YESTERDAY        0                         0      0        0
  MONTH TO DATE    0                         0      0        0
  SINCE SEP 1     67                       101    -34      127
  SINCE JAN 1    657                       816   -159      889
..................................................................


WIND (MPH)
  HIGHEST WIND SPEED    33   HIGHEST WIND DIRECTION     W (260)
  HIGHEST GUST SPEED    42   HIGHEST GUST DIRECTION     W (250)
  AVERAGE WIND SPEED    16.3


SKY COVER
  POSSIBLE SUNSHINE  MM
  AVERAGE SKY COVER 0.8


WEATHER CONDITIONS
 THE FOLLOWING WEATHER WAS RECORDED YESTERDAY.
  LIGHT SNOW


RELATIVE HUMIDITY (PERCENT)
 HIGHEST    73           400 AM
 LOWEST     58           200 PM
 AVERAGE    66

..........................................................


THE CLEVELAND OH CLIMATE NORMALS FOR TODAY
                         NORMAL    RECORD    YEAR
 MAXIMUM TEMPERATURE (F)   49        73      1931
 MINIMUM TEMPERATURE (F)   36        15      1951
                                             1880


SUNRISE AND SUNSET
NOVEMBER 20 2014......SUNRISE   722 AM EST   SUNSET   504 PM EST
NOVEMBER 21 2014......SUNRISE   723 AM EST   SUNSET   503 PM EST


-  INDICATES NEGATIVE NUMBERS.
R  INDICATES RECORD WAS SET OR TIED.
MM INDICATES DATA IS MISSING.
T  INDICATES TRACE AMOUNT.




$$
