000
CDUS41 KCLE 140527
CLIYNG


CLIMATE REPORT
NATIONAL WEATHER SERVICE CLEVELAND OH
1227 AM EST WED JAN 14 2015


...................................

...THE YOUNGSTOWN OH CLIMATE SUMMARY FOR JANUARY 13 2015...

CLIMATE NORMAL PERIOD 1981 TO 2010
CLIMATE RECORD PERIOD 1897 TO 2015


WEATHER ITEM   OBSERVED TIME   RECORD YEAR NORMAL DEPARTURE LAST
                VALUE   (LST)  VALUE       VALUE  FROM      YEAR
                                                  NORMAL
..................................................................
TEMPERATURE (F)
 YESTERDAY
  MAXIMUM         19    401 PM  68    2005  32    -13       49
  MINIMUM          1   1140 PM -13    1977  19    -18       34
  AVERAGE         10                        26    -16       42

PRECIPITATION (IN)
  YESTERDAY        T                         0.08  -0.08     0.20
  MONTH TO DATE    2.08                      1.13   0.95     1.67
  SINCE DEC 1      4.40                      4.12   0.28     5.19
  SINCE JAN 1      2.08                      1.13   0.95     1.67

SNOWFALL (IN)
  YESTERDAY        T                         0.5   -0.5      0.0
  MONTH TO DATE   15.2                       6.9    8.3      9.6
  SINCE DEC 1     15.9                      21.9   -6.0     30.1
  SINCE JUL 1     27.5                      26.3    1.2     44.2
  SNOW DEPTH       8

DEGREE DAYS
 HEATING
  YESTERDAY       55                        39     16       23
  MONTH TO DATE  587                       507     80      544
  SINCE DEC 1   1520                      1584    -64     1606
  SINCE JUL 1   2930                      2913     17     2988

 COOLING
  YESTERDAY        0                         0      0        0
  MONTH TO DATE    0                         0      0        0
  SINCE DEC 1      0                         0      0        0
  SINCE JAN 1      0                         0      0        0
..................................................................


WIND (MPH)
  HIGHEST WIND SPEED    18   HIGHEST WIND DIRECTION     N (360)
  HIGHEST GUST SPEED    23   HIGHEST GUST DIRECTION     N (10)
  AVERAGE WIND SPEED     7.6


SKY COVER
  POSSIBLE SUNSHINE  MM
  AVERAGE SKY COVER 0.2


WEATHER CONDITIONS
 THE FOLLOWING WEATHER WAS RECORDED YESTERDAY.
  LIGHT SNOW


RELATIVE HUMIDITY (PERCENT)
 HIGHEST    88           700 AM
 LOWEST     45           300 PM
 AVERAGE    67

..........................................................


THE YOUNGSTOWN OH CLIMATE NORMALS FOR TODAY
                         NORMAL    RECORD    YEAR
 MAXIMUM TEMPERATURE (F)   32        69      1932
 MINIMUM TEMPERATURE (F)   19        -6      1964


SUNRISE AND SUNSET
JANUARY 14 2015.......SUNRISE   747 AM EST   SUNSET   517 PM EST
JANUARY 15 2015.......SUNRISE   746 AM EST   SUNSET   518 PM EST


-  INDICATES NEGATIVE NUMBERS.
R  INDICATES RECORD WAS SET OR TIED.
MM INDICATES DATA IS MISSING.
T  INDICATES TRACE AMOUNT.




$$
