183
CDUS41 KCLE 142112
CLIYNG


CLIMATE REPORT
NATIONAL WEATHER SERVICE CLEVELAND OH
511 PM EDT WED SEP 14 2016


...................................

...THE YOUNGSTOWN OH CLIMATE SUMMARY FOR SEPTEMBER 14 2016...
VALID TODAY AS OF 0500 PM LOCAL TIME.

CLIMATE NORMAL PERIOD 1981 TO 2010
CLIMATE RECORD PERIOD 1897 TO 2016


WEATHER ITEM   OBSERVED TIME   RECORD YEAR NORMAL DEPARTURE LAST
                VALUE   (LST)  VALUE       VALUE  FROM      YEAR
                                                  NORMAL
..................................................................
TEMPERATURE (F)
 TODAY
  MAXIMUM         69    359 PM  90    1931  73     -4       73
  MINIMUM         57    622 AM  36    1985  52      5       49
  AVERAGE         63                        63      0       61

PRECIPITATION (IN)
  TODAY            0.04                      0.13  -0.09     0.00
  MONTH TO DATE    2.22                      1.77   0.45     1.87
  SINCE SEP 1      2.22                      1.77   0.45     1.87
  SINCE JAN 1     30.72                     27.99   2.73    32.77

SNOWFALL (IN)
  TODAY            0.0                       0.0    0.0      0.0
  MONTH TO DATE    0.0                       0.0    0.0      0.0
  SINCE SEP 1      0.0                       0.0    0.0      0.0
  SINCE JUL 1      0.0                       0.0    0.0      0.0
  SNOW DEPTH       0

DEGREE DAYS
 HEATING
  TODAY            2                         4     -2        4
  MONTH TO DATE    6                        38    -32       21
  SINCE SEP 1      6                        38    -32       21
  SINCE JUL 1     12                        76    -64       50

 COOLING
  TODAY            0                         2     -2        0
  MONTH TO DATE   68                        35     33      109
  SINCE SEP 1     68                        35     33      109
  SINCE JAN 1    811                       521    290      669
..................................................................


WIND (MPH)
  HIGHEST WIND SPEED    13   HIGHEST WIND DIRECTION     N (360)
  HIGHEST GUST SPEED    16   HIGHEST GUST DIRECTION     N (360)


SKY COVER
  POSSIBLE SUNSHINE  MM
  AVERAGE SKY COVER 0.7


WEATHER CONDITIONS
 THE FOLLOWING WEATHER WAS RECORDED TODAY.
  LIGHT RAIN
  FOG


RELATIVE HUMIDITY (PERCENT)
 HIGHEST    87           600 AM
 LOWEST     73          1200 AM
 AVERAGE    80

..........................................................


THE YOUNGSTOWN OH CLIMATE NORMALS FOR TOMORROW
                         NORMAL    RECORD    YEAR
 MAXIMUM TEMPERATURE (F)   73        92      1942
                                             1939
 MINIMUM TEMPERATURE (F)   52        38      1983


SUNRISE AND SUNSET
SEPTEMBER 14 2016.....SUNRISE   703 AM EDT   SUNSET   733 PM EDT
SEPTEMBER 15 2016.....SUNRISE   704 AM EDT   SUNSET   731 PM EDT


-  INDICATES NEGATIVE NUMBERS.
R  INDICATES RECORD WAS SET OR TIED.
MM INDICATES DATA IS MISSING.
T  INDICATES TRACE AMOUNT.




$$
