000
CDUS41 KCLE 032340
CLIYNG


CLIMATE REPORT...CORRECTED
NATIONAL WEATHER SERVICE CLEVELAND OH
738 PM EDT WED MAY 3 2017


...................................

...THE YOUNGSTOWN OH CLIMATE SUMMARY FOR MAY 3 2017...
VALID TODAY AS OF 0500 PM LOCAL TIME.

CLIMATE NORMAL PERIOD 1981 TO 2010
CLIMATE RECORD PERIOD 1897 TO 2017


WEATHER ITEM   OBSERVED TIME   RECORD YEAR NORMAL DEPARTURE LAST
                VALUE   (LST)  VALUE       VALUE  FROM      YEAR
                                                  NORMAL
..................................................................
TEMPERATURE (F)
 TODAY
  MAXIMUM         57    357 PM  88    2012  65     -8       61
  MINIMUM         42    711 AM  26    1986  43     -1       37
  AVERAGE         50                        54     -4       49

PRECIPITATION (IN)
  TODAY            0.10                      0.10   0.00     0.00
  MONTH TO DATE    0.90                      0.32   0.58     0.46
  SINCE MAR 1      9.78                      6.62   3.16     8.08
  SINCE JAN 1     17.66                     11.32   6.34    13.27

SNOWFALL (IN)
  TODAY            0.0                       0.0    0.0      0.0
  MONTH TO DATE    0.0                       0.0    0.0      0.0
  SINCE MAR 1     22.1                      13.9    8.2     13.1
  SINCE JUL 1     69.5                      62.7    6.8     44.7
  SNOW DEPTH       0

DEGREE DAYS
 HEATING
  TODAY           15                        11      4       16
  MONTH TO DATE   33                        34     -1       39
  SINCE MAR 1   1214                      1413   -199     1198
  SINCE JUL 1   4998                      6061  -1063     5046

 COOLING
  TODAY            0                         0      0        0
  MONTH TO DATE    0                         0      0        0
  SINCE MAR 1     16                         9      7        0
  SINCE JAN 1     16                         9      7        0
..................................................................


WIND (MPH)
  HIGHEST WIND SPEED    17   HIGHEST WIND DIRECTION    NW (330)
  HIGHEST GUST SPEED    22   HIGHEST GUST DIRECTION     W (260)


SKY COVER
  POSSIBLE SUNSHINE  MM
  AVERAGE SKY COVER 0.8


WEATHER CONDITIONS
 THE FOLLOWING WEATHER WAS RECORDED TODAY.
  LIGHT RAIN
  FOG


RELATIVE HUMIDITY (PERCENT)
 HIGHEST    89           400 AM
 LOWEST     32           400 PM
 AVERAGE    61

..........................................................


THE YOUNGSTOWN OH CLIMATE NORMALS FOR TOMORROW
                         NORMAL    RECORD    YEAR
 MAXIMUM TEMPERATURE (F)   66        88      1949
                                             1942
 MINIMUM TEMPERATURE (F)   43        27      2002


SUNRISE AND SUNSET
MAY  3 2017...........SUNRISE   617 AM EDT   SUNSET   822 PM EDT
MAY  4 2017...........SUNRISE   616 AM EDT   SUNSET   823 PM EDT


-  INDICATES NEGATIVE NUMBERS.
R  INDICATES RECORD WAS SET OR TIED.
MM INDICATES DATA IS MISSING.
T  INDICATES TRACE AMOUNT.




$$
