000
CDUS41 KCLE 260545
CLIYNG


CLIMATE REPORT
NATIONAL WEATHER SERVICE CLEVELAND OH
145 AM EDT WED MAR 26 2014


...................................

...THE YOUNGSTOWN OH CLIMATE SUMMARY FOR MARCH 25 2014...

CLIMATE NORMAL PERIOD 1981 TO 2010
CLIMATE RECORD PERIOD 1897 TO 2014


WEATHER ITEM   OBSERVED TIME   RECORD YEAR NORMAL DEPARTURE LAST
                VALUE   (LST)  VALUE       VALUE  FROM      YEAR
                                                  NORMAL
..................................................................
TEMPERATURE (F)
 YESTERDAY
  MAXIMUM         37   1238 PM  79    1939  50    -13       35
  MINIMUM         12    646 AM   3    1974  31    -19       31
  AVERAGE         25                        40    -15       33

PRECIPITATION (IN)
  YESTERDAY        0.05                      0.10  -0.05     0.47
  MONTH TO DATE    1.09                      2.30  -1.21     2.46
  SINCE MAR 1      1.09                      2.30  -1.21     2.46
  SINCE JAN 1      5.78                      7.00  -1.22     6.76

SNOWFALL (IN)
  YESTERDAY        0.8                       0.3    0.5      4.7
  MONTH TO DATE    6.0                       9.4   -3.4     17.9
  SINCE MAR 1      6.0                       9.4   -3.4     17.9
  SINCE JUL 1     87.0                      58.2   28.8     78.3
  SNOW DEPTH       0

DEGREE DAYS
 HEATING
  YESTERDAY       40                        25     15       32
  MONTH TO DATE  902                       736    166      820
  SINCE MAR 1    902                       736    166      820
  SINCE JUL 1   5970                      5384    586     5262

 COOLING
  YESTERDAY        0                         0      0        0
  MONTH TO DATE    0                         0      0        0
  SINCE MAR 1      0                         0      0        0
  SINCE JAN 1      0                         0      0        0
..................................................................


WIND (MPH)
  HIGHEST WIND SPEED    21   HIGHEST WIND DIRECTION    NW (300)
  HIGHEST GUST SPEED    26   HIGHEST GUST DIRECTION    NW (300)
  AVERAGE WIND SPEED     6.7


SKY COVER
  POSSIBLE SUNSHINE  MM
  AVERAGE SKY COVER 0.7


WEATHER CONDITIONS
 THE FOLLOWING WEATHER WAS RECORDED YESTERDAY.
  SNOW
  LIGHT SNOW
  FOG


RELATIVE HUMIDITY (PERCENT)
 HIGHEST    88           600 AM
 LOWEST     28           100 PM
 AVERAGE    58

..........................................................


THE YOUNGSTOWN OH CLIMATE NORMALS FOR TODAY
                         NORMAL    RECORD    YEAR
 MAXIMUM TEMPERATURE (F)   50        79      1945
 MINIMUM TEMPERATURE (F)   31        12      2001


SUNRISE AND SUNSET
MARCH 26 2014.........SUNRISE   716 AM EDT   SUNSET   741 PM EDT
MARCH 27 2014.........SUNRISE   714 AM EDT   SUNSET   742 PM EDT


-  INDICATES NEGATIVE NUMBERS.
R  INDICATES RECORD WAS SET OR TIED.
MM INDICATES DATA IS MISSING.
T  INDICATES TRACE AMOUNT.




$$
