000
CDUS41 KCLE 270538
CLIYNG


CLIMATE REPORT
NATIONAL WEATHER SERVICE CLEVELAND OH
127 AM EDT FRI OCT 27 2017


...................................

...THE YOUNGSTOWN OH CLIMATE SUMMARY FOR OCTOBER 26 2017...

CLIMATE NORMAL PERIOD 1981 TO 2010
CLIMATE RECORD PERIOD 1897 TO 2017


WEATHER ITEM   OBSERVED TIME   RECORD YEAR NORMAL DEPARTURE LAST
                VALUE   (LST)  VALUE       VALUE  FROM      YEAR
                                                  NORMAL
..................................................................
TEMPERATURE (F)
 YESTERDAY
  MAXIMUM         52    249 PM  80    1991  57     -5       45
  MINIMUM         35    641 AM  23    1987  39     -4       29
  AVERAGE         44                        48     -4       37

PRECIPITATION (IN)
  YESTERDAY        0.00                      0.08  -0.08     0.02
  MONTH TO DATE    2.47                      2.32   0.15     5.41
  SINCE SEP 1      3.41                      6.07  -2.66     9.61
  SINCE JAN 1     36.13                     32.29   3.84    38.11

SNOWFALL (IN)
  YESTERDAY        0.0                       0.0    0.0      0.0
  MONTH TO DATE    0.0                       0.5   -0.5      0.0
  SINCE SEP 1      0.0                       0.5   -0.5      0.0
  SINCE JUL 1      0.0                       0.5   -0.5      0.0
  SNOW DEPTH       0

DEGREE DAYS
 HEATING
  YESTERDAY       21                        17      4       28
  MONTH TO DATE  157                       350   -193      250
  SINCE SEP 1    255                       495   -240      290
  SINCE JUL 1    271                       533   -262      296

 COOLING
  YESTERDAY        0                         0      0        0
  MONTH TO DATE   22                         3     19       17
  SINCE SEP 1    125                        55     70      133
  SINCE JAN 1    658                       541    117      876
..................................................................


WIND (MPH)
  HIGHEST WIND SPEED     9   HIGHEST WIND DIRECTION    SW (220)
  HIGHEST GUST SPEED    11   HIGHEST GUST DIRECTION    SW (230)
  AVERAGE WIND SPEED     4.0


SKY COVER
  POSSIBLE SUNSHINE  MM
  AVERAGE SKY COVER 0.9


WEATHER CONDITIONS
 THE FOLLOWING WEATHER WAS RECORDED YESTERDAY.
  FOG
  FOG W/VISIBILITY <= 1/4 MILE


RELATIVE HUMIDITY (PERCENT)
 HIGHEST   100          1200 AM
 LOWEST     59           300 PM
 AVERAGE    80

..........................................................


THE YOUNGSTOWN OH CLIMATE NORMALS FOR TODAY
                         NORMAL    RECORD    YEAR
 MAXIMUM TEMPERATURE (F)   57        76      2000
                                             1984
                                             1947
 MINIMUM TEMPERATURE (F)   39        22      1979


SUNRISE AND SUNSET
OCTOBER 27 2017.......SUNRISE   748 AM EDT   SUNSET   624 PM EDT
OCTOBER 28 2017.......SUNRISE   750 AM EDT   SUNSET   623 PM EDT


-  INDICATES NEGATIVE NUMBERS.
R  INDICATES RECORD WAS SET OR TIED.
MM INDICATES DATA IS MISSING.
T  INDICATES TRACE AMOUNT.




$$
