000
CDUS41 KCLE 082111
CLIYNG


CLIMATE REPORT
NATIONAL WEATHER SERVICE CLEVELAND OH
510 PM EDT FRI AUG 8 2014


...................................

...THE YOUNGSTOWN OH CLIMATE SUMMARY FOR AUGUST 8 2014...
VALID TODAY AS OF 0500 PM LOCAL TIME.

CLIMATE NORMAL PERIOD 1981 TO 2010
CLIMATE RECORD PERIOD 1897 TO 2014


WEATHER ITEM   OBSERVED TIME   RECORD YEAR NORMAL DEPARTURE LAST
                VALUE   (LST)  VALUE       VALUE  FROM      YEAR
                                                  NORMAL
..................................................................
TEMPERATURE (F)
 TODAY
  MAXIMUM         76    342 PM  97    1931  81     -5       83
  MINIMUM         53    534 AM  45    1989  59     -6       68
                                      1975
  AVERAGE         65                        70     -5       76

PRECIPITATION (IN)
  TODAY            0.00                      0.11  -0.11     0.20
  MONTH TO DATE    1.44                      0.89   0.55     1.05
  SINCE JUN 1      9.65                      9.08   0.57    13.87
  SINCE JAN 1     24.74                     23.87   0.87    25.64

SNOWFALL (IN)
  TODAY            0.0                       0.0    0.0      0.0
  MONTH TO DATE    0.0                       0.0    0.0      0.0
  SINCE JUN 1      0.0                       0.0    0.0       T
  SINCE JUL 1      0.0                       0.0    0.0      0.0
  SNOW DEPTH       0

DEGREE DAYS
 HEATING
  TODAY            0                         1     -1        0
  MONTH TO DATE    0                         3     -3        6
  SINCE JUN 1     56                        85    -29       75
  SINCE JUL 1     28                        16     12       19

 COOLING
  TODAY            0                         6     -6       11
  MONTH TO DATE   27                        48    -21       21
  SINCE JUN 1    310                       343    -33      359
  SINCE JAN 1    365                       382    -17      447
..................................................................


WIND (MPH)
  HIGHEST WIND SPEED    12   HIGHEST WIND DIRECTION     E (70)
  HIGHEST GUST SPEED    15   HIGHEST GUST DIRECTION     E (80)


SKY COVER
  POSSIBLE SUNSHINE  MM
  AVERAGE SKY COVER 0.8


WEATHER CONDITIONS
 THE FOLLOWING WEATHER WAS RECORDED TODAY.
  NO SIGNIFICANT WEATHER WAS OBSERVED.


RELATIVE HUMIDITY (PERCENT)
 HIGHEST   100           200 AM
 LOWEST     43           400 PM
 AVERAGE    72

..........................................................


THE YOUNGSTOWN OH CLIMATE NORMALS FOR TOMORROW
                         NORMAL    RECORD    YEAR
 MAXIMUM TEMPERATURE (F)   81        95      1930
 MINIMUM TEMPERATURE (F)   59        41      1989


SUNRISE AND SUNSET
AUGUST  8 2014........SUNRISE   625 AM EDT   SUNSET   831 PM EDT
AUGUST  9 2014........SUNRISE   626 AM EDT   SUNSET   830 PM EDT


-  INDICATES NEGATIVE NUMBERS.
R  INDICATES RECORD WAS SET OR TIED.
MM INDICATES DATA IS MISSING.
T  INDICATES TRACE AMOUNT.




$$
