000
CDUS41 KCLE 122113
CLIYNG


CLIMATE REPORT
NATIONAL WEATHER SERVICE CLEVELAND OH
512 PM EDT THU MAY 12 2016


...................................

...THE YOUNGSTOWN OH CLIMATE SUMMARY FOR MAY 12 2016...
VALID TODAY AS OF 0500 PM LOCAL TIME.

CLIMATE NORMAL PERIOD 1981 TO 2010
CLIMATE RECORD PERIOD 1897 TO 2016


WEATHER ITEM   OBSERVED TIME   RECORD YEAR NORMAL DEPARTURE LAST
                VALUE   (LST)  VALUE       VALUE  FROM      YEAR
                                                  NORMAL
..................................................................
TEMPERATURE (F)
 TODAY
  MAXIMUM         77    253 PM  89    1936  68      9       67
  MINIMUM         53    417 AM  31    1990  46      7       51
  AVERAGE         65                        57      8       59

PRECIPITATION (IN)
  TODAY            T                         0.12  -0.12      T
  MONTH TO DATE    1.09                      1.38  -0.29     1.01
  SINCE MAR 1      8.71                      7.68   1.03     6.22
  SINCE JAN 1     13.90                     12.38   1.52    11.45

SNOWFALL (IN)
  TODAY            0.0                       0.0    0.0      0.0
  MONTH TO DATE    0.0                       0.0    0.0      0.0
  SINCE MAR 1     13.1                      13.9   -0.8      9.5
  SINCE JUL 1     44.7                      62.7  -18.0     79.0
  SNOW DEPTH       0

DEGREE DAYS
 HEATING
  TODAY            0                         9     -9        6
  MONTH TO DATE  118                       123     -5       32
  SINCE MAR 1   1277                      1502   -225     1463
  SINCE JUL 1   5125                      6150  -1025     6581

 COOLING
  TODAY            0                         1     -1        0
  MONTH TO DATE    0                         5     -5       47
  SINCE MAR 1      0                        14    -14       47
  SINCE JAN 1      0                        14    -14       47
..................................................................


WIND (MPH)
  HIGHEST WIND SPEED    17   HIGHEST WIND DIRECTION    SW (240)
  HIGHEST GUST SPEED    21   HIGHEST GUST DIRECTION    SW (220)


SKY COVER
  POSSIBLE SUNSHINE  MM
  AVERAGE SKY COVER 0.9


WEATHER CONDITIONS
 THE FOLLOWING WEATHER WAS RECORDED TODAY.
  FOG
  HAZE


RELATIVE HUMIDITY (PERCENT)
 HIGHEST    93          1200 AM
 LOWEST     56           100 PM
 AVERAGE    75

..........................................................


THE YOUNGSTOWN OH CLIMATE NORMALS FOR TOMORROW
                         NORMAL    RECORD    YEAR
 MAXIMUM TEMPERATURE (F)   68        88      1936
 MINIMUM TEMPERATURE (F)   46        29      2013


SUNRISE AND SUNSET
MAY 12 2016...........SUNRISE   607 AM EDT   SUNSET   832 PM EDT
MAY 13 2016...........SUNRISE   606 AM EDT   SUNSET   833 PM EDT


-  INDICATES NEGATIVE NUMBERS.
R  INDICATES RECORD WAS SET OR TIED.
MM INDICATES DATA IS MISSING.
T  INDICATES TRACE AMOUNT.




$$
