000
CDUS41 KCLE 050536
CLIYNG


CLIMATE REPORT
NATIONAL WEATHER SERVICE CLEVELAND OH
126 AM EDT WED APR 5 2017


...................................

...THE YOUNGSTOWN OH CLIMATE SUMMARY FOR APRIL 4 2017...

CLIMATE NORMAL PERIOD 1981 TO 2010
CLIMATE RECORD PERIOD 1897 TO 2017


WEATHER ITEM   OBSERVED TIME   RECORD YEAR NORMAL DEPARTURE LAST
                VALUE   (LST)  VALUE       VALUE  FROM      YEAR
                                                  NORMAL
..................................................................
TEMPERATURE (F)
 YESTERDAY
  MAXIMUM         60   1250 PM  76    1981  54      6       53
  MINIMUM         45   1159 PM  16    1954  34     11       25
  AVERAGE         53                        44      9       39

PRECIPITATION (IN)
  YESTERDAY        0.05                      0.11  -0.06     0.01
  MONTH TO DATE    0.43                      0.46  -0.03     0.38
  SINCE MAR 1      5.47                      3.40   2.07     4.19
  SINCE JAN 1     13.35                      8.10   5.25     9.38

SNOWFALL (IN)
  YESTERDAY        0.0                       0.2   -0.2      0.1
  MONTH TO DATE    0.0                       0.8   -0.8      1.6
  SINCE MAR 1     20.1                      11.7    8.4      5.9
  SINCE JUL 1     67.5                      60.5    7.0     37.5
  SNOW DEPTH       0

DEGREE DAYS
 HEATING
  YESTERDAY       12                        21     -9       26
  MONTH TO DATE   66                        86    -20      100
  SINCE MAR 1    936                       962    -26      714
  SINCE JUL 1   4720                      5610   -890     4562

 COOLING
  YESTERDAY        0                         0      0        0
  MONTH TO DATE    0                         0      0        0
  SINCE MAR 1      0                         1     -1        0
  SINCE JAN 1      0                         1     -1        0
..................................................................


WIND (MPH)
  HIGHEST WIND SPEED    32   HIGHEST WIND DIRECTION     W (250)
  HIGHEST GUST SPEED    42   HIGHEST GUST DIRECTION     W (250)
  AVERAGE WIND SPEED    15.4


SKY COVER
  POSSIBLE SUNSHINE  MM
  AVERAGE SKY COVER 0.9


WEATHER CONDITIONS
 THE FOLLOWING WEATHER WAS RECORDED YESTERDAY.
  RAIN
  LIGHT RAIN
  FOG


RELATIVE HUMIDITY (PERCENT)
 HIGHEST    93           100 AM
 LOWEST     59           600 PM
 AVERAGE    76

..........................................................


THE YOUNGSTOWN OH CLIMATE NORMALS FOR TODAY
                         NORMAL    RECORD    YEAR
 MAXIMUM TEMPERATURE (F)   55        79      2010
 MINIMUM TEMPERATURE (F)   35        16      1995


SUNRISE AND SUNSET
APRIL  5 2017.........SUNRISE   659 AM EDT   SUNSET   752 PM EDT
APRIL  6 2017.........SUNRISE   657 AM EDT   SUNSET   753 PM EDT


-  INDICATES NEGATIVE NUMBERS.
R  INDICATES RECORD WAS SET OR TIED.
MM INDICATES DATA IS MISSING.
T  INDICATES TRACE AMOUNT.




$$
