000
CDUS41 KCLE 150606
CLIYNG


CLIMATE REPORT...CORRECTED
NATIONAL WEATHER SERVICE CLEVELAND OH
104 AM EST SUN FEB 15 2015


...................................

...THE YOUNGSTOWN OH CLIMATE SUMMARY FOR FEBRUARY 14 2015...

CLIMATE NORMAL PERIOD 1981 TO 2010
CLIMATE RECORD PERIOD 1897 TO 2015


WEATHER ITEM   OBSERVED TIME   RECORD YEAR NORMAL DEPARTURE LAST
                VALUE   (LST)  VALUE       VALUE  FROM      YEAR
                                                  NORMAL
..................................................................
TEMPERATURE (F)
 YESTERDAY
  MAXIMUM         26   1233 PM  68    1938  36    -10       28
  MINIMUM          0   1159 PM  -6    1979  20    -20       17
  AVERAGE         13                        28    -15       23

PRECIPITATION (IN)
  YESTERDAY        0.17                      0.08   0.09     0.04
  MONTH TO DATE    1.52                      1.05   0.47     1.00
  SINCE DEC 1      7.00                      6.59   0.41     6.95
  SINCE JAN 1      4.68                      3.60   1.08     3.43

SNOWFALL (IN)
  YESTERDAY        4.6                       0.5    4.1      0.4
  MONTH TO DATE   18.2                       6.3   11.9     11.6
  SINCE DEC 1     48.2                      37.9   10.3     55.1
  SINCE JUL 1     59.8                      42.3   17.5     69.2
  SNOW DEPTH       8

DEGREE DAYS
 HEATING
  YESTERDAY       52                        37     15       42
  MONTH TO DATE  620                       531     89      654
  SINCE DEC 1   2896                      2825     71     3111
  SINCE JUL 1   4306                      4154    152     4493

 COOLING
  YESTERDAY        0                         0      0        0
  MONTH TO DATE    0                         0      0        0
  SINCE DEC 1      0                         0      0        0
  SINCE JAN 1      0                         0      0        0
..................................................................


WIND (MPH)
  HIGHEST WIND SPEED    35   HIGHEST WIND DIRECTION    NW (330)
  HIGHEST GUST SPEED    41   HIGHEST GUST DIRECTION    NW (330)
  AVERAGE WIND SPEED    16.4


SKY COVER
  POSSIBLE SUNSHINE  MM
  AVERAGE SKY COVER 0.9


WEATHER CONDITIONS
 THE FOLLOWING WEATHER WAS RECORDED YESTERDAY.
  HEAVY SNOW
  SNOW
  LIGHT SNOW
  FOG
  FOG W/VISIBILITY <= 1/4 MILE
  BLOWING SNOW


RELATIVE HUMIDITY (PERCENT)
 HIGHEST    92           900 AM
 LOWEST     62          1000 PM
 AVERAGE    77

..........................................................


THE YOUNGSTOWN OH CLIMATE NORMALS FOR TODAY
                         NORMAL    RECORD    YEAR
 MAXIMUM TEMPERATURE (F)   36        65      1954
 MINIMUM TEMPERATURE (F)   21        -4      1963
                                             1943


SUNRISE AND SUNSET
FEBRUARY 15 2015......SUNRISE   718 AM EST   SUNSET   556 PM EST
FEBRUARY 16 2015......SUNRISE   716 AM EST   SUNSET   558 PM EST


-  INDICATES NEGATIVE NUMBERS.
R  INDICATES RECORD WAS SET OR TIED.
MM INDICATES DATA IS MISSING.
T  INDICATES TRACE AMOUNT.




$$
...CORRECTED SNOWFALL...
