000
CDUS41 KCLE 180545
CLIYNG


CLIMATE REPORT
NATIONAL WEATHER SERVICE CLEVELAND OH
145 AM EDT TUE AUG 18 2015


...................................

...THE YOUNGSTOWN OH CLIMATE SUMMARY FOR AUGUST 17 2015...

CLIMATE NORMAL PERIOD 1981 TO 2010
CLIMATE RECORD PERIOD 1897 TO 2015


WEATHER ITEM   OBSERVED TIME   RECORD YEAR NORMAL DEPARTURE LAST
                VALUE   (LST)  VALUE       VALUE  FROM      YEAR
                                                  NORMAL
..................................................................
TEMPERATURE (F)
 YESTERDAY
  MAXIMUM         89    256 PM  97    1988  80      9       78
  MINIMUM         64   1253 AM  43    1981  58      6       59
  AVERAGE         77                        69      8       69

PRECIPITATION (IN)
  YESTERDAY        0.00                      0.10  -0.10     0.47
  MONTH TO DATE    1.44                      1.77  -0.33     3.30
  SINCE JUN 1     14.53                      9.96   4.57    11.51
  SINCE JAN 1     29.51                     24.75   4.76    26.60

SNOWFALL (IN)
  YESTERDAY        0.0                       0.0    0.0      0.0
  MONTH TO DATE    0.0                       0.0    0.0      0.0
  SINCE JUN 1      0.0                       0.0    0.0      0.0
  SINCE JUL 1      0.0                       0.0    0.0      0.0
  SNOW DEPTH       0

DEGREE DAYS
 HEATING
  YESTERDAY        0                         1     -1        0
  MONTH TO DATE    3                        12     -9       17
  SINCE JUN 1     52                        94    -42       73
  SINCE JUL 1     10                        25    -15       45

 COOLING
  YESTERDAY       12                         5      7        4
  MONTH TO DATE  100                        93      7       51
  SINCE JUN 1    395                       388      7      334
  SINCE JAN 1    507                       427     80      389
..................................................................


WIND (MPH)
  HIGHEST WIND SPEED    14   HIGHEST WIND DIRECTION     N (340)
  HIGHEST GUST SPEED    17   HIGHEST GUST DIRECTION    NW (330)
  AVERAGE WIND SPEED     4.6


SKY COVER
  POSSIBLE SUNSHINE  MM
  AVERAGE SKY COVER 0.6


WEATHER CONDITIONS
 THE FOLLOWING WEATHER WAS RECORDED YESTERDAY.
  FOG


RELATIVE HUMIDITY (PERCENT)
 HIGHEST    93          1200 AM
 LOWEST     40           300 PM
 AVERAGE    67

..........................................................


THE YOUNGSTOWN OH CLIMATE NORMALS FOR TODAY
                         NORMAL    RECORD    YEAR
 MAXIMUM TEMPERATURE (F)   80        94      1937
 MINIMUM TEMPERATURE (F)   58        41      1981


SUNRISE AND SUNSET
AUGUST 18 2015........SUNRISE   635 AM EDT   SUNSET   818 PM EDT
AUGUST 19 2015........SUNRISE   636 AM EDT   SUNSET   816 PM EDT


-  INDICATES NEGATIVE NUMBERS.
R  INDICATES RECORD WAS SET OR TIED.
MM INDICATES DATA IS MISSING.
T  INDICATES TRACE AMOUNT.




$$
