000
CDUS41 KCLE 052217
CLIYNG


CLIMATE REPORT
NATIONAL WEATHER SERVICE CLEVELAND OH
517 PM EST FRI DEC 5 2014


...................................

...THE YOUNGSTOWN OH CLIMATE SUMMARY FOR DECEMBER 5 2014...
VALID TODAY AS OF 0500 PM LOCAL TIME.

CLIMATE NORMAL PERIOD 1981 TO 2010
CLIMATE RECORD PERIOD 1897 TO 2014


WEATHER ITEM   OBSERVED TIME   RECORD YEAR NORMAL DEPARTURE LAST
                VALUE   (LST)  VALUE       VALUE  FROM      YEAR
                                                  NORMAL
..................................................................
TEMPERATURE (F)
 TODAY
  MAXIMUM         38    359 PM  71    2001  40     -2       62
  MINIMUM         27    257 AM   9    1991  28     -1       34
  AVERAGE         33                        34     -1       48

PRECIPITATION (IN)
  TODAY            T                         0.10  -0.10     0.07
  MONTH TO DATE    0.25                      0.50  -0.25     0.07
  SINCE DEC 1      0.25                      0.50  -0.25     0.07
  SINCE JAN 1     37.20                     36.42   0.78    35.68

SNOWFALL (IN)
  TODAY            0.0                       0.4   -0.4       T
  MONTH TO DATE    0.0                       2.0   -2.0       T
  SINCE DEC 1      0.0                       2.0   -2.0       T
  SINCE JUL 1     11.6                       6.4    5.2     14.1
  SNOW DEPTH       0

DEGREE DAYS
 HEATING
  TODAY           32                        31      1       17
  MONTH TO DATE  155                       152      3      121
  SINCE DEC 1    155                       152      3      121
  SINCE JUL 1   1565                      1481     84     1503

 COOLING
  TODAY            0                         0      0        0
  MONTH TO DATE    0                         0      0        0
  SINCE DEC 1      0                         0      0        0
  SINCE JAN 1    533                       544    -11      630
..................................................................


WIND (MPH)
  HIGHEST WIND SPEED    14   HIGHEST WIND DIRECTION    SE (120)
  HIGHEST GUST SPEED    18   HIGHEST GUST DIRECTION    SE (130)


SKY COVER
  POSSIBLE SUNSHINE  MM
  AVERAGE SKY COVER 0.9


WEATHER CONDITIONS
 THE FOLLOWING WEATHER WAS RECORDED TODAY.
  LIGHT RAIN
  FOG
  FOG W/VISIBILITY <= 1/4 MILE


RELATIVE HUMIDITY (PERCENT)
 HIGHEST   100           400 PM
 LOWEST     72           700 AM
 AVERAGE    86

..........................................................


THE YOUNGSTOWN OH CLIMATE NORMALS FOR TOMORROW
                         NORMAL    RECORD    YEAR
 MAXIMUM TEMPERATURE (F)   40        69      1998
 MINIMUM TEMPERATURE (F)   27         8      1977


SUNRISE AND SUNSET
DECEMBER  5 2014......SUNRISE   733 AM EST   SUNSET   454 PM EST
DECEMBER  6 2014......SUNRISE   734 AM EST   SUNSET   453 PM EST


-  INDICATES NEGATIVE NUMBERS.
R  INDICATES RECORD WAS SET OR TIED.
MM INDICATES DATA IS MISSING.
T  INDICATES TRACE AMOUNT.




$$
