000
CDUS41 KCLE 190545
CLIYNG


CLIMATE REPORT
NATIONAL WEATHER SERVICE CLEVELAND OH
145 AM EDT SAT JUL 19 2014


...................................

...THE YOUNGSTOWN OH CLIMATE SUMMARY FOR JULY 18 2014...

CLIMATE NORMAL PERIOD 1981 TO 2010
CLIMATE RECORD PERIOD 1897 TO 2014


WEATHER ITEM   OBSERVED TIME   RECORD YEAR NORMAL DEPARTURE LAST
                VALUE   (LST)  VALUE       VALUE  FROM      YEAR
                                                  NORMAL
..................................................................
TEMPERATURE (F)
 YESTERDAY
  MAXIMUM         76    413 PM  98    1942  82     -6       91
  MINIMUM         46    459 AM  44    1971  60    -14       71
  AVERAGE         61                        71    -10       81

PRECIPITATION (IN)
  YESTERDAY        T                         0.15  -0.15     0.00
  MONTH TO DATE    1.62                      2.54  -0.92     4.90
  SINCE JUN 1      6.42                      6.42   0.00    10.27
  SINCE JAN 1     21.51                     21.21   0.30    22.04

SNOWFALL (IN)
  YESTERDAY       MM                         0.0   MM        0.0
  MONTH TO DATE    0.0                       0.0    0.0      0.0
  SINCE JUN 1      0.0                       0.0    0.0       T
  SINCE JUL 1      0.0                       0.0    0.0      0.0
  SNOW DEPTH       0

DEGREE DAYS
 HEATING
  YESTERDAY        4                         0      4        0
  MONTH TO DATE   16                         8      8        0
  SINCE JUN 1     44                        77    -33       56
  SINCE JUL 1     16                         8      8        0

 COOLING
  YESTERDAY        0                         6     -6       16
  MONTH TO DATE   85                       108    -23      174
  SINCE JUN 1    238                       218     20      292
  SINCE JAN 1    293                       257     36      380
..................................................................


WIND (MPH)
  HIGHEST WIND SPEED    10   HIGHEST WIND DIRECTION     E (110)
  HIGHEST GUST SPEED    14   HIGHEST GUST DIRECTION    SE (140)
  AVERAGE WIND SPEED     4.7


SKY COVER
  POSSIBLE SUNSHINE  MM
  AVERAGE SKY COVER 0.7


WEATHER CONDITIONS
 THE FOLLOWING WEATHER WAS RECORDED YESTERDAY.
  LIGHT RAIN


RELATIVE HUMIDITY (PERCENT)
 HIGHEST    93           100 AM
 LOWEST     36           100 PM
 AVERAGE    65

..........................................................


THE YOUNGSTOWN OH CLIMATE NORMALS FOR TODAY
                         NORMAL    RECORD    YEAR
 MAXIMUM TEMPERATURE (F)   82        98      1942
 MINIMUM TEMPERATURE (F)   60        48      2003


SUNRISE AND SUNSET
JULY 19 2014..........SUNRISE   606 AM EDT   SUNSET   852 PM EDT
JULY 20 2014..........SUNRISE   607 AM EDT   SUNSET   851 PM EDT


-  INDICATES NEGATIVE NUMBERS.
R  INDICATES RECORD WAS SET OR TIED.
MM INDICATES DATA IS MISSING.
T  INDICATES TRACE AMOUNT.




$$
