000
CDUS41 KCLE 032213
CLIYNG


CLIMATE REPORT
NATIONAL WEATHER SERVICE CLEVELAND OH
511 PM EST WED JAN 3 2018


...................................

...THE YOUNGSTOWN OH CLIMATE SUMMARY FOR JANUARY 3 2018...
VALID TODAY AS OF 0500 PM LOCAL TIME.

CLIMATE NORMAL PERIOD 1981 TO 2010
CLIMATE RECORD PERIOD 1897 TO 2018


WEATHER ITEM   OBSERVED TIME   RECORD YEAR NORMAL DEPARTURE LAST
                VALUE   (LST)  VALUE       VALUE  FROM      YEAR
                                                  NORMAL
..................................................................
TEMPERATURE (F)
 TODAY
  MAXIMUM         22    312 PM  61    1950  33    -11       45
  MINIMUM          2    725 AM  -4    1979  20    -18       40
  AVERAGE         12                        26    -14       43

PRECIPITATION (IN)
  TODAY            0.00                      0.09  -0.09     0.92
  MONTH TO DATE    T                         0.27  -0.27     0.97
  SINCE DEC 1      2.11                      3.26  -1.15     4.54
  SINCE JAN 1      T                         0.27  -0.27     0.97

SNOWFALL (IN)
  TODAY            0.0                       0.6   -0.6      0.0
  MONTH TO DATE    0.4                       1.6   -1.2      0.0
  SINCE DEC 1     19.4                      16.6    2.8     23.3
  SINCE JUL 1     20.4                      21.0   -0.6     27.7
  SNOW DEPTH       3

DEGREE DAYS
 HEATING
  TODAY           53                        39     14       22
  MONTH TO DATE  168                       117     51       83
  SINCE DEC 1   1319                      1194    125     1162
  SINCE JUL 1   2417                      2523   -106     2134

 COOLING
  TODAY            0                         0      0        0
  MONTH TO DATE    0                         0      0        0
  SINCE DEC 1      0                         0      0        0
  SINCE JAN 1      0                         0      0        0
..................................................................


WIND (MPH)
  HIGHEST WIND SPEED    16   HIGHEST WIND DIRECTION     S (170)
  HIGHEST GUST SPEED    21   HIGHEST GUST DIRECTION     S (180)


SKY COVER
  POSSIBLE SUNSHINE  MM
  AVERAGE SKY COVER 0.5


WEATHER CONDITIONS
 THE FOLLOWING WEATHER WAS RECORDED TODAY.
  NO SIGNIFICANT WEATHER WAS OBSERVED.


RELATIVE HUMIDITY (PERCENT)
 HIGHEST    75           700 AM
 LOWEST     36           400 PM
 AVERAGE    56

..........................................................


THE YOUNGSTOWN OH CLIMATE NORMALS FOR TOMORROW
                         NORMAL    RECORD    YEAR
 MAXIMUM TEMPERATURE (F)   33        64      1997
 MINIMUM TEMPERATURE (F)   20        -2      1981


SUNRISE AND SUNSET
JANUARY  3 2018.......SUNRISE   749 AM EST   SUNSET   506 PM EST
JANUARY  4 2018.......SUNRISE   749 AM EST   SUNSET   507 PM EST


-  INDICATES NEGATIVE NUMBERS.
R  INDICATES RECORD WAS SET OR TIED.
MM INDICATES DATA IS MISSING.
T  INDICATES TRACE AMOUNT.




$$
