000
CDUS41 KCLE 110533
CLIYNG


CLIMATE REPORT
NATIONAL WEATHER SERVICE CLEVELAND OH
1232 AM EST SAT NOV 11 2017


...................................

...THE YOUNGSTOWN OH CLIMATE SUMMARY FOR NOVEMBER 10 2017...

CLIMATE NORMAL PERIOD 1981 TO 2010
CLIMATE RECORD PERIOD 1897 TO 2017


WEATHER ITEM   OBSERVED TIME   RECORD YEAR NORMAL DEPARTURE LAST
                VALUE   (LST)  VALUE       VALUE  FROM      YEAR
                                                  NORMAL
..................................................................
TEMPERATURE (F)
 YESTERDAY
  MAXIMUM         35   1202 AM  68    1949  52    -17       57
                                      1931
  MINIMUM         14R  1109 PM  16    1991  36    -22       32
  AVERAGE         25                        44    -19       45

PRECIPITATION (IN)
  YESTERDAY        0.02                      0.09  -0.07     0.00
  MONTH TO DATE    2.76                      1.02   1.74     0.50
  SINCE SEP 1      6.47                      7.54  -1.07    10.81
  SINCE JAN 1     39.19                     33.76   5.43    39.31

SNOWFALL (IN)
  YESTERDAY        0.3                       0.1    0.2      0.0
  MONTH TO DATE    0.3                       0.6   -0.3      0.0
  SINCE SEP 1      0.3                       1.4   -1.1      0.0
  SINCE JUL 1      0.3                       1.4   -1.1      0.0
  SNOW DEPTH       0

DEGREE DAYS
 HEATING
  YESTERDAY       40                        21     19       20
  MONTH TO DATE  206                       200      6      128
  SINCE SEP 1    571                       783   -212      493
  SINCE JUL 1    587                       821   -234      499

 COOLING
  YESTERDAY        0                         0      0        0
  MONTH TO DATE    0                         0      0        3
  SINCE SEP 1    125                        58     67      136
  SINCE JAN 1    658                       544    114      879
..................................................................


WIND (MPH)
  HIGHEST WIND SPEED    25   HIGHEST WIND DIRECTION    NW (320)
  HIGHEST GUST SPEED    33   HIGHEST GUST DIRECTION    NW (330)
  AVERAGE WIND SPEED    12.1


SKY COVER
  POSSIBLE SUNSHINE  MM
  AVERAGE SKY COVER 0.7


WEATHER CONDITIONS
 THE FOLLOWING WEATHER WAS RECORDED YESTERDAY.
  SNOW
  LIGHT SNOW
  FOG


RELATIVE HUMIDITY (PERCENT)
 HIGHEST    88          1100 PM
 LOWEST     50           500 AM
 AVERAGE    69

..........................................................


THE YOUNGSTOWN OH CLIMATE NORMALS FOR TODAY
                         NORMAL    RECORD    YEAR
 MAXIMUM TEMPERATURE (F)   51        70      1939
 MINIMUM TEMPERATURE (F)   35        21      1957
                                             1952


SUNRISE AND SUNSET
NOVEMBER 11 2017......SUNRISE   706 AM EST   SUNSET   507 PM EST
NOVEMBER 12 2017......SUNRISE   707 AM EST   SUNSET   506 PM EST


-  INDICATES NEGATIVE NUMBERS.
R  INDICATES RECORD WAS SET OR TIED.
MM INDICATES DATA IS MISSING.
T  INDICATES TRACE AMOUNT.




$$
