000
CDUS41 KCLE 310529
CLIYNG


CLIMATE REPORT
NATIONAL WEATHER SERVICE CLEVELAND OH
128 AM EDT MON MAR 31 2014


...................................

...THE YOUNGSTOWN OH CLIMATE SUMMARY FOR MARCH 30 2014...

CLIMATE NORMAL PERIOD 1981 TO 2010
CLIMATE RECORD PERIOD 1897 TO 2014


WEATHER ITEM   OBSERVED TIME   RECORD YEAR NORMAL DEPARTURE LAST
                VALUE   (LST)  VALUE       VALUE  FROM      YEAR
                                                  NORMAL
..................................................................
TEMPERATURE (F)
 YESTERDAY
  MAXIMUM         42    351 PM  82    1986  52    -10       54
  MINIMUM         29    804 AM  13    1964  33     -4       26
  AVERAGE         36                        42     -6       40

PRECIPITATION (IN)
  YESTERDAY        0.06                      0.11  -0.05     0.00
  MONTH TO DATE    1.93                      2.83  -0.90     2.66
  SINCE MAR 1      1.93                      2.83  -0.90     2.66
  SINCE JAN 1      6.62                      7.53  -0.91     6.96

SNOWFALL (IN)
  YESTERDAY        0.6                       0.2    0.4      0.0
  MONTH TO DATE    8.1                      10.7   -2.6     19.9
  SINCE MAR 1      8.1                      10.7   -2.6     19.9
  SINCE JUL 1     89.1                      59.5   29.6     80.3
  SNOW DEPTH       2

DEGREE DAYS
 HEATING
  YESTERDAY       29                        23      6       25
  MONTH TO DATE 1055                       855    200      955
  SINCE MAR 1   1055                       855    200      955
  SINCE JUL 1   6123                      5503    620     5397

 COOLING
  YESTERDAY        0                         0      0        0
  MONTH TO DATE    0                         0      0        0
  SINCE MAR 1      0                         0      0        0
  SINCE JAN 1      0                         0      0        0
..................................................................


WIND (MPH)
  HIGHEST WIND SPEED    24   HIGHEST WIND DIRECTION     N (340)
  HIGHEST GUST SPEED    31   HIGHEST GUST DIRECTION     N (340)
  AVERAGE WIND SPEED    14.5


SKY COVER
  POSSIBLE SUNSHINE  MM
  AVERAGE SKY COVER 0.6


WEATHER CONDITIONS
 THE FOLLOWING WEATHER WAS RECORDED YESTERDAY.
  MIXED PRECIP
  LIGHT RAIN
  LT FREEZING RAIN
  SNOW
  LIGHT SNOW
  FOG
  BLOWING SNOW


RELATIVE HUMIDITY (PERCENT)
 HIGHEST    92           200 AM
 LOWEST     49           400 PM
 AVERAGE    71

..........................................................


THE YOUNGSTOWN OH CLIMATE NORMALS FOR TODAY
                         NORMAL    RECORD    YEAR
 MAXIMUM TEMPERATURE (F)   52        81      1998
 MINIMUM TEMPERATURE (F)   33        14      1969
                                             1964


SUNRISE AND SUNSET
MARCH 31 2014.........SUNRISE   708 AM EDT   SUNSET   747 PM EDT
APRIL  1 2014.........SUNRISE   706 AM EDT   SUNSET   748 PM EDT


-  INDICATES NEGATIVE NUMBERS.
R  INDICATES RECORD WAS SET OR TIED.
MM INDICATES DATA IS MISSING.
T  INDICATES TRACE AMOUNT.




$$
