000
CDUS45 KPUB 042328
CLIALS


CLIMATE REPORT
NATIONAL WEATHER SERVICE PUEBLO
528 PM MDT TUE AUG 4 2015


...................................

...THE ALAMOSA CO CLIMATE SUMMARY FOR AUGUST 4 2015...
VALID TODAY AS OF 0500 PM LOCAL TIME.

CLIMATE NORMAL PERIOD 1981 TO 2010
CLIMATE RECORD PERIOD 1932 TO 2015


WEATHER ITEM   OBSERVED TIME   RECORD YEAR NORMAL DEPARTURE LAST
                VALUE   (LST)  VALUE       VALUE  FROM      YEAR
                                                  NORMAL
..................................................................
TEMPERATURE (F)
 TODAY
  MAXIMUM         83    310 PM  88    2008  81      2       76
                                      1980
  MINIMUM         43    543 AM  39    1950  48     -5       51
  AVERAGE         63                        64     -1       64

PRECIPITATION (IN)
  TODAY            0.00          0.28 1951   0.04  -0.04      T
  MONTH TO DATE    0.11                      0.16  -0.05      T
  SINCE JUN 1      2.64                      1.62   1.02     1.54
  SINCE JAN 1      6.58                      3.84   2.74     3.35

SNOWFALL (IN)
  TODAY            0.0           0.0  2002   0.0    0.0      0.0
  MONTH TO DATE    0.0                       0.0    0.0      0.0
  SINCE JUN 1      0.0                       0.0    0.0      0.0
  SINCE JUL 1      0.0                       0.0    0.0      0.0
  SNOW DEPTH       0

DEGREE DAYS
 HEATING
  TODAY            2                         2      0        1
  MONTH TO DATE    5                         5      0       12
  SINCE JUN 1    125                       218    -93      160
  SINCE JUL 1     49                        50     -1       34

 COOLING
  TODAY            0                         1     -1        0
  MONTH TO DATE    1                         4     -3        0
  SINCE JUN 1     50                        42      8       57
  SINCE JAN 1     50                        42      8       57
..................................................................


WIND (MPH)
  HIGHEST WIND SPEED    16   HIGHEST WIND DIRECTION     N (350)
  HIGHEST GUST SPEED    21   HIGHEST GUST DIRECTION     N (360)
  AVERAGE WIND SPEED     4.5


SKY COVER
  POSSIBLE SUNSHINE  MM
  AVERAGE SKY COVER 0.1


WEATHER CONDITIONS
 THE FOLLOWING WEATHER WAS RECORDED TODAY.
  FOG


RELATIVE HUMIDITY (PERCENT)
 HIGHEST    93           100 AM
 LOWEST     20           300 PM
 AVERAGE    57

..........................................................


THE ALAMOSA CO CLIMATE NORMALS FOR TOMORROW
                         NORMAL    RECORD    YEAR
 MAXIMUM TEMPERATURE (F)   81        89      1934
 MINIMUM TEMPERATURE (F)   48        36      1996
                                             1978


SUNRISE AND SUNSET
AUGUST  4 2015........SUNRISE   610 AM MDT   SUNSET   809 PM MDT
AUGUST  5 2015........SUNRISE   611 AM MDT   SUNSET   807 PM MDT


-  INDICATES NEGATIVE NUMBERS.
R  INDICATES RECORD WAS SET OR TIED.
MM INDICATES DATA IS MISSING.
T  INDICATES TRACE AMOUNT.




$$
