000
CDUS45 KPUB 301038
CLIALS


CLIMATE REPORT
NATIONAL WEATHER SERVICE PUEBLO
436 AM MDT SAT JUL 30 2016


...................................

...THE ALAMOSA CO CLIMATE SUMMARY FOR JULY 29 2016...

CLIMATE NORMAL PERIOD 1981 TO 2010
CLIMATE RECORD PERIOD 1932 TO 2016


WEATHER ITEM   OBSERVED TIME   RECORD YEAR NORMAL DEPARTURE LAST
                VALUE   (LST)  VALUE       VALUE  FROM      YEAR
                                                  NORMAL
..................................................................
TEMPERATURE (F)
 YESTERDAY
  MAXIMUM         91R   310 PM  90    1951  82      9       80
  MINIMUM         50    533 AM  39    1986  48      2       53
  AVERAGE         71                        65      6       67

PRECIPITATION (IN)
  YESTERDAY        0.00          0.60 1985   0.04  -0.04      T
  MONTH TO DATE    0.31                      0.90  -0.59     1.17
  SINCE JUN 1      0.82                      1.39  -0.57     2.36
  SINCE JAN 1      5.19                      3.61   1.58     6.30

SNOWFALL (IN)
  YESTERDAY        0.0           0.0  2002   0.0    0.0      0.0
                                      2001
  MONTH TO DATE    0.0                       0.0    0.0      0.0
  SINCE JUN 1      0.0                       0.0    0.0      0.0
  SINCE JUL 1      0.0                       0.0    0.0      0.0
  SNOW DEPTH       0

DEGREE DAYS
 HEATING
  YESTERDAY        0                         1     -1        0
  MONTH TO DATE   13                        38    -25       44
  SINCE JUN 1     69                       206   -137      120
  SINCE JUL 1     13                        38    -25       44

 COOLING
  YESTERDAY        6                         1      5        2
  MONTH TO DATE   65                        29     36       23
  SINCE JUN 1     94                        35     59       47
  SINCE JAN 1     94                        35     59       47
..................................................................


WIND (MPH)
  HIGHEST WIND SPEED    29   HIGHEST WIND DIRECTION     E (100)
  HIGHEST GUST SPEED    36   HIGHEST GUST DIRECTION     E (100)
  AVERAGE WIND SPEED    10.1


SKY COVER
  POSSIBLE SUNSHINE  MM
  AVERAGE SKY COVER 0.0


WEATHER CONDITIONS
 THE FOLLOWING WEATHER WAS RECORDED YESTERDAY.
  NO SIGNIFICANT WEATHER WAS OBSERVED.


RELATIVE HUMIDITY (PERCENT)
 HIGHEST    77           400 AM
 LOWEST      9           500 PM
 AVERAGE    43

..........................................................


THE ALAMOSA CO CLIMATE NORMALS FOR TODAY
                         NORMAL    RECORD    YEAR
 MAXIMUM TEMPERATURE (F)   81        90      1972
                                             1934
 MINIMUM TEMPERATURE (F)   48        39      2004
                                             1944


SUNRISE AND SUNSET
JULY 30 2016..........SUNRISE   607 AM MDT   SUNSET   813 PM MDT
JULY 31 2016..........SUNRISE   607 AM MDT   SUNSET   812 PM MDT


-  INDICATES NEGATIVE NUMBERS.
R  INDICATES RECORD WAS SET OR TIED.
MM INDICATES DATA IS MISSING.
T  INDICATES TRACE AMOUNT.




$$
