275
CDUS45 KPUB 301052
CLIALS


CLIMATE REPORT
NATIONAL WEATHER SERVICE PUEBLO
451 AM MDT SAT APR 30 2016


...................................

...THE ALAMOSA CO CLIMATE SUMMARY FOR APRIL 29 2016...

CLIMATE NORMAL PERIOD 1981 TO 2010
CLIMATE RECORD PERIOD 1932 TO 2016


WEATHER ITEM   OBSERVED TIME   RECORD YEAR NORMAL DEPARTURE LAST
                VALUE   (LST)  VALUE       VALUE  FROM      YEAR
                                                  NORMAL
..................................................................
TEMPERATURE (F)
 YESTERDAY
  MAXIMUM         39    309 PM  78    1992  64    -25       71
                                      1981
  MINIMUM         31    845 AM   7    1996  29      2       28
  AVERAGE         35                        46    -11       50

PRECIPITATION (IN)
  YESTERDAY        0.36R         0.30 2007   0.02   0.34     0.00
                                      1941
  MONTH TO DATE    1.71                      0.57   1.14     0.43
  SINCE MAR 1      2.23                      1.10   1.13     0.83
  SINCE JAN 1      3.21                      1.62   1.59     2.17

SNOWFALL (IN)
  YESTERDAY        2.6 R         1.6  1958   0.1    2.5      0.0
  MONTH TO DATE   15.2                       3.5   11.7      0.7
  SINCE MAR 1     23.4                       8.5   14.9      0.7
  SINCE JUL 1     42.2                      26.6   15.6     23.8
  SNOW DEPTH       T

DEGREE DAYS
 HEATING
  YESTERDAY       30                        19     11       15
  MONTH TO DATE  663                       676    -13      628
  SINCE MAR 1   1580                      1653    -73     1413
  SINCE JUL 1   7346                      7982   -636     6905

 COOLING
  YESTERDAY        0                         0      0        0
  MONTH TO DATE    0                         0      0        0
  SINCE MAR 1      0                         0      0        0
  SINCE JAN 1      0                         0      0        0
..................................................................


WIND (MPH)
  HIGHEST WIND SPEED    21   HIGHEST WIND DIRECTION     E (100)
  HIGHEST GUST SPEED    29   HIGHEST GUST DIRECTION     E (90)
  AVERAGE WIND SPEED     6.9


SKY COVER
  POSSIBLE SUNSHINE  MM
  AVERAGE SKY COVER 1.0


WEATHER CONDITIONS
 THE FOLLOWING WEATHER WAS RECORDED YESTERDAY.
  LIGHT RAIN
  HEAVY SNOW
  SNOW
  LIGHT SNOW
  FOG


RELATIVE HUMIDITY (PERCENT)
 HIGHEST   100           600 AM
 LOWEST     82           100 PM
 AVERAGE    91

..........................................................


THE ALAMOSA CO CLIMATE NORMALS FOR TODAY
                         NORMAL    RECORD    YEAR
 MAXIMUM TEMPERATURE (F)   64        79      1981
 MINIMUM TEMPERATURE (F)   29        10      1975


SUNRISE AND SUNSET
APRIL 30 2016.........SUNRISE   609 AM MDT   SUNSET   753 PM MDT
MAY  1 2016...........SUNRISE   608 AM MDT   SUNSET   754 PM MDT


-  INDICATES NEGATIVE NUMBERS.
R  INDICATES RECORD WAS SET OR TIED.
MM INDICATES DATA IS MISSING.
T  INDICATES TRACE AMOUNT.




$$
