000
CDUS45 KPUB 291025
CLIALS


CLIMATE REPORT
NATIONAL WEATHER SERVICE PUEBLO
424 AM MDT MON AUG 29 2016


...................................

...THE ALAMOSA CO CLIMATE SUMMARY FOR AUGUST 28 2016...

CLIMATE NORMAL PERIOD 1981 TO 2010
CLIMATE RECORD PERIOD 1932 TO 2016


WEATHER ITEM   OBSERVED TIME   RECORD YEAR NORMAL DEPARTURE LAST
                VALUE   (LST)  VALUE       VALUE  FROM      YEAR
                                                  NORMAL
..................................................................
TEMPERATURE (F)
 YESTERDAY
  MAXIMUM         75    339 PM  87    2011  78     -3       82
  MINIMUM         34    557 AM  30    1964  44    -10       43
  AVERAGE         55                        61     -6       63

PRECIPITATION (IN)
  YESTERDAY        0.06          0.50 1996   0.04   0.02     0.00
  MONTH TO DATE    2.15                      1.15   1.00     0.46
  SINCE JUN 1      2.97                      2.61   0.36     2.99
  SINCE JAN 1      7.34                      4.83   2.51     6.93

SNOWFALL (IN)
  YESTERDAY        0.0           0.0  2002   0.0    0.0      0.0
  MONTH TO DATE    0.0                       0.0    0.0      0.0
  SINCE JUN 1      0.0                       0.0    0.0      0.0
  SINCE JUL 1      0.0                       0.0    0.0      0.0
  SNOW DEPTH       0

DEGREE DAYS
 HEATING
  YESTERDAY       10                         4      6        2
  MONTH TO DATE  112                        70     42       46
  SINCE JUN 1    181                       283   -102      166
  SINCE JUL 1    125                       115     10       90

 COOLING
  YESTERDAY        0                         0      0        0
  MONTH TO DATE    9                        12     -3       24
  SINCE JUN 1    115                        50     65       73
  SINCE JAN 1    115                        50     65       73
..................................................................


WIND (MPH)
  HIGHEST WIND SPEED    21   HIGHEST WIND DIRECTION     N (360)
  HIGHEST GUST SPEED    25   HIGHEST GUST DIRECTION     N (350)
  AVERAGE WIND SPEED     5.3


SKY COVER
  POSSIBLE SUNSHINE  MM
  AVERAGE SKY COVER 0.2


WEATHER CONDITIONS
 THE FOLLOWING WEATHER WAS RECORDED YESTERDAY.
  THUNDERSTORM
  LIGHT RAIN


RELATIVE HUMIDITY (PERCENT)
 HIGHEST   100           300 AM
 LOWEST     23           300 PM
 AVERAGE    62

..........................................................


THE ALAMOSA CO CLIMATE NORMALS FOR TODAY
                         NORMAL    RECORD    YEAR
 MAXIMUM TEMPERATURE (F)   78        87      2013
                                             1990
 MINIMUM TEMPERATURE (F)   44        32      1956


SUNRISE AND SUNSET
AUGUST 29 2016........SUNRISE   632 AM MDT   SUNSET   736 PM MDT
AUGUST 30 2016........SUNRISE   633 AM MDT   SUNSET   734 PM MDT


-  INDICATES NEGATIVE NUMBERS.
R  INDICATES RECORD WAS SET OR TIED.
MM INDICATES DATA IS MISSING.
T  INDICATES TRACE AMOUNT.




$$
