788
CDUS45 KPUB 060044
CLIALS


CLIMATE REPORT
NATIONAL WEATHER SERVICE PUEBLO
543 PM MST MON DEC 5 2016


...................................

...THE ALAMOSA CO CLIMATE SUMMARY FOR DECEMBER 5 2016...
VALID TODAY AS OF 0500 PM LOCAL TIME.

CLIMATE NORMAL PERIOD 1981 TO 2010
CLIMATE RECORD PERIOD 1932 TO 2016


WEATHER ITEM   OBSERVED TIME   RECORD YEAR NORMAL DEPARTURE LAST
                VALUE   (LST)  VALUE       VALUE  FROM      YEAR
                                                  NORMAL
..................................................................
TEMPERATURE (F)
 TODAY
  MAXIMUM         45    309 PM  59    1958  37      8       46
                                      1939
  MINIMUM          0    718 AM -26    1964   3     -3       10
  AVERAGE         23                        20      3       28

PRECIPITATION (IN)
  TODAY            0.00          0.23 1992   0.01  -0.01      T
  MONTH TO DATE    0.07                      0.06   0.01      T
  SINCE DEC 1      0.07                      0.06   0.01      T
  SINCE JAN 1      8.16                      7.02   1.14     9.17

SNOWFALL (IN)
  TODAY            0.0           2.5  1969   0.1   -0.1      0.0
  MONTH TO DATE    1.4                       0.7    0.7      0.0
  SINCE DEC 1      1.4                       0.7    0.7      0.0
  SINCE JUL 1      2.4                       6.5   -4.1      4.3
  SNOW DEPTH       T

DEGREE DAYS
 HEATING
  TODAY           42                        45     -3       37
  MONTH TO DATE  244                       219     25      206
  SINCE DEC 1    244                       219     25      206
  SINCE JUL 1   2108                      2394   -286     1984

 COOLING
  TODAY            0                         0      0        0
  MONTH TO DATE    0                         0      0        0
  SINCE DEC 1      0                         0      0        0
  SINCE JAN 1    115                        51     64       74
..................................................................


WIND (MPH)
  HIGHEST WIND SPEED    10   HIGHEST WIND DIRECTION     W (250)
  HIGHEST GUST SPEED    12   HIGHEST GUST DIRECTION     W (260)
  AVERAGE WIND SPEED     4.3


SKY COVER
  POSSIBLE SUNSHINE  MM
  AVERAGE SKY COVER 0.0


WEATHER CONDITIONS
 THE FOLLOWING WEATHER WAS RECORDED TODAY.
  NO SIGNIFICANT WEATHER WAS OBSERVED.


RELATIVE HUMIDITY (PERCENT)
 HIGHEST    91          1200 AM
 LOWEST     28           300 PM
 AVERAGE    60

..........................................................


THE ALAMOSA CO CLIMATE NORMALS FOR TOMORROW
                         NORMAL    RECORD    YEAR
 MAXIMUM TEMPERATURE (F)   37        59      1943
 MINIMUM TEMPERATURE (F)    3       -31      1964


SUNRISE AND SUNSET
DECEMBER  5 2016......SUNRISE   703 AM MST   SUNSET   445 PM MST
DECEMBER  6 2016......SUNRISE   704 AM MST   SUNSET   445 PM MST


-  INDICATES NEGATIVE NUMBERS.
R  INDICATES RECORD WAS SET OR TIED.
MM INDICATES DATA IS MISSING.
T  INDICATES TRACE AMOUNT.




$$
