000
CDUS45 KPUB 261042
CLIALS


CLIMATE REPORT
NATIONAL WEATHER SERVICE PUEBLO
442 AM MDT SAT JUL 26 2014


...................................

...THE ALAMOSA CO CLIMATE SUMMARY FOR JULY 25 2014...

CLIMATE NORMAL PERIOD 1981 TO 2010
CLIMATE RECORD PERIOD 1932 TO 2014


WEATHER ITEM   OBSERVED TIME   RECORD YEAR NORMAL DEPARTURE LAST
                VALUE   (LST)  VALUE       VALUE  FROM      YEAR
                                                  NORMAL
..................................................................
TEMPERATURE (F)
 YESTERDAY
  MAXIMUM         86   1254 PM  92    2003  82      4       85
  MINIMUM         54   1150 PM  39    1993  48      6       47
                                      1944
  AVERAGE         70                        65      5       66

PRECIPITATION (IN)
  YESTERDAY        T             0.77 1941   0.04  -0.04      T
  MONTH TO DATE    0.76                      0.76   0.00     0.52
  SINCE JUN 1      0.78                      1.25  -0.47     1.06
  SINCE JAN 1      2.59                      3.47  -0.88     2.12

SNOWFALL (IN)
  YESTERDAY        0.0           0.0  2002   0.0    0.0      0.0
                                      2001
  MONTH TO DATE    0.0                       0.0    0.0      0.0
  SINCE JUN 1      0.0                       0.0    0.0      0.0
  SINCE JUL 1      0.0                       0.0    0.0      0.0
  SNOW DEPTH       0

DEGREE DAYS
 HEATING
  YESTERDAY        0                         1     -1        0
  MONTH TO DATE   14                        34    -20       18
  SINCE JUN 1    140                       202    -62      120
  SINCE JUL 1     14                        34    -20       18

 COOLING
  YESTERDAY        5                         1      4        1
  MONTH TO DATE   48                        25     23       49
  SINCE JUN 1     49                        31     18       65
  SINCE JAN 1     49                        31     18       65
..................................................................


WIND (MPH)
  HIGHEST WIND SPEED    20   HIGHEST WIND DIRECTION     W (290)
  HIGHEST GUST SPEED    25   HIGHEST GUST DIRECTION     N (350)
  AVERAGE WIND SPEED     5.7


SKY COVER
  POSSIBLE SUNSHINE  MM
  AVERAGE SKY COVER 0.2


WEATHER CONDITIONS
 THE FOLLOWING WEATHER WAS RECORDED YESTERDAY.
  LIGHT RAIN


RELATIVE HUMIDITY (PERCENT)
 HIGHEST    80           500 AM
 LOWEST     23           100 PM
 AVERAGE    52

..........................................................


THE ALAMOSA CO CLIMATE NORMALS FOR TODAY
                         NORMAL    RECORD    YEAR
 MAXIMUM TEMPERATURE (F)   82        88      2011
                                             2003
                                             1995
 MINIMUM TEMPERATURE (F)   48        39      1944


SUNRISE AND SUNSET
JULY 26 2014..........SUNRISE   603 AM MDT   SUNSET   817 PM MDT
JULY 27 2014..........SUNRISE   604 AM MDT   SUNSET   816 PM MDT


-  INDICATES NEGATIVE NUMBERS.
R  INDICATES RECORD WAS SET OR TIED.
MM INDICATES DATA IS MISSING.
T  INDICATES TRACE AMOUNT.




$$
