000
CDUS45 KPUB 031042
CLIALS


CLIMATE REPORT
NATIONAL WEATHER SERVICE PUEBLO
441 AM MDT FRI JUL 3 2015


...................................

...THE ALAMOSA CO CLIMATE SUMMARY FOR JULY 2 2015...

CLIMATE NORMAL PERIOD 1981 TO 2010
CLIMATE RECORD PERIOD 1932 TO 2015


WEATHER ITEM   OBSERVED TIME   RECORD YEAR NORMAL DEPARTURE LAST
                VALUE   (LST)  VALUE       VALUE  FROM      YEAR
                                                  NORMAL
..................................................................
TEMPERATURE (F)
 YESTERDAY
  MAXIMUM         79    327 PM  92    2002  82     -3       78
  MINIMUM         54   1159 PM  30    1997  45      9       49
  AVERAGE         67                        64      3       64

PRECIPITATION (IN)
  YESTERDAY        0.02          0.31 2006   0.03  -0.01     0.00
  MONTH TO DATE    0.11                      0.05   0.06      T
  SINCE JUN 1      1.30                      0.54   0.76     0.02
  SINCE JAN 1      5.24                      2.76   2.48     1.83

SNOWFALL (IN)
  YESTERDAY        0.0           0.0  2002   0.0    0.0      0.0
  MONTH TO DATE    0.0                       0.0    0.0      0.0
  SINCE JUN 1      0.0                       0.0    0.0      0.0
  SINCE JUL 1      0.0                       0.0    0.0      0.0
  SNOW DEPTH       0

DEGREE DAYS
 HEATING
  YESTERDAY        0                         2     -2        1
  MONTH TO DATE    0                         4     -4        2
  SINCE JUN 1     76                       172    -96      128
  SINCE JUL 1      0                         4     -4        2

 COOLING
  YESTERDAY        2                         1      1        0
  MONTH TO DATE    9                         2      7        0
  SINCE JUN 1     33                         8     25        1
  SINCE JAN 1     33                         8     25        1
..................................................................


WIND (MPH)
  HIGHEST WIND SPEED    25   HIGHEST WIND DIRECTION     N (20)
  HIGHEST GUST SPEED    33   HIGHEST GUST DIRECTION    NE (30)
  AVERAGE WIND SPEED     4.4


SKY COVER
  POSSIBLE SUNSHINE  MM
  AVERAGE SKY COVER 0.1


WEATHER CONDITIONS
 THE FOLLOWING WEATHER WAS RECORDED YESTERDAY.
  THUNDERSTORM
  RAIN
  LIGHT RAIN


RELATIVE HUMIDITY (PERCENT)
 HIGHEST    93          1200 AM
 LOWEST     35           400 PM
 AVERAGE    64

..........................................................


THE ALAMOSA CO CLIMATE NORMALS FOR TODAY
                         NORMAL    RECORD    YEAR
 MAXIMUM TEMPERATURE (F)   82        92      2007
                                             1989
 MINIMUM TEMPERATURE (F)   45        34      1992


SUNRISE AND SUNSET
JULY  3 2015..........SUNRISE   547 AM MDT   SUNSET   828 PM MDT
JULY  4 2015..........SUNRISE   548 AM MDT   SUNSET   828 PM MDT


-  INDICATES NEGATIVE NUMBERS.
R  INDICATES RECORD WAS SET OR TIED.
MM INDICATES DATA IS MISSING.
T  INDICATES TRACE AMOUNT.




$$
