541
CDUS45 KPUB 170037
CLIALS


CLIMATE REPORT
NATIONAL WEATHER SERVICE PUEBLO
637 PM MDT WED AUG 16 2017


...................................

...THE ALAMOSA CO CLIMATE SUMMARY FOR AUGUST 16 2017...
VALID TODAY AS OF 0500 PM LOCAL TIME.

CLIMATE NORMAL PERIOD 1981 TO 2010
CLIMATE RECORD PERIOD 1932 TO 2017


WEATHER ITEM   OBSERVED TIME   RECORD YEAR NORMAL DEPARTURE LAST
                VALUE   (LST)  VALUE       VALUE  FROM      YEAR
                                                  NORMAL
..................................................................
TEMPERATURE (F)
 TODAY
  MAXIMUM         77    351 PM  89    2002  80     -3       74
  MINIMUM         40    457 AM  34    1978  46     -6       46
  AVERAGE         59                        63     -4       60

PRECIPITATION (IN)
  TODAY            0.00          0.41 2008   0.04  -0.04     0.00
  MONTH TO DATE    0.54                      0.65  -0.11     1.89
  SINCE JUN 1      4.25                      2.11   2.14     2.71
  SINCE JAN 1      8.50                      4.33   4.17     7.08

SNOWFALL (IN)
  TODAY            0.0           0.0  2002   0.0    0.0      0.0
  MONTH TO DATE    0.0                       0.0    0.0      0.0
  SINCE JUN 1      T                         0.0    0.0      0.0
  SINCE JUL 1      T                         0.0    0.0      0.0
  SNOW DEPTH       0

DEGREE DAYS
 HEATING
  TODAY            6                         2      4        5
  MONTH TO DATE   53                        29     24       19
  SINCE JUN 1    153                       242    -89       88
  SINCE JUL 1     62                        74    -12       32

 COOLING
  TODAY            0                         0      0        0
  MONTH TO DATE    0                        12    -12        9
  SINCE JUN 1     76                        50     26      115
  SINCE JAN 1     76                        50     26      115
..................................................................


WIND (MPH)
  HIGHEST WIND SPEED    14   HIGHEST WIND DIRECTION    SW (240)
  HIGHEST GUST SPEED    20   HIGHEST GUST DIRECTION    SW (220)
  AVERAGE WIND SPEED     3.8


SKY COVER
  POSSIBLE SUNSHINE  MM
  AVERAGE SKY COVER 0.2


WEATHER CONDITIONS
 THE FOLLOWING WEATHER WAS RECORDED TODAY.
  NO SIGNIFICANT WEATHER WAS OBSERVED.


RELATIVE HUMIDITY (PERCENT)
 HIGHEST    85           500 AM
 LOWEST     21           200 PM
 AVERAGE    53

..........................................................


THE ALAMOSA CO CLIMATE NORMALS FOR TOMORROW
                         NORMAL    RECORD    YEAR
 MAXIMUM TEMPERATURE (F)   80        91      2002
 MINIMUM TEMPERATURE (F)   46        33      2009


SUNRISE AND SUNSET
AUGUST 16 2017........SUNRISE   621 AM MDT   SUNSET   754 PM MDT
AUGUST 17 2017........SUNRISE   622 AM MDT   SUNSET   753 PM MDT


-  INDICATES NEGATIVE NUMBERS.
R  INDICATES RECORD WAS SET OR TIED.
MM INDICATES DATA IS MISSING.
T  INDICATES TRACE AMOUNT.




$$
