000
CDUS45 KPUB 100050
CLIALS


CLIMATE REPORT
NATIONAL WEATHER SERVICE PUEBLO
550 PM MST MON JAN 9 2017


...................................

...THE ALAMOSA CO CLIMATE SUMMARY FOR JANUARY 9 2017...
VALID TODAY AS OF 0500 PM LOCAL TIME.

CLIMATE NORMAL PERIOD 1981 TO 2010
CLIMATE RECORD PERIOD 1932 TO 2017


WEATHER ITEM   OBSERVED TIME   RECORD YEAR NORMAL DEPARTURE LAST
                VALUE   (LST)  VALUE       VALUE  FROM      YEAR
                                                  NORMAL
..................................................................
TEMPERATURE (F)
 TODAY
  MAXIMUM         45    213 PM  51    1978  34     11       23
                                      1945
  MINIMUM          1    308 AM -30    1944  -2      3       -3
  AVERAGE         23                        16      7       10

PRECIPITATION (IN)
  TODAY            T             0.14 1957   0.01  -0.01      T
  MONTH TO DATE    0.61                      0.07   0.54     0.55
  SINCE DEC 1      1.69                      0.42   1.27     0.80
  SINCE JAN 1      0.61                      0.07   0.54     0.55

SNOWFALL (IN)
  TODAY            0.0           2.6  1949   0.1   -0.1       T
  MONTH TO DATE   10.7                       1.0    9.7      6.4
  SINCE DEC 1     20.9                       5.5   15.4      9.8
  SINCE JUL 1     21.9                      11.3   10.6     14.1
  SNOW DEPTH       7

DEGREE DAYS
 HEATING
  TODAY           42                        49     -7       55
  MONTH TO DATE  477                       441     36      437
  SINCE DEC 1   1921                      1903     18     1770
  SINCE JUL 1   3785                      4078   -293     3548

 COOLING
  TODAY            0                         0      0        0
  MONTH TO DATE    0                         0      0        0
  SINCE DEC 1      0                         0      0        0
  SINCE JAN 1      0                         0      0        0
..................................................................


WIND (MPH)
  HIGHEST WIND SPEED    28   HIGHEST WIND DIRECTION     S (170)
  HIGHEST GUST SPEED    35   HIGHEST GUST DIRECTION    SW (210)
  AVERAGE WIND SPEED     9.8


SKY COVER
  POSSIBLE SUNSHINE  MM
  AVERAGE SKY COVER 0.4


WEATHER CONDITIONS
 THE FOLLOWING WEATHER WAS RECORDED TODAY.
  LIGHT RAIN
  FOG


RELATIVE HUMIDITY (PERCENT)
 HIGHEST    95           400 AM
 LOWEST     67          1100 AM
 AVERAGE    81

..........................................................


THE ALAMOSA CO CLIMATE NORMALS FOR TOMORROW
                         NORMAL    RECORD    YEAR
 MAXIMUM TEMPERATURE (F)   34        52      2005
 MINIMUM TEMPERATURE (F)   -2       -26      1964


SUNRISE AND SUNSET
JANUARY  9 2017.......SUNRISE   718 AM MST   SUNSET   504 PM MST
JANUARY 10 2017.......SUNRISE   718 AM MST   SUNSET   505 PM MST


-  INDICATES NEGATIVE NUMBERS.
R  INDICATES RECORD WAS SET OR TIED.
MM INDICATES DATA IS MISSING.
T  INDICATES TRACE AMOUNT.




$$
