000
CDUS45 KPUB 171036
CLIALS


CLIMATE REPORT
NATIONAL WEATHER SERVICE PUEBLO
436 AM MDT FRI MAR 17 2017


...................................

...THE ALAMOSA CO CLIMATE SUMMARY FOR MARCH 16 2017...

CLIMATE NORMAL PERIOD 1981 TO 2010
CLIMATE RECORD PERIOD 1932 TO 2017


WEATHER ITEM   OBSERVED TIME   RECORD YEAR NORMAL DEPARTURE LAST
                VALUE   (LST)  VALUE       VALUE  FROM      YEAR
                                                  NORMAL
..................................................................
TEMPERATURE (F)
 YESTERDAY
  MAXIMUM         70R   243 PM  69    2015  50     20       54
  MINIMUM         21    626 AM  -2    2005  17      4       15
  AVERAGE         46                        34     12       35

PRECIPITATION (IN)
  YESTERDAY        0.00          0.37 1942   0.02  -0.02     0.00
  MONTH TO DATE    0.02                      0.25  -0.23      T
  SINCE MAR 1      0.02                      0.25  -0.23      T
  SINCE JAN 1      1.67                      0.77   0.90     0.98

SNOWFALL (IN)
  YESTERDAY        0.0           6.0  1942   0.1   -0.1      0.0
  MONTH TO DATE    T                         2.4   -2.4      0.0
  SINCE MAR 1      T                         2.4   -2.4      0.0
  SINCE JUL 1     35.5                      20.5   15.0     18.8
  SNOW DEPTH       0

DEGREE DAYS
 HEATING
  YESTERDAY       19                        31    -12       30
  MONTH TO DATE  440                       539    -99      428
  SINCE MAR 1    440                       539    -99      428
  SINCE JUL 1   6229                      6868   -639     6194

 COOLING
  YESTERDAY        0                         0      0        0
  MONTH TO DATE    0                         0      0        0
  SINCE MAR 1      0                         0      0        0
  SINCE JAN 1      0                         0      0        0
..................................................................


WIND (MPH)
  HIGHEST WIND SPEED    17   HIGHEST WIND DIRECTION     N (360)
  HIGHEST GUST SPEED    23   HIGHEST GUST DIRECTION     N (10)
  AVERAGE WIND SPEED     5.4


SKY COVER
  POSSIBLE SUNSHINE  MM
  AVERAGE SKY COVER 0.0


WEATHER CONDITIONS
 THE FOLLOWING WEATHER WAS RECORDED YESTERDAY.
  NO SIGNIFICANT WEATHER WAS OBSERVED.


RELATIVE HUMIDITY (PERCENT)
 HIGHEST    77           600 AM
 LOWEST     10           400 PM
 AVERAGE    44

..........................................................


THE ALAMOSA CO CLIMATE NORMALS FOR TODAY
                         NORMAL    RECORD    YEAR
 MAXIMUM TEMPERATURE (F)   51        70      2007
 MINIMUM TEMPERATURE (F)   18        -5      1980


SUNRISE AND SUNSET
MARCH 17 2017.........SUNRISE   711 AM MDT   SUNSET   713 PM MDT
MARCH 18 2017.........SUNRISE   710 AM MDT   SUNSET   714 PM MDT


-  INDICATES NEGATIVE NUMBERS.
R  INDICATES RECORD WAS SET OR TIED.
MM INDICATES DATA IS MISSING.
T  INDICATES TRACE AMOUNT.




$$
