000
CDUS45 KPUB 162318
CLIALS


CLIMATE REPORT
NATIONAL WEATHER SERVICE PUEBLO
517 PM MDT SUN APR 16 2017


...................................

...THE ALAMOSA CO CLIMATE SUMMARY FOR APRIL 16 2017...
VALID TODAY AS OF 0500 PM LOCAL TIME.

CLIMATE NORMAL PERIOD 1981 TO 2010
CLIMATE RECORD PERIOD 1932 TO 2017


WEATHER ITEM   OBSERVED TIME   RECORD YEAR NORMAL DEPARTURE LAST
                VALUE   (LST)  VALUE       VALUE  FROM      YEAR
                                                  NORMAL
..................................................................
TEMPERATURE (F)
 TODAY
  MAXIMUM         71    226 PM  75    1962  59     12       37
  MINIMUM         24    542 AM   4    1999  24      0       21
  AVERAGE         48                        42      6       29

PRECIPITATION (IN)
  TODAY            0.00          0.65 2016   0.02  -0.02     0.65
  MONTH TO DATE    0.35                      0.29   0.06     0.67
  SINCE MAR 1      1.08                      0.82   0.26     1.19
  SINCE JAN 1      2.73                      1.34   1.39     2.17

SNOWFALL (IN)
  TODAY            0.0           7.0  2016   0.2   -0.2      7.0
  MONTH TO DATE    3.2                       2.2    1.0      7.0
  SINCE MAR 1      3.9                       7.2   -3.3     15.2
  SINCE JUL 1     39.4                      25.3   14.1     34.0
  SNOW DEPTH       0

DEGREE DAYS
 HEATING
  TODAY           17                        23     -6       36
  MONTH TO DATE  339                       403    -64      356
  SINCE MAR 1   1078                      1380   -302     1273
  SINCE JUL 1   6867                      7709   -842     7039

 COOLING
  TODAY            0                         0      0        0
  MONTH TO DATE    0                         0      0        0
  SINCE MAR 1      0                         0      0        0
  SINCE JAN 1      0                         0      0        0
..................................................................


WIND (MPH)
  HIGHEST WIND SPEED    21   HIGHEST WIND DIRECTION     S (180)
  HIGHEST GUST SPEED    26   HIGHEST GUST DIRECTION     S (190)
  AVERAGE WIND SPEED     5.1


SKY COVER
  POSSIBLE SUNSHINE  MM
  AVERAGE SKY COVER 0.0


WEATHER CONDITIONS
 THE FOLLOWING WEATHER WAS RECORDED TODAY.
  NO SIGNIFICANT WEATHER WAS OBSERVED.


RELATIVE HUMIDITY (PERCENT)
 HIGHEST    75           200 AM
 LOWEST      9           200 PM
 AVERAGE    42

..........................................................


THE ALAMOSA CO CLIMATE NORMALS FOR TOMORROW
                         NORMAL    RECORD    YEAR
 MAXIMUM TEMPERATURE (F)   60        74      1954
                                             1948
 MINIMUM TEMPERATURE (F)   25         3      1999


SUNRISE AND SUNSET
APRIL 16 2017.........SUNRISE   627 AM MDT   SUNSET   740 PM MDT
APRIL 17 2017.........SUNRISE   626 AM MDT   SUNSET   741 PM MDT


-  INDICATES NEGATIVE NUMBERS.
R  INDICATES RECORD WAS SET OR TIED.
MM INDICATES DATA IS MISSING.
T  INDICATES TRACE AMOUNT.




$$
