000
CDUS45 KPUB 181033
CLIALS


CLIMATE REPORT
NATIONAL WEATHER SERVICE PUEBLO
433 AM MDT SAT OCT 18 2014


...................................

...THE ALAMOSA CO CLIMATE SUMMARY FOR OCTOBER 17 2014...

CLIMATE NORMAL PERIOD 1981 TO 2010
CLIMATE RECORD PERIOD 1932 TO 2014


WEATHER ITEM   OBSERVED TIME   RECORD YEAR NORMAL DEPARTURE LAST
                VALUE   (LST)  VALUE       VALUE  FROM      YEAR
                                                  NORMAL
..................................................................
TEMPERATURE (F)
 YESTERDAY
  MAXIMUM         68    340 PM  75    1991  62      6       53
  MINIMUM         24    646 AM   8    1999  24      0       21
  AVERAGE         46                        43      3       37

PRECIPITATION (IN)
  YESTERDAY        T             0.73 1965   0.02  -0.02     0.00
  MONTH TO DATE    0.69                      0.37   0.32     0.46
  SINCE SEP 1      1.10                      1.28  -0.18     3.44
  SINCE JAN 1      4.98                      6.23  -1.25     8.31

SNOWFALL (IN)
  YESTERDAY        0.0           2.8  1966   0.1   -0.1      0.0
  MONTH TO DATE    T                         0.7   -0.7      3.5
  SINCE SEP 1      T                         0.7   -0.7      3.5
  SINCE JUL 1      T                         0.7   -0.7      3.5
  SNOW DEPTH       0

DEGREE DAYS
 HEATING
  YESTERDAY       19                        22     -3       28
  MONTH TO DATE  299                       325    -26      348
  SINCE SEP 1    478                       627   -149      570
  SINCE JUL 1    599                       756   -157      645

 COOLING
  YESTERDAY        0                         0      0        0
  MONTH TO DATE    0                         0      0        0
  SINCE SEP 1      0                         0      0       14
  SINCE JAN 1     60                        51      9      113
..................................................................


WIND (MPH)
  HIGHEST WIND SPEED    13   HIGHEST WIND DIRECTION     N (350)
  HIGHEST GUST SPEED    20   HIGHEST GUST DIRECTION     S (170)
  AVERAGE WIND SPEED     4.7


SKY COVER
  POSSIBLE SUNSHINE  MM
  AVERAGE SKY COVER 0.1


WEATHER CONDITIONS
 THE FOLLOWING WEATHER WAS RECORDED YESTERDAY.
  LIGHT RAIN


RELATIVE HUMIDITY (PERCENT)
 HIGHEST    81           500 AM
 LOWEST     15           100 PM
 AVERAGE    48

..........................................................


THE ALAMOSA CO CLIMATE NORMALS FOR TODAY
                         NORMAL    RECORD    YEAR
 MAXIMUM TEMPERATURE (F)   61        75      2003
 MINIMUM TEMPERATURE (F)   24         7      1968


SUNRISE AND SUNSET
OCTOBER 18 2014.......SUNRISE   714 AM MDT   SUNSET   622 PM MDT
OCTOBER 19 2014.......SUNRISE   715 AM MDT   SUNSET   621 PM MDT


-  INDICATES NEGATIVE NUMBERS.
R  INDICATES RECORD WAS SET OR TIED.
MM INDICATES DATA IS MISSING.
T  INDICATES TRACE AMOUNT.




$$
