000
CDUS45 KPUB 011026
CLIALS


CLIMATE REPORT
NATIONAL WEATHER SERVICE PUEBLO
426 AM MDT WED JUL 1 2015


...................................

...THE ALAMOSA CO CLIMATE SUMMARY FOR JUNE 30 2015...

CLIMATE NORMAL PERIOD 1981 TO 2010
CLIMATE RECORD PERIOD 1932 TO 2015


WEATHER ITEM   OBSERVED TIME   RECORD YEAR NORMAL DEPARTURE LAST
                VALUE   (LST)  VALUE       VALUE  FROM      YEAR
                                                  NORMAL
..................................................................
TEMPERATURE (F)
 YESTERDAY
  MAXIMUM         87    335 PM  91    2012  82      5       89
                                      2002
  MINIMUM         49    433 AM  34    1935  44      5       43
  AVERAGE         68                        63      5       66

PRECIPITATION (IN)
  YESTERDAY        0.02          0.50 2013   0.02   0.00     0.01
  MONTH TO DATE    1.19                      0.49   0.70     0.02
  SINCE JUN 1      1.19                      0.49   0.70     0.02
  SINCE JAN 1      5.13                      2.71   2.42     1.83

SNOWFALL (IN)
  YESTERDAY        0.0           T    1950   0.0    0.0      0.0
  MONTH TO DATE    0.0                       0.0    0.0      0.0
  SINCE JUN 1      0.0                       0.0    0.0      0.0
  SINCE JUL 1     23.8                      27.6   -3.8     39.8
  SNOW DEPTH       0

DEGREE DAYS
 HEATING
  YESTERDAY        0                         2     -2        0
  MONTH TO DATE   76                       168    -92      126
  SINCE JUN 1     76                       168    -92      126
  SINCE JUL 1   7457                      8594  -1137     8672

 COOLING
  YESTERDAY        3                         1      2        1
  MONTH TO DATE   24                         6     18        1
  SINCE JUN 1     24                         6     18        1
  SINCE JAN 1     24                         6     18        1
..................................................................


WIND (MPH)
  HIGHEST WIND SPEED    22   HIGHEST WIND DIRECTION     N (340)
  HIGHEST GUST SPEED    29   HIGHEST GUST DIRECTION    NW (330)
  AVERAGE WIND SPEED     5.3


SKY COVER
  POSSIBLE SUNSHINE  MM
  AVERAGE SKY COVER 0.0


WEATHER CONDITIONS
 THE FOLLOWING WEATHER WAS RECORDED YESTERDAY.
  THUNDERSTORM
  LIGHT RAIN


RELATIVE HUMIDITY (PERCENT)
 HIGHEST    83           300 AM
 LOWEST     18           500 PM
 AVERAGE    51

..........................................................


THE ALAMOSA CO CLIMATE NORMALS FOR TODAY
                         NORMAL    RECORD    YEAR
 MAXIMUM TEMPERATURE (F)   82        92      2012
                                             2002
 MINIMUM TEMPERATURE (F)   45        34      1968


SUNRISE AND SUNSET
JULY  1 2015..........SUNRISE   546 AM MDT   SUNSET   828 PM MDT
JULY  2 2015..........SUNRISE   547 AM MDT   SUNSET   828 PM MDT


-  INDICATES NEGATIVE NUMBERS.
R  INDICATES RECORD WAS SET OR TIED.
MM INDICATES DATA IS MISSING.
T  INDICATES TRACE AMOUNT.




$$
