000
CDUS45 KPUB 070020
CLIALS


CLIMATE REPORT
NATIONAL WEATHER SERVICE PUEBLO
520 PM MST SAT JAN 6 2018


...................................

...THE ALAMOSA CO CLIMATE SUMMARY FOR JANUARY 6 2018...
VALID TODAY AS OF 0500 PM LOCAL TIME.

CLIMATE NORMAL PERIOD 1981 TO 2010
CLIMATE RECORD PERIOD 1932 TO 2018


WEATHER ITEM   OBSERVED TIME   RECORD YEAR NORMAL DEPARTURE LAST
                VALUE   (LST)  VALUE       VALUE  FROM      YEAR
                                                  NORMAL
..................................................................
TEMPERATURE (F)
 TODAY
  MAXIMUM         45    346 PM  53    1956  34     11       14
  MINIMUM          6    723 AM -40    1971  -2      8      -30
  AVERAGE         26                        16     10       -8

PRECIPITATION (IN)
  TODAY            0.00          0.34 2017   0.01  -0.01     0.34
  MONTH TO DATE    0.00                      0.05  -0.05     0.61
  SINCE DEC 1      0.14                      0.40  -0.26     1.69
  SINCE JAN 1      0.00                      0.05  -0.05     0.61

SNOWFALL (IN)
  TODAY            0.0           4.4  2017   0.1   -0.1      4.4
  MONTH TO DATE    0.0                       0.7   -0.7     10.7
  SINCE DEC 1      1.3                       5.2   -3.9     20.9
  SINCE JUL 1      1.7                      11.0   -9.3     21.9
  SNOW DEPTH       0

DEGREE DAYS
 HEATING
  TODAY           39                        49    -10       73
  MONTH TO DATE  252                       294    -42      289
  SINCE DEC 1   1471                      1756   -285     1733
  SINCE JUL 1   3237                      3931   -694     3597

 COOLING
  TODAY            0                         0      0        0
  MONTH TO DATE    0                         0      0        0
  SINCE DEC 1      0                         0      0        0
  SINCE JAN 1      0                         0      0        0
..................................................................


WIND (MPH)
  HIGHEST WIND SPEED     7   HIGHEST WIND DIRECTION    SE (150)
  HIGHEST GUST SPEED     8   HIGHEST GUST DIRECTION     S (170)
  AVERAGE WIND SPEED     2.0


SKY COVER
  POSSIBLE SUNSHINE  MM
  AVERAGE SKY COVER 0.2


WEATHER CONDITIONS
 THE FOLLOWING WEATHER WAS RECORDED TODAY.
  NO SIGNIFICANT WEATHER WAS OBSERVED.


RELATIVE HUMIDITY (PERCENT)
 HIGHEST    73           700 AM
 LOWEST     25           200 PM
 AVERAGE    49

..........................................................


THE ALAMOSA CO CLIMATE NORMALS FOR TOMORROW
                         NORMAL    RECORD    YEAR
 MAXIMUM TEMPERATURE (F)   34        58      2006
 MINIMUM TEMPERATURE (F)   -2       -38      1971


SUNRISE AND SUNSET
JANUARY  6 2018.......SUNRISE   718 AM MST   SUNSET   501 PM MST
JANUARY  7 2018.......SUNRISE   718 AM MST   SUNSET   502 PM MST


-  INDICATES NEGATIVE NUMBERS.
R  INDICATES RECORD WAS SET OR TIED.
MM INDICATES DATA IS MISSING.
T  INDICATES TRACE AMOUNT.




$$
