131
CDUS45 KPUB 171140
CLIALS


CLIMATE REPORT
NATIONAL WEATHER SERVICE PUEBLO
440 AM MST FRI FEB 17 2017


...................................

...THE ALAMOSA CO CLIMATE SUMMARY FOR FEBRUARY 16 2017...

CLIMATE NORMAL PERIOD 1981 TO 2010
CLIMATE RECORD PERIOD 1932 TO 2017


WEATHER ITEM   OBSERVED TIME   RECORD YEAR NORMAL DEPARTURE LAST
                VALUE   (LST)  VALUE       VALUE  FROM      YEAR
                                                  NORMAL
..................................................................
TEMPERATURE (F)
 YESTERDAY
  MAXIMUM         42    401 PM  57    2000  40      2       54
                                      1958
                                      1947
  MINIMUM         11    708 AM -17    2004   6      5       21
  AVERAGE         27                        23      4       38

PRECIPITATION (IN)
  YESTERDAY        0.00          0.09 1987   0.01  -0.01     0.00
  MONTH TO DATE    0.27                      0.14   0.13     0.15
  SINCE DEC 1      2.71                      0.75   1.96     0.98
  SINCE JAN 1      1.63                      0.40   1.23     0.73

SNOWFALL (IN)
  YESTERDAY        0.0           1.1  1963   0.1   -0.1      0.0
  MONTH TO DATE    2.1                       2.2   -0.1      1.7
  SINCE DEC 1     34.2                      10.7   23.5     12.1
  SINCE JUL 1     35.2                      16.5   18.7     16.4
  SNOW DEPTH       1

DEGREE DAYS
 HEATING
  YESTERDAY       38                        42     -4       27
  MONTH TO DATE  591                       711   -120      658
  SINCE DEC 1   3528                      3683   -155     3594
  SINCE JUL 1   5392                      5858   -466     5372

 COOLING
  YESTERDAY        0                         0      0        0
  MONTH TO DATE    0                         0      0        0
  SINCE DEC 1      0                         0      0        0
  SINCE JAN 1      0                         0      0        0
..................................................................


WIND (MPH)
  HIGHEST WIND SPEED     8   HIGHEST WIND DIRECTION    NW (320)
  HIGHEST GUST SPEED     9   HIGHEST GUST DIRECTION    NW (320)
  AVERAGE WIND SPEED     3.0


SKY COVER
  POSSIBLE SUNSHINE  MM
  AVERAGE SKY COVER 0.0


WEATHER CONDITIONS
 THE FOLLOWING WEATHER WAS RECORDED YESTERDAY.
  NO SIGNIFICANT WEATHER WAS OBSERVED.


RELATIVE HUMIDITY (PERCENT)
 HIGHEST    96           900 PM
 LOWEST     48           100 PM
 AVERAGE    72

..........................................................


THE ALAMOSA CO CLIMATE NORMALS FOR TODAY
                         NORMAL    RECORD    YEAR
 MAXIMUM TEMPERATURE (F)   41        60      2016
 MINIMUM TEMPERATURE (F)    7       -18      1939


SUNRISE AND SUNSET
FEBRUARY 17 2017......SUNRISE   650 AM MST   SUNSET   545 PM MST
FEBRUARY 18 2017......SUNRISE   649 AM MST   SUNSET   547 PM MST


-  INDICATES NEGATIVE NUMBERS.
R  INDICATES RECORD WAS SET OR TIED.
MM INDICATES DATA IS MISSING.
T  INDICATES TRACE AMOUNT.




$$
