000
CDUS45 KPUB 060023
CLIALS


CLIMATE REPORT
NATIONAL WEATHER SERVICE PUEBLO
623 PM MDT SAT JUL 5 2014


...................................

...THE ALAMOSA CO CLIMATE SUMMARY FOR JULY 5 2014...
VALID TODAY AS OF 0500 PM LOCAL TIME.

CLIMATE NORMAL PERIOD 1981 TO 2010
CLIMATE RECORD PERIOD 1932 TO 2014


WEATHER ITEM   OBSERVED TIME   RECORD YEAR NORMAL DEPARTURE LAST
                VALUE   (LST)  VALUE       VALUE  FROM      YEAR
                                                  NORMAL
..................................................................
TEMPERATURE (F)
 TODAY
  MAXIMUM         86    222 PM  96    1989  83      3       84
  MINIMUM         49    518 AM  34    2000  46      3       49
  AVERAGE         68                        64      4       67

PRECIPITATION (IN)
  TODAY            0.00          0.96 1944   0.02  -0.02      T
  MONTH TO DATE    T                         0.12  -0.12     0.14
  SINCE JUN 1      0.02                      0.61  -0.59     0.68
  SINCE JAN 1      1.83                      2.83  -1.00     1.74

SNOWFALL (IN)
  TODAY            0.0           0.0  2002   0.0    0.0      0.0
                                      2001
  MONTH TO DATE    0.0                       0.0    0.0      0.0
  SINCE JUN 1      0.0                       0.0    0.0      0.0
  SINCE JUL 1      0.0                       0.0    0.0      0.0
  SNOW DEPTH       0

DEGREE DAYS
 HEATING
  TODAY            0                         2     -2        0
  MONTH TO DATE    7                        10     -3        7
  SINCE JUN 1    133                       178    -45      109
  SINCE JUL 1      7                        10     -3        7

 COOLING
  TODAY            3                         1      2        2
  MONTH TO DATE    3                         5     -2        2
  SINCE JUN 1      4                        11     -7       18
  SINCE JAN 1      4                        11     -7       18
..................................................................


WIND (MPH)
  HIGHEST WIND SPEED    20   HIGHEST WIND DIRECTION     S (180)
  HIGHEST GUST SPEED    23   HIGHEST GUST DIRECTION     S (160)
  AVERAGE WIND SPEED     5.9


SKY COVER
  POSSIBLE SUNSHINE  MM
  AVERAGE SKY COVER 0.1


WEATHER CONDITIONS
 THE FOLLOWING WEATHER WAS RECORDED TODAY.
  LIGHT RAIN


RELATIVE HUMIDITY (PERCENT)
 HIGHEST    86           500 AM
 LOWEST     18           200 PM
 AVERAGE    52

..........................................................


THE ALAMOSA CO CLIMATE NORMALS FOR TOMORROW
                         NORMAL    RECORD    YEAR
 MAXIMUM TEMPERATURE (F)   83        94      1989
 MINIMUM TEMPERATURE (F)   46        35      1993


SUNRISE AND SUNSET
JULY  5 2014..........SUNRISE   548 AM MDT   SUNSET   828 PM MDT
JULY  6 2014..........SUNRISE   549 AM MDT   SUNSET   827 PM MDT


-  INDICATES NEGATIVE NUMBERS.
R  INDICATES RECORD WAS SET OR TIED.
MM INDICATES DATA IS MISSING.
T  INDICATES TRACE AMOUNT.




$$
