000
CDUS45 KPUB 051154
CLIALS


CLIMATE REPORT
NATIONAL WEATHER SERVICE PUEBLO
451 AM MST FRI JAN 5 2018


...................................

...THE ALAMOSA CO CLIMATE SUMMARY FOR JANUARY 4 2018...

CLIMATE NORMAL PERIOD 1981 TO 2010
CLIMATE RECORD PERIOD 1932 TO 2018


WEATHER ITEM   OBSERVED TIME   RECORD YEAR NORMAL DEPARTURE LAST
                VALUE   (LST)  VALUE       VALUE  FROM      YEAR
                                                  NORMAL
..................................................................
TEMPERATURE (F)
 YESTERDAY
  MAXIMUM         45    308 PM  52    1946  34     11       39
  MINIMUM         -2    731 AM -34    2013  -2      0        0
  AVERAGE         22                        16      6       20

PRECIPITATION (IN)
  YESTERDAY        0.00          0.17 1963   0.00   0.00     0.00
  MONTH TO DATE    0.00                      0.03  -0.03     0.00
  SINCE DEC 1      0.14                      0.38  -0.24     1.08
  SINCE JAN 1      0.00                      0.03  -0.03     0.00

SNOWFALL (IN)
  YESTERDAY        0.0           1.7  1963   0.1   -0.1      0.0
  MONTH TO DATE    0.0                       0.5   -0.5      0.0
  SINCE DEC 1      1.3                       5.0   -3.7     10.2
  SINCE JUL 1      1.7                      10.8   -9.1     11.2
  SNOW DEPTH       0

DEGREE DAYS
 HEATING
  YESTERDAY       43                        49     -6       45
  MONTH TO DATE  171                       196    -25      177
  SINCE DEC 1   1390                      1658   -268     1621
  SINCE JUL 1   3156                      3833   -677     3485

 COOLING
  YESTERDAY        0                         0      0        0
  MONTH TO DATE    0                         0      0        0
  SINCE DEC 1      0                         0      0        0
  SINCE JAN 1      0                         0      0        0
..................................................................


WIND (MPH)
  HIGHEST WIND SPEED     8   HIGHEST WIND DIRECTION     W (250)
  HIGHEST GUST SPEED    10   HIGHEST GUST DIRECTION     W (260)
  AVERAGE WIND SPEED     2.0


SKY COVER
  POSSIBLE SUNSHINE  MM
  AVERAGE SKY COVER 0.0


WEATHER CONDITIONS
 THE FOLLOWING WEATHER WAS RECORDED YESTERDAY.
  NO SIGNIFICANT WEATHER WAS OBSERVED.


RELATIVE HUMIDITY (PERCENT)
 HIGHEST    71           600 AM
 LOWEST     11           300 PM
 AVERAGE    41

..........................................................


THE ALAMOSA CO CLIMATE NORMALS FOR TODAY
                         NORMAL    RECORD    YEAR
 MAXIMUM TEMPERATURE (F)   34        57      1956
 MINIMUM TEMPERATURE (F)   -2       -33      1971


SUNRISE AND SUNSET
JANUARY  5 2018.......SUNRISE   718 AM MST   SUNSET   500 PM MST
JANUARY  6 2018.......SUNRISE   718 AM MST   SUNSET   501 PM MST


-  INDICATES NEGATIVE NUMBERS.
R  INDICATES RECORD WAS SET OR TIED.
MM INDICATES DATA IS MISSING.
T  INDICATES TRACE AMOUNT.




$$
