000
CDUS45 KPUB 030017
CLIALS


CLIMATE REPORT
NATIONAL WEATHER SERVICE PUEBLO
517 PM MST MON JAN 2 2017


...................................

...THE ALAMOSA CO CLIMATE SUMMARY FOR JANUARY 2 2017...
VALID TODAY AS OF 0500 PM LOCAL TIME.

CLIMATE NORMAL PERIOD 1981 TO 2010
CLIMATE RECORD PERIOD 1932 TO 2017


WEATHER ITEM   OBSERVED TIME   RECORD YEAR NORMAL DEPARTURE LAST
                VALUE   (LST)  VALUE       VALUE  FROM      YEAR
                                                  NORMAL
..................................................................
TEMPERATURE (F)
 TODAY
  MAXIMUM         35        MM  53    1964  34      1       31
  MINIMUM         10        MM -31    1988  -2     12       -7
  AVERAGE         23                        16      7       12

PRECIPITATION (IN)
  TODAY            0.00          0.20 1934   0.01  -0.01     0.00
  MONTH TO DATE    0.00                      0.02  -0.02     0.00
  SINCE DEC 1      1.08                      0.37   0.71     0.25
  SINCE JAN 1      0.00                      0.02  -0.02     0.00

SNOWFALL (IN)
  TODAY            0.0           3.0  1934   0.1   -0.1      0.0
  MONTH TO DATE    0.0                       0.2   -0.2      0.0
  SINCE DEC 1     10.2                       4.7    5.5      3.4
  SINCE JUL 1     11.2                      10.5    0.7      7.7
  SNOW DEPTH       5

DEGREE DAYS
 HEATING
  TODAY           42                        49     -7       53
  MONTH TO DATE   84                        98    -14      107
  SINCE DEC 1   1528                      1560    -32     1440
  SINCE JUL 1   3392                      3735   -343     3218

 COOLING
  TODAY            0                         0      0        0
  MONTH TO DATE    0                         0      0        0
  SINCE DEC 1      0                         0      0        0
  SINCE JAN 1      0                         0      0        0
..................................................................


WIND (MPH)
  HIGHEST WIND SPEED    21   HIGHEST WIND DIRECTION     S (190)
  HIGHEST GUST SPEED    30   HIGHEST GUST DIRECTION     S (190)
  AVERAGE WIND SPEED     6.2


SKY COVER
  POSSIBLE SUNSHINE  MM
  AVERAGE SKY COVER 0.5


WEATHER CONDITIONS
 THE FOLLOWING WEATHER WAS RECORDED TODAY.
  FOG
  FOG W/VISIBILITY <= 1/4 MILE
  HAZE


RELATIVE HUMIDITY (PERCENT)
 HIGHEST    92           200 AM
 LOWEST     61           400 PM
 AVERAGE    77

..........................................................


THE ALAMOSA CO CLIMATE NORMALS FOR TOMORROW
                         NORMAL    RECORD    YEAR
 MAXIMUM TEMPERATURE (F)   34        56      1997
 MINIMUM TEMPERATURE (F)   -2       -33      2013


SUNRISE AND SUNSET
JANUARY  2 2017.......SUNRISE   718 AM MST   SUNSET   457 PM MST
JANUARY  3 2017.......SUNRISE   718 AM MST   SUNSET   458 PM MST


-  INDICATES NEGATIVE NUMBERS.
R  INDICATES RECORD WAS SET OR TIED.
MM INDICATES DATA IS MISSING.
T  INDICATES TRACE AMOUNT.




$$
