000
CDUS45 KPUB 161037
CLIALS


CLIMATE REPORT
NATIONAL WEATHER SERVICE PUEBLO
437 AM MDT WED AUG 16 2017


...................................

...THE ALAMOSA CO CLIMATE SUMMARY FOR AUGUST 15 2017...

CLIMATE NORMAL PERIOD 1981 TO 2010
CLIMATE RECORD PERIOD 1932 TO 2017


WEATHER ITEM   OBSERVED TIME   RECORD YEAR NORMAL DEPARTURE LAST
                VALUE   (LST)  VALUE       VALUE  FROM      YEAR
                                                  NORMAL
..................................................................
TEMPERATURE (F)
 YESTERDAY
  MAXIMUM         78    157 PM  89    1944  80     -2       83
  MINIMUM         43    548 AM  35    1978  46     -3       40
  AVERAGE         61                        63     -2       62

PRECIPITATION (IN)
  YESTERDAY        0.00          0.35 2001   0.04  -0.04     0.00
                                      1979
  MONTH TO DATE    0.54                      0.61  -0.07     1.89
  SINCE JUN 1      4.25                      2.07   2.18     2.71
  SINCE JAN 1      8.50                      4.29   4.21     7.08

SNOWFALL (IN)
  YESTERDAY        0.0           0.0  2002   0.0    0.0      0.0
  MONTH TO DATE    0.0                       0.0    0.0      0.0
  SINCE JUN 1      T                         0.0    0.0      0.0
  SINCE JUL 1      T                         0.0    0.0      0.0
  SNOW DEPTH       0

DEGREE DAYS
 HEATING
  YESTERDAY        4                         2      2        3
  MONTH TO DATE   47                        27     20       14
  SINCE JUN 1    147                       240    -93       83
  SINCE JUL 1     56                        72    -16       27

 COOLING
  YESTERDAY        0                         0      0        0
  MONTH TO DATE    0                        12    -12        9
  SINCE JUN 1     76                        50     26      115
  SINCE JAN 1     76                        50     26      115
..................................................................


WIND (MPH)
  HIGHEST WIND SPEED    26   HIGHEST WIND DIRECTION    SW (230)
  HIGHEST GUST SPEED    33   HIGHEST GUST DIRECTION    SW (240)
  AVERAGE WIND SPEED     6.3


SKY COVER
  POSSIBLE SUNSHINE  MM
  AVERAGE SKY COVER 0.0


WEATHER CONDITIONS
 THE FOLLOWING WEATHER WAS RECORDED YESTERDAY.
  NO SIGNIFICANT WEATHER WAS OBSERVED.


RELATIVE HUMIDITY (PERCENT)
 HIGHEST    93           200 AM
 LOWEST     16           200 PM
 AVERAGE    55

..........................................................


THE ALAMOSA CO CLIMATE NORMALS FOR TODAY
                         NORMAL    RECORD    YEAR
 MAXIMUM TEMPERATURE (F)   80        89      2002
 MINIMUM TEMPERATURE (F)   46        34      1978


SUNRISE AND SUNSET
AUGUST 16 2017........SUNRISE   621 AM MDT   SUNSET   754 PM MDT
AUGUST 17 2017........SUNRISE   622 AM MDT   SUNSET   753 PM MDT


-  INDICATES NEGATIVE NUMBERS.
R  INDICATES RECORD WAS SET OR TIED.
MM INDICATES DATA IS MISSING.
T  INDICATES TRACE AMOUNT.




$$
