000
CDUS45 KPUB 200033
CLIALS


CLIMATE REPORT
NATIONAL WEATHER SERVICE PUEBLO
533 PM MST SAT NOV 19 2016


...................................

...THE ALAMOSA CO CLIMATE SUMMARY FOR NOVEMBER 19 2016...
VALID TODAY AS OF 0500 PM LOCAL TIME.

CLIMATE NORMAL PERIOD 1981 TO 2010
CLIMATE RECORD PERIOD 1932 TO 2016


WEATHER ITEM   OBSERVED TIME   RECORD YEAR NORMAL DEPARTURE LAST
                VALUE   (LST)  VALUE       VALUE  FROM      YEAR
                                                  NORMAL
..................................................................
TEMPERATURE (F)
 TODAY
  MAXIMUM         50    340 PM  68    2007  45      5       43
  MINIMUM          4    659 AM -15    1957  11     -7        8
  AVERAGE         27                        28     -1       26

PRECIPITATION (IN)
  TODAY            0.00          0.44 1979   0.01  -0.01     0.00
  MONTH TO DATE    0.17                      0.29  -0.12     0.32
  SINCE SEP 1      0.47                      1.88  -1.41     2.08
  SINCE JAN 1      7.82                      6.83   0.99     9.05

SNOWFALL (IN)
  TODAY            0.0           6.5  1940   0.2   -0.2      0.0
  MONTH TO DATE    T                         2.3   -2.3      3.5
  SINCE SEP 1      T                         4.4   -4.4      3.5
  SINCE JUL 1      T                         4.4   -4.4      3.5
  SNOW DEPTH       0

DEGREE DAYS
 HEATING
  TODAY           38                        37      1       39
  MONTH TO DATE  512                       622   -110      629
  SINCE SEP 1   1291                      1603   -312     1304
  SINCE JUL 1   1435                      1732   -297     1396

 COOLING
  TODAY            0                         0      0        0
  MONTH TO DATE    0                         0      0        0
  SINCE SEP 1      0                         0      0        0
  SINCE JAN 1    115                        51     64       74
..................................................................


WIND (MPH)
  HIGHEST WIND SPEED     8   HIGHEST WIND DIRECTION     S (200)
  HIGHEST GUST SPEED    12   HIGHEST GUST DIRECTION    SW (210)
  AVERAGE WIND SPEED     2.8


SKY COVER
  POSSIBLE SUNSHINE  MM
  AVERAGE SKY COVER 0.0


WEATHER CONDITIONS
 THE FOLLOWING WEATHER WAS RECORDED TODAY.
  NO SIGNIFICANT WEATHER WAS OBSERVED.


RELATIVE HUMIDITY (PERCENT)
 HIGHEST    83           300 AM
 LOWEST     19           300 PM
 AVERAGE    51

..........................................................


THE ALAMOSA CO CLIMATE NORMALS FOR TOMORROW
                         NORMAL    RECORD    YEAR
 MAXIMUM TEMPERATURE (F)   44        65      1989
 MINIMUM TEMPERATURE (F)   10       -14      1964


SUNRISE AND SUNSET
NOVEMBER 19 2016......SUNRISE   648 AM MST   SUNSET   450 PM MST
NOVEMBER 20 2016......SUNRISE   649 AM MST   SUNSET   449 PM MST


-  INDICATES NEGATIVE NUMBERS.
R  INDICATES RECORD WAS SET OR TIED.
MM INDICATES DATA IS MISSING.
T  INDICATES TRACE AMOUNT.




$$
