000
CDUS45 KPUB 191141
CLIALS


CLIMATE REPORT
NATIONAL WEATHER SERVICE PUEBLO
441 AM MST WED NOV 19 2014


...................................

...THE ALAMOSA CO CLIMATE SUMMARY FOR NOVEMBER 18 2014...

CLIMATE NORMAL PERIOD 1981 TO 2010
CLIMATE RECORD PERIOD 1932 TO 2014


WEATHER ITEM   OBSERVED TIME   RECORD YEAR NORMAL DEPARTURE LAST
                VALUE   (LST)  VALUE       VALUE  FROM      YEAR
                                                  NORMAL
..................................................................
TEMPERATURE (F)
 YESTERDAY
  MAXIMUM         38    345 PM  62    1949  45     -7       50
  MINIMUM         -1    704 AM -22    1958  11    -12       11
  AVERAGE         19                        28     -9       31

PRECIPITATION (IN)
  YESTERDAY        0.00          0.53 1964   0.01  -0.01     0.00
  MONTH TO DATE    0.32                      0.28   0.04     0.01
  SINCE SEP 1      1.43                      1.87  -0.44     3.52
  SINCE JAN 1      5.31                      6.82  -1.51     8.39

SNOWFALL (IN)
  YESTERDAY        0.0           7.4  1964   0.1   -0.1      0.0
  MONTH TO DATE    1.1                       2.1   -1.0      0.0
  SINCE SEP 1      1.1                       4.2   -3.1      3.5
  SINCE JUL 1      1.1                       4.2   -3.1      3.5
  SNOW DEPTH       0

DEGREE DAYS
 HEATING
  YESTERDAY       46                        37      9       34
  MONTH TO DATE  538                       585    -47      542
  SINCE SEP 1   1273                      1566   -293     1466
  SINCE JUL 1   1394                      1695   -301     1541

 COOLING
  YESTERDAY        0                         0      0        0
  MONTH TO DATE    0                         0      0        0
  SINCE SEP 1      0                         0      0       14
  SINCE JAN 1     60                        51      9      113
..................................................................


WIND (MPH)
  HIGHEST WIND SPEED     9   HIGHEST WIND DIRECTION     W (250)
  HIGHEST GUST SPEED    11   HIGHEST GUST DIRECTION     N (340)
  AVERAGE WIND SPEED     4.6


SKY COVER
  POSSIBLE SUNSHINE  MM
  AVERAGE SKY COVER 0.0


WEATHER CONDITIONS
 THE FOLLOWING WEATHER WAS RECORDED YESTERDAY.
  NO SIGNIFICANT WEATHER WAS OBSERVED.


RELATIVE HUMIDITY (PERCENT)
 HIGHEST    87           500 AM
 LOWEST     21           300 PM
 AVERAGE    54

..........................................................


THE ALAMOSA CO CLIMATE NORMALS FOR TODAY
                         NORMAL    RECORD    YEAR
 MAXIMUM TEMPERATURE (F)   45        68      2007
 MINIMUM TEMPERATURE (F)   11       -15      1957


SUNRISE AND SUNSET
NOVEMBER 19 2014......SUNRISE   647 AM MST   SUNSET   450 PM MST
NOVEMBER 20 2014......SUNRISE   648 AM MST   SUNSET   450 PM MST


-  INDICATES NEGATIVE NUMBERS.
R  INDICATES RECORD WAS SET OR TIED.
MM INDICATES DATA IS MISSING.
T  INDICATES TRACE AMOUNT.




$$
