000
CDUS45 KPUB 181028
CLIALS


CLIMATE REPORT
NATIONAL WEATHER SERVICE PUEBLO
428 AM MDT THU SEP 18 2014


...................................

...THE ALAMOSA CO CLIMATE SUMMARY FOR SEPTEMBER 17 2014...

CLIMATE NORMAL PERIOD 1981 TO 2010
CLIMATE RECORD PERIOD 1932 TO 2014


WEATHER ITEM   OBSERVED TIME   RECORD YEAR NORMAL DEPARTURE LAST
                VALUE   (LST)  VALUE       VALUE  FROM      YEAR
                                                  NORMAL
..................................................................
TEMPERATURE (F)
 YESTERDAY
  MAXIMUM         79    320 PM  83    2010  73      6       72
  MINIMUM         42    601 AM  20    1968  36      6       45
  AVERAGE         61                        55      6       59

PRECIPITATION (IN)
  YESTERDAY        0.00          0.33 2007   0.03  -0.03     0.00
  MONTH TO DATE    0.09                      0.58  -0.49     1.78
  SINCE SEP 1      0.09                      0.58  -0.49     1.78
  SINCE JAN 1      3.97                      5.53  -1.56     6.65

SNOWFALL (IN)
  YESTERDAY        0.0           T    1971   0.0    0.0      0.0
  MONTH TO DATE    0.0                       0.0    0.0      0.0
  SINCE SEP 1      0.0                       0.0    0.0      0.0
  SINCE JUL 1      0.0                       0.0    0.0      0.0
  SNOW DEPTH       0

DEGREE DAYS
 HEATING
  YESTERDAY        4                        10     -6        6
  MONTH TO DATE   90                       130    -40       58
  SINCE SEP 1     90                       130    -40       58
  SINCE JUL 1    211                       259    -48      133

 COOLING
  YESTERDAY        0                         0      0        0
  MONTH TO DATE    0                         0      0       14
  SINCE SEP 1      0                         0      0       14
  SINCE JAN 1     60                        51      9      113
..................................................................


WIND (MPH)
  HIGHEST WIND SPEED    18   HIGHEST WIND DIRECTION     E (100)
  HIGHEST GUST SPEED    24   HIGHEST GUST DIRECTION     E (110)
  AVERAGE WIND SPEED     4.7


SKY COVER
  POSSIBLE SUNSHINE  MM
  AVERAGE SKY COVER 0.1


WEATHER CONDITIONS
 THE FOLLOWING WEATHER WAS RECORDED YESTERDAY.
  NO SIGNIFICANT WEATHER WAS OBSERVED.


RELATIVE HUMIDITY (PERCENT)
 HIGHEST    83           500 AM
 LOWEST     16           300 PM
 AVERAGE    50

..........................................................


THE ALAMOSA CO CLIMATE NORMALS FOR TODAY
                         NORMAL    RECORD    YEAR
 MAXIMUM TEMPERATURE (F)   72        84      2010
 MINIMUM TEMPERATURE (F)   36        19      2006


SUNRISE AND SUNSET
SEPTEMBER 18 2014.....SUNRISE   648 AM MDT   SUNSET   706 PM MDT
SEPTEMBER 19 2014.....SUNRISE   649 AM MDT   SUNSET   705 PM MDT


-  INDICATES NEGATIVE NUMBERS.
R  INDICATES RECORD WAS SET OR TIED.
MM INDICATES DATA IS MISSING.
T  INDICATES TRACE AMOUNT.




$$
