000
CDUS45 KPUB 241128
CLIALS


CLIMATE REPORT
NATIONAL WEATHER SERVICE PUEBLO
427 AM MST TUE FEB 24 2015


...................................

...THE ALAMOSA CO CLIMATE SUMMARY FOR FEBRUARY 23 2015...

CLIMATE NORMAL PERIOD 1981 TO 2010
CLIMATE RECORD PERIOD 1932 TO 2015


WEATHER ITEM   OBSERVED TIME   RECORD YEAR NORMAL DEPARTURE LAST
                VALUE   (LST)  VALUE       VALUE  FROM      YEAR
                                                  NORMAL
..................................................................
TEMPERATURE (F)
 YESTERDAY
  MAXIMUM         23    310 PM  59    2002  43    -20       53
                                      1995
  MINIMUM          2   1147 PM -23    1960   9     -7       16
  AVERAGE         13                        26    -13       35

PRECIPITATION (IN)
  YESTERDAY        0.27R         0.20 2005   0.01   0.26     0.00
  MONTH TO DATE    0.89                      0.21   0.68     0.04
  SINCE DEC 1      1.43                      0.82   0.61     0.28
  SINCE JAN 1      1.22                      0.47   0.75     0.11

SNOWFALL (IN)
  YESTERDAY        2.4           3.3  2005   0.1    2.3      0.0
  MONTH TO DATE   13.6                       3.1   10.5      1.6
  SINCE DEC 1     19.2                      11.6    7.6      6.5
  SINCE JUL 1     20.8                      17.4    3.4     28.1
  SNOW DEPTH       7

DEGREE DAYS
 HEATING
  YESTERDAY       52                        39     13       30
  MONTH TO DATE  800                       992   -192      879
  SINCE DEC 1   3417                      3964   -547     4324
  SINCE JUL 1   5260                      6139   -879     6424

 COOLING
  YESTERDAY        0                         0      0        0
  MONTH TO DATE    0                         0      0        0
  SINCE DEC 1      0                         0      0        0
  SINCE JAN 1      0                         0      0        0
..................................................................


WIND (MPH)
  HIGHEST WIND SPEED    14   HIGHEST WIND DIRECTION     E (110)
  HIGHEST GUST SPEED    19   HIGHEST GUST DIRECTION     E (110)
  AVERAGE WIND SPEED     6.0


SKY COVER
  POSSIBLE SUNSHINE  MM
  AVERAGE SKY COVER 0.8


WEATHER CONDITIONS
 THE FOLLOWING WEATHER WAS RECORDED YESTERDAY.
  HEAVY SNOW
  SNOW
  LIGHT SNOW
  FOG
  FOG W/VISIBILITY <= 1/4 MILE


RELATIVE HUMIDITY (PERCENT)
 HIGHEST    91           700 PM
 LOWEST     71           500 PM
 AVERAGE    81

..........................................................


THE ALAMOSA CO CLIMATE NORMALS FOR TODAY
                         NORMAL    RECORD    YEAR
 MAXIMUM TEMPERATURE (F)   43        60      2009
                                             1986
                                             1981
 MINIMUM TEMPERATURE (F)   10       -22      1961


SUNRISE AND SUNSET
FEBRUARY 24 2015......SUNRISE   642 AM MST   SUNSET   552 PM MST
FEBRUARY 25 2015......SUNRISE   640 AM MST   SUNSET   553 PM MST


-  INDICATES NEGATIVE NUMBERS.
R  INDICATES RECORD WAS SET OR TIED.
MM INDICATES DATA IS MISSING.
T  INDICATES TRACE AMOUNT.




$$
