000
CDUS43 KSGF 092226
CLISGF


CLIMATE REPORT
NATIONAL WEATHER SERVICE SPRINGFIELD MO
526 PM CDT WED APR 9 2014


...................................

...THE SPRINGFIELD MO CLIMATE SUMMARY FOR APRIL 9 2014...
VALID TODAY AS OF 0500 PM LOCAL TIME.

CLIMATE NORMAL PERIOD 1981 TO 2010
CLIMATE RECORD PERIOD 1888 TO 2014


WEATHER ITEM   OBSERVED TIME   RECORD YEAR NORMAL DEPARTURE LAST
                VALUE   (LST)  VALUE       VALUE  FROM      YEAR
                                                  NORMAL
..................................................................
TEMPERATURE (F)
 TODAY
  MAXIMUM         71    322 PM  87    1905  65      6       77
  MINIMUM         33    541 AM  25    1914  42     -9       61
  AVERAGE         52                        54     -2       69

PRECIPITATION (IN)
  TODAY            0.00          1.95 1927   0.13  -0.13     0.00
  MONTH TO DATE    0.45                      1.14  -0.69     0.09
  SINCE MAR 1      2.78                      4.76  -1.98     4.86
  SINCE JAN 1      4.57                      9.75  -5.18    10.20

SNOWFALL (IN)
  TODAY            0.0
  MONTH TO DATE    0.0
  SINCE MAR 1      4.8
  SINCE JUL 1     32.2
  SNOW DEPTH       0

DEGREE DAYS
 HEATING
  TODAY           13                        12      1        0
  MONTH TO DATE  118                       117      1      104
  SINCE MAR 1    799                       698    101      821
  SINCE JUL 1   4754                      4291    463     4119

 COOLING
  TODAY            0                         1     -1        4
  MONTH TO DATE    0                         2     -2        6
  SINCE MAR 1      0                         5     -5        6
  SINCE JAN 1      0                         5     -5        6
..................................................................


WIND (MPH)
  HIGHEST WIND SPEED    20   HIGHEST WIND DIRECTION     S (190)
  HIGHEST GUST SPEED    23   HIGHEST GUST DIRECTION     S (200)


SKY COVER
  AVERAGE SKY COVER 0.0


WEATHER CONDITIONS
 THE FOLLOWING WEATHER WAS RECORDED TODAY.
  NO SIGNIFICANT WEATHER WAS OBSERVED.


RELATIVE HUMIDITY (PERCENT)
 HIGHEST    75           300 AM
 LOWEST     26          1200 PM
 AVERAGE    51

..........................................................


THE SPRINGFIELD MO CLIMATE NORMALS FOR TOMORROW
                         NORMAL    RECORD    YEAR
 MAXIMUM TEMPERATURE (F)   66        87      1930
 MINIMUM TEMPERATURE (F)   42        24      1989


SUNRISE AND SUNSET
APRIL  9 2014.........SUNRISE   647 AM CDT   SUNSET   743 PM CDT
APRIL 10 2014.........SUNRISE   646 AM CDT   SUNSET   744 PM CDT


-  INDICATES NEGATIVE NUMBERS.
R  INDICATES RECORD WAS SET OR TIED.
MM INDICATES DATA IS MISSING.
T  INDICATES TRACE AMOUNT.




$$
