000
CDUS41 KBUF 281015
CLIROC


CLIMATE REPORT
NATIONAL WEATHER SERVICE BUFFALO NY
611 AM EDT THU MAY 28 2015


...................................

...THE ROCHESTER NY CLIMATE SUMMARY FOR MAY 27 2015...

CLIMATE NORMAL PERIOD 1981 TO 2010
CLIMATE RECORD PERIOD 1871 TO 2015


WEATHER ITEM   OBSERVED TIME   RECORD YEAR NORMAL DEPARTURE LAST
                VALUE   (LST)  VALUE       VALUE  FROM      YEAR
                                                  NORMAL
..................................................................
TEMPERATURE (F)
 YESTERDAY
  MAXIMUM         84    545 PM  92    1978  71     13       83
  MINIMUM         65   1023 PM  35    1969  50     15       63
  AVERAGE         75                        60     15       73

PRECIPITATION (IN)
  YESTERDAY        0.30          0.96 2011   0.09   0.21      T
  MONTH TO DATE    1.50                      2.50  -1.00     3.17
  SINCE MAR 1      5.54                      7.73  -2.19     9.38
  SINCE JAN 1      9.79                     12.09  -2.30    13.00

SNOWFALL (IN)
  YESTERDAY        0.0           0.0    MM   0.0    0.0      0.0
  MONTH TO DATE    0.0                       0.4   -0.4       T
  SINCE MAR 1     13.3                      20.6   -7.3     29.6
  SINCE JUL 1    101.9                      99.5    2.4    112.7
  SNOW DEPTH       0

DEGREE DAYS
 HEATING
  YESTERDAY        0                         6     -6        0
  MONTH TO DATE  119                       254   -135      172
  SINCE MAR 1   1711                      1771    -60     1882
  SINCE JUL 1   6805                      6557    248     6967

 COOLING
  YESTERDAY       10                         1      9        8
  MONTH TO DATE   84                        18     66       38
  SINCE MAR 1     84                        22     62       39
  SINCE JAN 1     84                        22     62       39
..................................................................


WIND (MPH)
  HIGHEST WIND SPEED    36   HIGHEST WIND DIRECTION     W (270)
  HIGHEST GUST SPEED    48   HIGHEST GUST DIRECTION     W (260)
  AVERAGE WIND SPEED    11.0


SKY COVER
  AVERAGE SKY COVER 0.8


WEATHER CONDITIONS
 THE FOLLOWING WEATHER WAS RECORDED YESTERDAY.
  THUNDERSTORM
  HEAVY RAIN
  LIGHT RAIN
  FOG


RELATIVE HUMIDITY (PERCENT)
 HIGHEST    93          1000 PM
 LOWEST     37           500 PM
 AVERAGE    65

..........................................................


THE ROCHESTER NY CLIMATE NORMALS FOR TODAY
                         NORMAL    RECORD    YEAR
 MAXIMUM TEMPERATURE (F)   71        93      1911
 MINIMUM TEMPERATURE (F)   50        35      1949


SUNRISE AND SUNSET
MAY 28 2015...........SUNRISE   536 AM EDT   SUNSET   840 PM EDT
MAY 29 2015...........SUNRISE   536 AM EDT   SUNSET   841 PM EDT


-  INDICATES NEGATIVE NUMBERS.
R  INDICATES RECORD WAS SET OR TIED.
MM INDICATES DATA IS MISSING.
T  INDICATES TRACE AMOUNT.




$$
