000
CDUS41 KBUF 010705
CLIROC


CLIMATE REPORT
NATIONAL WEATHER SERVICE BUFFALO NY
205 AM EST SUN FEB 1 2015


...................................

...THE ROCHESTER NY CLIMATE SUMMARY FOR JANUARY 31 2015...

CLIMATE NORMAL PERIOD 1981 TO 2010
CLIMATE RECORD PERIOD 1871 TO 2015


WEATHER ITEM   OBSERVED TIME   RECORD YEAR NORMAL DEPARTURE LAST
                VALUE   (LST)  VALUE       VALUE  FROM      YEAR
                                                  NORMAL
..................................................................
TEMPERATURE (F)
 YESTERDAY
  MAXIMUM         27   1159 PM  63    1988  32     -5       35
  MINIMUM          0    332 AM -10    1994  17    -17       28
  AVERAGE         14                        24    -10       32

PRECIPITATION (IN)
  YESTERDAY        T             1.77 2002   0.07  -0.07      T
  MONTH TO DATE    1.74                      2.41  -0.67     1.23
  SINCE DEC 1      4.05                      5.04  -0.99     4.22
  SINCE JAN 1      1.74                      2.41  -0.67     1.23

SNOWFALL (IN)
  YESTERDAY       MM            11.7  1878   0.9   MM         T
  MONTH TO DATE   17.6                      28.2  -10.6     20.8
  SINCE DEC 1     34.2                      50.0  -15.8     43.3
  SINCE JUL 1     43.3                      57.4  -14.1     56.8
  SNOW DEPTH       4

DEGREE DAYS
 HEATING
  YESTERDAY       51                        41     10       33
  MONTH TO DATE 1402                      1254    148     1371
  SINCE DEC 1   2342                      2336      6     2496
  SINCE JUL 1   3622                      3704    -82     3868

 COOLING
  YESTERDAY        0                         0      0        0
  MONTH TO DATE    0                         0      0        0
  SINCE DEC 1      0                         0      0        0
  SINCE JAN 1      0                         0      0        0
..................................................................


WIND (MPH)
  HIGHEST WIND SPEED    15   HIGHEST WIND DIRECTION    SW (240)
  HIGHEST GUST SPEED    18   HIGHEST GUST DIRECTION     W (250)
  AVERAGE WIND SPEED     7.0


SKY COVER
  AVERAGE SKY COVER 0.8


WEATHER CONDITIONS
 THE FOLLOWING WEATHER WAS RECORDED YESTERDAY.
  LIGHT SNOW
  FOG
  HAZE


RELATIVE HUMIDITY (PERCENT)
 HIGHEST    80           600 AM
 LOWEST     57           300 PM
 AVERAGE    69

..........................................................


THE ROCHESTER NY CLIMATE NORMALS FOR TODAY
                         NORMAL    RECORD    YEAR
 MAXIMUM TEMPERATURE (F)   32        56      1988
 MINIMUM TEMPERATURE (F)   17       -10      1948


SUNRISE AND SUNSET
FEBRUARY  1 2015......SUNRISE   726 AM EST   SUNSET   523 PM EST
FEBRUARY  2 2015......SUNRISE   725 AM EST   SUNSET   524 PM EST


-  INDICATES NEGATIVE NUMBERS.
R  INDICATES RECORD WAS SET OR TIED.
MM INDICATES DATA IS MISSING.
T  INDICATES TRACE AMOUNT.




$$
