000
CDUS41 KBUF 171006
CLIROC


CLIMATE REPORT
NATIONAL WEATHER SERVICE BUFFALO NY
605 AM EDT THU APR 17 2014


...................................

...THE ROCHESTER NY CLIMATE SUMMARY FOR APRIL 16 2014...

CLIMATE NORMAL PERIOD 1981 TO 2010
CLIMATE RECORD PERIOD 1871 TO 2014


WEATHER ITEM   OBSERVED TIME   RECORD YEAR NORMAL DEPARTURE LAST
                VALUE   (LST)  VALUE       VALUE  FROM      YEAR
                                                  NORMAL
..................................................................
TEMPERATURE (F)
 YESTERDAY
  MAXIMUM         38    216 PM  87    2012  56    -18       66
  MINIMUM         24    552 AM  22    1943  37    -13       44
                                      1875
  AVERAGE         31                        47    -16       55

PRECIPITATION (IN)
  YESTERDAY        T             1.12 1947   0.09  -0.09     0.09
  MONTH TO DATE    2.04                      1.52   0.52     2.46
  SINCE MAR 1      4.40                      4.02   0.38     3.31
  SINCE JAN 1      8.02                      8.38  -0.36     7.62

SNOWFALL (IN)
  YESTERDAY        T             7.0  1904   0.1   -0.1      0.0
  MONTH TO DATE    0.3                       3.0   -2.7      2.3
  SINCE MAR 1     29.6                      19.3   10.3     14.2
  SINCE JUL 1    112.7                      98.2   14.5     78.1
  SNOW DEPTH       T

DEGREE DAYS
 HEATING
  YESTERDAY       34                        18     16       10
  MONTH TO DATE  329                       345    -16      350
  SINCE MAR 1   1477                      1297    180     1321
  SINCE JUL 1   6562                      6083    479     5629

 COOLING
  YESTERDAY        0                         0      0        0
  MONTH TO DATE    1                         0      1        0
  SINCE MAR 1      1                         0      1        0
  SINCE JAN 1      1                         0      1        0
..................................................................


WIND (MPH)
  HIGHEST WIND SPEED    18   HIGHEST WIND DIRECTION    NW (310)
  HIGHEST GUST SPEED    25   HIGHEST GUST DIRECTION    NW (320)
  AVERAGE WIND SPEED     8.4


SKY COVER
  AVERAGE SKY COVER 0.6


WEATHER CONDITIONS
 THE FOLLOWING WEATHER WAS RECORDED YESTERDAY.
  LIGHT SNOW
  HAZE


RELATIVE HUMIDITY (PERCENT)
 HIGHEST    63           400 AM
 LOWEST     35           100 PM
 AVERAGE    49

..........................................................


THE ROCHESTER NY CLIMATE NORMALS FOR TODAY
                         NORMAL    RECORD    YEAR
 MAXIMUM TEMPERATURE (F)   57        85      2002
 MINIMUM TEMPERATURE (F)   37        19      1875


SUNRISE AND SUNSET
APRIL 17 2014.........SUNRISE   625 AM EDT   SUNSET   756 PM EDT
APRIL 18 2014.........SUNRISE   624 AM EDT   SUNSET   757 PM EDT


-  INDICATES NEGATIVE NUMBERS.
R  INDICATES RECORD WAS SET OR TIED.
MM INDICATES DATA IS MISSING.
T  INDICATES TRACE AMOUNT.




$$
