000
CDUS41 KBUF 040705
CLIROC


CLIMATE REPORT
NATIONAL WEATHER SERVICE BUFFALO NY
305 AM EDT FRI JUL 4 2014


...................................

...THE ROCHESTER NY CLIMATE SUMMARY FOR JULY 3 2014...

CLIMATE NORMAL PERIOD 1981 TO 2010
CLIMATE RECORD PERIOD 1871 TO 2014


WEATHER ITEM   OBSERVED TIME   RECORD YEAR NORMAL DEPARTURE LAST
                VALUE   (LST)  VALUE       VALUE  FROM      YEAR
                                                  NORMAL
..................................................................
TEMPERATURE (F)
 YESTERDAY
  MAXIMUM         75   1041 AM 100    1911  81     -6       87
  MINIMUM         62   1159 PM  48    1995  60      2       67
                                      1977
                                      1971
  AVERAGE         69                        70     -1       77

PRECIPITATION (IN)
  YESTERDAY        0.43          2.37 2013   0.11   0.32     2.37
  MONTH TO DATE    0.46                      0.32   0.14     2.75
  SINCE JUN 1      2.52                      3.66  -1.14     9.02
  SINCE JAN 1     15.52                     16.12  -0.60    20.85

SNOWFALL (IN)
  YESTERDAY        0.0           0.0    MM   0.0    0.0      0.0
  MONTH TO DATE    0.0                       0.0    0.0      0.0
  SINCE JUN 1      0.0                       0.0    0.0      0.0
  SINCE JUL 1      0.0                       0.0    0.0      0.0
  SNOW DEPTH       0

DEGREE DAYS
 HEATING
  YESTERDAY        0                         1     -1        0
  MONTH TO DATE    0                         3     -3        0
  SINCE JUN 1     29                        71    -42       58
  SINCE JUL 1      0                         3     -3        0

 COOLING
  YESTERDAY        4                         6     -2       12
  MONTH TO DATE   35                        18     17       17
  SINCE JUN 1    185                       124     61      124
  SINCE JAN 1    224                       154     70      195
..................................................................


WIND (MPH)
  HIGHEST WIND SPEED    17   HIGHEST WIND DIRECTION    NW (300)
  HIGHEST GUST SPEED    23   HIGHEST GUST DIRECTION    NW (300)
  AVERAGE WIND SPEED     3.6


SKY COVER
  AVERAGE SKY COVER 0.9


WEATHER CONDITIONS
 THE FOLLOWING WEATHER WAS RECORDED YESTERDAY.
  HEAVY RAIN
  LIGHT RAIN
  FOG


RELATIVE HUMIDITY (PERCENT)
 HIGHEST    93           100 AM
 LOWEST     68          1100 AM
 AVERAGE    81

..........................................................


THE ROCHESTER NY CLIMATE NORMALS FOR TODAY
                         NORMAL    RECORD    YEAR
 MAXIMUM TEMPERATURE (F)   81        99      1897
 MINIMUM TEMPERATURE (F)   60        47      1986
                                             1960


SUNRISE AND SUNSET
JULY  4 2014..........SUNRISE   537 AM EDT   SUNSET   853 PM EDT
JULY  5 2014..........SUNRISE   537 AM EDT   SUNSET   853 PM EDT


-  INDICATES NEGATIVE NUMBERS.
R  INDICATES RECORD WAS SET OR TIED.
MM INDICATES DATA IS MISSING.
T  INDICATES TRACE AMOUNT.




$$
