000
CDUS41 KBUF 120705
CLIROC


CLIMATE REPORT
NATIONAL WEATHER SERVICE BUFFALO NY
205 AM EST SUN FEB 12 2017


...................................

...THE ROCHESTER NY CLIMATE SUMMARY FOR FEBRUARY 11 2017...

CLIMATE NORMAL PERIOD 1981 TO 2010
CLIMATE RECORD PERIOD 1871 TO 2017


WEATHER ITEM   OBSERVED TIME   RECORD YEAR NORMAL DEPARTURE LAST
                VALUE   (LST)  VALUE       VALUE  FROM      YEAR
                                                  NORMAL
..................................................................
TEMPERATURE (F)
 YESTERDAY
  MAXIMUM         40    232 PM  70    1932  33      7       17
  MINIMUM         31   1159 PM -15    1979  18     13       10
  AVERAGE         36                        26     10       14

PRECIPITATION (IN)
  YESTERDAY        T             1.57 1887   0.07  -0.07     0.05
  MONTH TO DATE    0.86                      0.73   0.13     0.94
  SINCE DEC 1      6.52                      5.77   0.75     5.19
  SINCE JAN 1      3.61                      3.14   0.47     2.46

SNOWFALL (IN)
  YESTERDAY       MM             6.9  1970   0.8   MM        1.6
  MONTH TO DATE    6.8                       8.6   -1.8      3.8
  SINCE DEC 1     47.9                      58.6  -10.7     26.3
  SINCE JUL 1     63.8                      66.0   -2.2     27.5
  SNOW DEPTH       2

DEGREE DAYS
 HEATING
  YESTERDAY       29                        39    -10       51
  MONTH TO DATE  394                       440    -46      330
  SINCE DEC 1   2465                      2776   -311     2188
  SINCE JUL 1   3443                      4144   -701     3228

 COOLING
  YESTERDAY        0                         0      0        0
  MONTH TO DATE    0                         0      0        0
  SINCE DEC 1      0                         0      0        0
  SINCE JAN 1      0                         0      0        0
..................................................................


WIND (MPH)
  HIGHEST WIND SPEED    14   HIGHEST WIND DIRECTION     W (290)
  HIGHEST GUST SPEED    19   HIGHEST GUST DIRECTION     W (290)
  AVERAGE WIND SPEED     7.3


SKY COVER
  AVERAGE SKY COVER 1.0


WEATHER CONDITIONS
 THE FOLLOWING WEATHER WAS RECORDED YESTERDAY.
  LIGHT SNOW
  FOG


RELATIVE HUMIDITY (PERCENT)
 HIGHEST    96           900 PM
 LOWEST     47           200 AM
 AVERAGE    72

..........................................................


THE ROCHESTER NY CLIMATE NORMALS FOR TODAY
                         NORMAL    RECORD    YEAR
 MAXIMUM TEMPERATURE (F)   33        64      1965
 MINIMUM TEMPERATURE (F)   18       -15      1979


SUNRISE AND SUNSET
FEBRUARY 12 2017......SUNRISE   712 AM EST   SUNSET   538 PM EST
FEBRUARY 13 2017......SUNRISE   711 AM EST   SUNSET   540 PM EST


-  INDICATES NEGATIVE NUMBERS.
R  INDICATES RECORD WAS SET OR TIED.
MM INDICATES DATA IS MISSING.
T  INDICATES TRACE AMOUNT.




$$
