000
CDUS41 KBUF 091021
CLIROC


CLIMATE REPORT
NATIONAL WEATHER SERVICE BUFFALO NY
618 AM EDT SUN APR 9 2017


...................................

...THE ROCHESTER NY CLIMATE SUMMARY FOR APRIL 8 2017...

CLIMATE NORMAL PERIOD 1981 TO 2010
CLIMATE RECORD PERIOD 1871 TO 2017


WEATHER ITEM   OBSERVED TIME   RECORD YEAR NORMAL DEPARTURE LAST
                VALUE   (LST)  VALUE       VALUE  FROM      YEAR
                                                  NORMAL
..................................................................
TEMPERATURE (F)
 YESTERDAY
  MAXIMUM         51    511 PM  80    1991  53     -2       39
  MINIMUM         31    602 AM  17    1972  34     -3       28
  AVERAGE         41                        43     -2       34

PRECIPITATION (IN)
  YESTERDAY        0.00          1.02 2000   0.10  -0.10     0.02
  MONTH TO DATE    2.54                      0.75   1.79     0.64
  SINCE MAR 1      7.20                      3.25   3.95     2.46
  SINCE JAN 1     12.28                      7.61   4.67     7.76

SNOWFALL (IN)
  YESTERDAY        0.0           3.3  1979   0.1   -0.1      0.4
  MONTH TO DATE    2.5                       1.7    0.8      7.8
  SINCE MAR 1     35.5                      18.0   17.5     11.0
  SINCE JUL 1    107.1                      96.9   10.2     62.7
  SNOW DEPTH       T

DEGREE DAYS
 HEATING
  YESTERDAY       24                        22      2       31
  MONTH TO DATE  165                       186    -21      240
  SINCE MAR 1   1153                      1138     15     1002
  SINCE JUL 1   5021                      5924   -903     4919

 COOLING
  YESTERDAY        0                         0      0        0
  MONTH TO DATE    0                         0      0        0
  SINCE MAR 1      0                         0      0        0
  SINCE JAN 1      0                         0      0        0
..................................................................


WIND (MPH)
  HIGHEST WIND SPEED    21   HIGHEST WIND DIRECTION    NW (310)
  HIGHEST GUST SPEED    28   HIGHEST GUST DIRECTION    NW (300)
  AVERAGE WIND SPEED    11.6


SKY COVER
  AVERAGE SKY COVER 0.1


WEATHER CONDITIONS
 THE FOLLOWING WEATHER WAS RECORDED YESTERDAY.
  NO SIGNIFICANT WEATHER WAS OBSERVED.


RELATIVE HUMIDITY (PERCENT)
 HIGHEST    78           400 AM
 LOWEST     26           500 PM
 AVERAGE    52

..........................................................


THE ROCHESTER NY CLIMATE NORMALS FOR TODAY
                         NORMAL    RECORD    YEAR
 MAXIMUM TEMPERATURE (F)   53        79      1969
                                             1945
 MINIMUM TEMPERATURE (F)   34        16      1997


SUNRISE AND SUNSET
APRIL  9 2017.........SUNRISE   638 AM EDT   SUNSET   747 PM EDT
APRIL 10 2017.........SUNRISE   637 AM EDT   SUNSET   748 PM EDT


-  INDICATES NEGATIVE NUMBERS.
R  INDICATES RECORD WAS SET OR TIED.
MM INDICATES DATA IS MISSING.
T  INDICATES TRACE AMOUNT.




$$
