000
CDUS41 KBUF 180705
CLIROC


CLIMATE REPORT
NATIONAL WEATHER SERVICE BUFFALO NY
205 AM EST FRI NOV 18 2016


...................................

...THE ROCHESTER NY CLIMATE SUMMARY FOR NOVEMBER 17 2016...

CLIMATE NORMAL PERIOD 1981 TO 2010
CLIMATE RECORD PERIOD 1871 TO 2016


WEATHER ITEM   OBSERVED TIME   RECORD YEAR NORMAL DEPARTURE LAST
                VALUE   (LST)  VALUE       VALUE  FROM      YEAR
                                                  NORMAL
..................................................................
TEMPERATURE (F)
 YESTERDAY
  MAXIMUM         56    340 PM  72    1931  48      8       56
  MINIMUM         37    738 AM  15    1959  33      4       32
                                      1933
  AVERAGE         47                        40      7       44

PRECIPITATION (IN)
  YESTERDAY        0.00          2.01 1890   0.10  -0.10     0.00
  MONTH TO DATE    1.05                      1.63  -0.58     0.63
  SINCE SEP 1      8.61                      7.73   0.88     7.48
  SINCE JAN 1     26.26                     30.33  -4.07    33.61

SNOWFALL (IN)
  YESTERDAY        0.0           7.8  1920   0.2   -0.2      0.0
  MONTH TO DATE    0.0                       2.7   -2.7       T
  SINCE SEP 1      0.9                       2.8   -1.9       T
  SINCE JUL 1      0.9                       2.8   -1.9       T
  SNOW DEPTH       0

DEGREE DAYS
 HEATING
  YESTERDAY       18                        25     -7       21
  MONTH TO DATE  282                       377    -95      249
  SINCE SEP 1    675                       976   -301      725
  SINCE JUL 1    675                      1010   -335      744

 COOLING
  YESTERDAY        0                         0      0        0
  MONTH TO DATE    0                         0      0        0
  SINCE SEP 1    127                        55     72      144
  SINCE JAN 1    978                       539    439      698
..................................................................


WIND (MPH)
  HIGHEST WIND SPEED    12   HIGHEST WIND DIRECTION    SW (240)
  HIGHEST GUST SPEED    14   HIGHEST GUST DIRECTION    SW (240)
  AVERAGE WIND SPEED     5.0


SKY COVER
  AVERAGE SKY COVER 0.4


WEATHER CONDITIONS
 THE FOLLOWING WEATHER WAS RECORDED YESTERDAY.
  FOG


RELATIVE HUMIDITY (PERCENT)
 HIGHEST   100           500 AM
 LOWEST     51           200 PM
 AVERAGE    76

..........................................................


THE ROCHESTER NY CLIMATE NORMALS FOR TODAY
                         NORMAL    RECORD    YEAR
 MAXIMUM TEMPERATURE (F)   47        71      1958
                                             1896
 MINIMUM TEMPERATURE (F)   32        14      1959


SUNRISE AND SUNSET
NOVEMBER 18 2016......SUNRISE   708 AM EST   SUNSET   444 PM EST
NOVEMBER 19 2016......SUNRISE   709 AM EST   SUNSET   443 PM EST


-  INDICATES NEGATIVE NUMBERS.
R  INDICATES RECORD WAS SET OR TIED.
MM INDICATES DATA IS MISSING.
T  INDICATES TRACE AMOUNT.




$$
