361
CDUS41 KCLE 172114
CLIYNG


CLIMATE REPORT
NATIONAL WEATHER SERVICE CLEVELAND OH
513 PM EDT THU AUG 17 2017


...................................

...THE YOUNGSTOWN OH CLIMATE SUMMARY FOR AUGUST 17 2017...
VALID TODAY AS OF 0500 PM LOCAL TIME.

CLIMATE NORMAL PERIOD 1981 TO 2010
CLIMATE RECORD PERIOD 1897 TO 2017


WEATHER ITEM   OBSERVED TIME   RECORD YEAR NORMAL DEPARTURE LAST
                VALUE   (LST)  VALUE       VALUE  FROM      YEAR
                                                  NORMAL
..................................................................
TEMPERATURE (F)
 TODAY
  MAXIMUM         88    208 PM  97    1988  80      8       80
  MINIMUM         62    345 AM  43    1981  58      4       68
  AVERAGE         75                        69      6       74

PRECIPITATION (IN)
  TODAY            T                         0.10  -0.10     0.01
  MONTH TO DATE    1.29                      1.77  -0.48     2.68
  SINCE JUN 1     10.67                      9.96   0.71    10.85
  SINCE JAN 1     31.97                     24.75   7.22    25.95

SNOWFALL (IN)
  TODAY            0.0                       0.0    0.0      0.0
  MONTH TO DATE    0.0                       0.0    0.0      0.0
  SINCE JUN 1      0.0                       0.0    0.0      0.0
  SINCE JUL 1      0.0                       0.0    0.0      0.0
  SNOW DEPTH       0

DEGREE DAYS
 HEATING
  TODAY            0                         1     -1        0
  MONTH TO DATE    0                        12    -12        0
  SINCE JUN 1     44                        94    -50       40
  SINCE JUL 1      0                        25    -25        6

 COOLING
  TODAY           10                         5      5        9
  MONTH TO DATE   68                        93    -25      182
  SINCE JUN 1    435                       388     47      583
  SINCE JAN 1    484                       427     57      638
..................................................................


WIND (MPH)
  HIGHEST WIND SPEED    16   HIGHEST WIND DIRECTION    SW (210)
  HIGHEST GUST SPEED    24   HIGHEST GUST DIRECTION    SW (210)


SKY COVER
  POSSIBLE SUNSHINE  MM
  AVERAGE SKY COVER 0.7


WEATHER CONDITIONS
 THE FOLLOWING WEATHER WAS RECORDED TODAY.
  NO SIGNIFICANT WEATHER WAS OBSERVED.


RELATIVE HUMIDITY (PERCENT)
 HIGHEST    84           100 AM
 LOWEST     61           100 PM
 AVERAGE    73

..........................................................


THE YOUNGSTOWN OH CLIMATE NORMALS FOR TOMORROW
                         NORMAL    RECORD    YEAR
 MAXIMUM TEMPERATURE (F)   80        94      1937
 MINIMUM TEMPERATURE (F)   58        41      1981


SUNRISE AND SUNSET
AUGUST 17 2017........SUNRISE   634 AM EDT   SUNSET   818 PM EDT
AUGUST 18 2017........SUNRISE   635 AM EDT   SUNSET   817 PM EDT


-  INDICATES NEGATIVE NUMBERS.
R  INDICATES RECORD WAS SET OR TIED.
MM INDICATES DATA IS MISSING.
T  INDICATES TRACE AMOUNT.




$$
