000
CDUS41 KCLE 170533
CLIYNG


CLIMATE REPORT
NATIONAL WEATHER SERVICE CLEVELAND OH
132 AM EDT SUN AUG 17 2014


...................................

...THE YOUNGSTOWN OH CLIMATE SUMMARY FOR AUGUST 16 2014...

CLIMATE NORMAL PERIOD 1981 TO 2010
CLIMATE RECORD PERIOD 1897 TO 2014


WEATHER ITEM   OBSERVED TIME   RECORD YEAR NORMAL DEPARTURE LAST
                VALUE   (LST)  VALUE       VALUE  FROM      YEAR
                                                  NORMAL
..................................................................
TEMPERATURE (F)
 YESTERDAY
  MAXIMUM         77    434 PM  91    1995  80     -3       75
                                      1938
                                      1932
  MINIMUM         49    538 AM  42    1979  59    -10       51
  AVERAGE         63                        69     -6       63

PRECIPITATION (IN)
  YESTERDAY        0.00                      0.10  -0.10     0.00
  MONTH TO DATE    2.83                      1.67   1.16     1.18
  SINCE JUN 1     11.04                      9.86   1.18    14.00
  SINCE JAN 1     26.13                     24.65   1.48    25.77

SNOWFALL (IN)
  YESTERDAY        0.0                       0.0    0.0      0.0
  MONTH TO DATE    0.0                       0.0    0.0      0.0
  SINCE JUN 1      0.0                       0.0    0.0       T
  SINCE JUL 1      0.0                       0.0    0.0      0.0
  SNOW DEPTH       0

DEGREE DAYS
 HEATING
  YESTERDAY        2                         1      1        2
  MONTH TO DATE   17                        11      6       24
  SINCE JUN 1     73                        93    -20       93
  SINCE JUL 1     45                        24     21       37

 COOLING
  YESTERDAY        0                         5     -5        0
  MONTH TO DATE   47                        88    -41       34
  SINCE JUN 1    330                       383    -53      372
  SINCE JAN 1    385                       422    -37      460
..................................................................


WIND (MPH)
  HIGHEST WIND SPEED    17   HIGHEST WIND DIRECTION    SW (230)
  HIGHEST GUST SPEED    24   HIGHEST GUST DIRECTION     W (260)
  AVERAGE WIND SPEED     8.6


SKY COVER
  POSSIBLE SUNSHINE  MM
  AVERAGE SKY COVER 0.5


WEATHER CONDITIONS
 THE FOLLOWING WEATHER WAS RECORDED YESTERDAY.
  NO SIGNIFICANT WEATHER WAS OBSERVED.


RELATIVE HUMIDITY (PERCENT)
 HIGHEST    87          1100 PM
 LOWEST     38           300 PM
 AVERAGE    63

..........................................................


THE YOUNGSTOWN OH CLIMATE NORMALS FOR TODAY
                         NORMAL    RECORD    YEAR
 MAXIMUM TEMPERATURE (F)   80        97      1988
 MINIMUM TEMPERATURE (F)   58        43      1981


SUNRISE AND SUNSET
AUGUST 17 2014........SUNRISE   634 AM EDT   SUNSET   819 PM EDT
AUGUST 18 2014........SUNRISE   635 AM EDT   SUNSET   817 PM EDT


-  INDICATES NEGATIVE NUMBERS.
R  INDICATES RECORD WAS SET OR TIED.
MM INDICATES DATA IS MISSING.
T  INDICATES TRACE AMOUNT.




$$
