000
CDUS43 KICT 270625
CLIICT


CLIMATE REPORT
NATIONAL WEATHER SERVICE WICHITA KS
1225 AM CST FRI FEB 27 2015


...................................

...THE WICHITA EISENHOWER NATIONAL CLIMATE SUMMARY FOR FEBRUARY 26 2015...

CLIMATE NORMAL PERIOD 1981 TO 2010
CLIMATE RECORD PERIOD 1888 TO 2015


WEATHER ITEM   OBSERVED TIME   RECORD YEAR NORMAL DEPARTURE LAST
                VALUE   (LST)  VALUE       VALUE  FROM      YEAR
                                                  NORMAL
..................................................................
TEMPERATURE (F)
 YESTERDAY
  MAXIMUM         27    324 PM  78    1896  52    -25       37
  MINIMUM         12    818 AM   0    1934  30    -18        8
  AVERAGE         20                        41    -21       23

PRECIPITATION (IN)
  YESTERDAY        T             0.91 1903   0.05  -0.05      T
  MONTH TO DATE    0.24                      1.08  -0.84     0.84
  SINCE DEC 1      2.64                      3.11  -0.47     1.57
  SINCE JAN 1      1.35                      1.91  -0.56     0.97

SNOWFALL (IN)
  YESTERDAY        T             3.2  1912   0.0    0.0      0.1
  MONTH TO DATE    2.6                       3.0   -0.4     13.1
  SINCE DEC 1     10.8                      10.8    0.0     19.5
  SINCE JUL 1     12.6                      12.2    0.4     19.5
  SNOW DEPTH       0

DEGREE DAYS
 HEATING
  YESTERDAY       45                        24     21       42
  MONTH TO DATE  815                       731     84      890
  SINCE DEC 1   2589                      2715   -126     2979
  SINCE JUL 1   3469                      3591   -122     3864

 COOLING
  YESTERDAY        0                         0      0        0
  MONTH TO DATE    0                         0      0        0
  SINCE DEC 1      0                         0      0        0
  SINCE JAN 1      0                         0      0        0
..................................................................


WIND (MPH)
  HIGHEST WIND SPEED    32   HIGHEST WIND DIRECTION     N (360)
  HIGHEST GUST SPEED    44   HIGHEST GUST DIRECTION     N (350)
  AVERAGE WIND SPEED    17.9


SKY COVER
  POSSIBLE SUNSHINE  MM
  AVERAGE SKY COVER 0.6


WEATHER CONDITIONS
 THE FOLLOWING WEATHER WAS RECORDED YESTERDAY.
  LIGHT SNOW


RELATIVE HUMIDITY (PERCENT)
 HIGHEST    68          1200 AM
 LOWEST     25           400 PM
 AVERAGE    47

..........................................................


THE WICHITA EISENHOWER NATIONAL CLIMATE NORMALS FOR TODAY
                         NORMAL    RECORD    YEAR
 MAXIMUM TEMPERATURE (F)   52        78      1976
 MINIMUM TEMPERATURE (F)   30         1      1890


SUNRISE AND SUNSET
FEBRUARY 27 2015......SUNRISE   704 AM CST   SUNSET   621 PM CST
FEBRUARY 28 2015......SUNRISE   703 AM CST   SUNSET   622 PM CST


-  INDICATES NEGATIVE NUMBERS.
R  INDICATES RECORD WAS SET OR TIED.
MM INDICATES DATA IS MISSING.
T  INDICATES TRACE AMOUNT.




$$
