000
CDUS43 KICT 210619
CLIICT

CLIMATE REPORT
NATIONAL WEATHER SERVICE WICHITA KS
1218 AM CST MON NOV 21 2016


...................................

...THE WICHITA EISENHOWER NATIONAL CLIMATE SUMMARY FOR NOVEMBER 20 2016...

CLIMATE NORMAL PERIOD 1981 TO 2010
CLIMATE RECORD PERIOD 1888 TO 2016


WEATHER ITEM   OBSERVED TIME   RECORD YEAR NORMAL DEPARTURE LAST
                VALUE   (LST)  VALUE       VALUE  FROM      YEAR
                                                  NORMAL
..................................................................
TEMPERATURE (F)
 YESTERDAY
  MAXIMUM         61    341 PM  83    1897  54      7       64
  MINIMUM         31    500 AM  13    1937  33     -2       35
  AVERAGE         46                        43      3       50

PRECIPITATION (IN)
  YESTERDAY        0.00          1.24 1979   0.04  -0.04      T
  MONTH TO DATE    0.14                      1.01  -0.87     0.92
  SINCE SEP 1     13.48                      6.93   6.55     4.13
  SINCE JAN 1     49.82                     31.02  18.80    36.55

SNOWFALL (IN)
  YESTERDAY        0.0           1.2  1906   0.1   -0.1      0.0
  MONTH TO DATE    0.0                       0.5   -0.5      0.0
  SINCE SEP 1      0.0                       0.6   -0.6      0.0
  SINCE JUL 1      0.0                       0.6   -0.6      0.0
  SNOW DEPTH       0

DEGREE DAYS
 HEATING
  YESTERDAY       19                        22     -3       15
  MONTH TO DATE  191                       343   -152      205
  SINCE SEP 1    281                       628   -347      330
  SINCE JUL 1    281                       629   -348      330

 COOLING
  YESTERDAY        0                         0      0        0
  MONTH TO DATE   11                         0     11        2
  SINCE SEP 1    382                       257    125      416
  SINCE JAN 1   2054                      1684    370     1907
..................................................................


WIND (MPH)
  HIGHEST WIND SPEED    26   HIGHEST WIND DIRECTION     S (180)
  HIGHEST GUST SPEED    33   HIGHEST GUST DIRECTION     S (170)
  AVERAGE WIND SPEED    12.1


SKY COVER
  POSSIBLE SUNSHINE  MM
  AVERAGE SKY COVER 0.2


WEATHER CONDITIONS
 THE FOLLOWING WEATHER WAS RECORDED YESTERDAY.
  NO SIGNIFICANT WEATHER WAS OBSERVED.


RELATIVE HUMIDITY (PERCENT)
 HIGHEST    72           600 AM
 LOWEST     27           200 PM
 AVERAGE    50

..........................................................


THE WICHITA EISENHOWER NATIONAL CLIMATE NORMALS FOR TODAY
                         NORMAL    RECORD    YEAR
 MAXIMUM TEMPERATURE (F)   53        74      2012
 MINIMUM TEMPERATURE (F)   32        10      1898


SUNRISE AND SUNSET
NOVEMBER 21 2016......SUNRISE   716 AM CST   SUNSET   515 PM CST
NOVEMBER 22 2016......SUNRISE   717 AM CST   SUNSET   514 PM CST


-  INDICATES NEGATIVE NUMBERS.
R  INDICATES RECORD WAS SET OR TIED.
MM INDICATES DATA IS MISSING.
T  INDICATES TRACE AMOUNT.




$$
