000
CDUS43 KICT 122305
CLIICT


CLIMATE REPORT
NATIONAL WEATHER SERVICE WICHITA KS
505 PM CST FRI JAN 12 2018


...................................

...THE WICHITA EISENHOWER NATIONAL CLIMATE SUMMARY FOR JANUARY 12 2018...
VALID TODAY AS OF 0500 PM LOCAL TIME.

CLIMATE NORMAL PERIOD 1981 TO 2010
CLIMATE RECORD PERIOD 1888 TO 2018


WEATHER ITEM   OBSERVED TIME   RECORD YEAR NORMAL DEPARTURE LAST
                VALUE   (LST)  VALUE       VALUE  FROM      YEAR
                                                  NORMAL
..................................................................
TEMPERATURE (F)
 TODAY
  MAXIMUM         20    459 PM  70    2014  42    -22       33
  MINIMUM          9    814 AM -15    1912  22    -13       16
  AVERAGE         15                        32    -17       25

PRECIPITATION (IN)
  TODAY            0.00          0.50 1890   0.02  -0.02     0.00
  MONTH TO DATE    0.17                      0.28  -0.11     0.05
  SINCE DEC 1      0.20                      1.48  -1.28     0.71
  SINCE JAN 1      0.17                      0.28  -0.11     0.05

SNOWFALL (IN)
  TODAY            0.0           4.5  1890   0.1   -0.1      0.0
  MONTH TO DATE    T                         1.3   -1.3       T
  SINCE DEC 1      T                         5.5   -5.5      2.0
  SINCE JUL 1      T                         6.9   -6.9      2.0
  SNOW DEPTH       0

DEGREE DAYS
 HEATING
  TODAY           50                        33     17       40
  MONTH TO DATE  423                       396     27      402
  SINCE DEC 1   1289                      1363    -74     1389
  SINCE JUL 1   2019                      2239   -220     1842

 COOLING
  TODAY            0                         0      0        0
  MONTH TO DATE    0                         0      0        0
  SINCE DEC 1      0                         0      0        0
  SINCE JAN 1      0                         0      0        0
..................................................................


WIND (MPH)
  HIGHEST WIND SPEED    22   HIGHEST WIND DIRECTION     N (350)
  HIGHEST GUST SPEED    26   HIGHEST GUST DIRECTION     N (340)
  AVERAGE WIND SPEED    13.1


SKY COVER
  POSSIBLE SUNSHINE  MM
  AVERAGE SKY COVER 0.4


WEATHER CONDITIONS
 THE FOLLOWING WEATHER WAS RECORDED TODAY.
  NO SIGNIFICANT WEATHER WAS OBSERVED.


RELATIVE HUMIDITY (PERCENT)
 HIGHEST    73           300 AM
 LOWEST     56           300 PM
 AVERAGE    65

..........................................................


THE WICHITA EISENHOWER NATIONAL CLIMATE NORMALS FOR TOMORROW
                         NORMAL    RECORD    YEAR
 MAXIMUM TEMPERATURE (F)   42        70      1996
 MINIMUM TEMPERATURE (F)   22       -11      1916


SUNRISE AND SUNSET
JANUARY 12 2018.......SUNRISE   744 AM CST   SUNSET   532 PM CST
JANUARY 13 2018.......SUNRISE   744 AM CST   SUNSET   533 PM CST


-  INDICATES NEGATIVE NUMBERS.
R  INDICATES RECORD WAS SET OR TIED.
MM INDICATES DATA IS MISSING.
T  INDICATES TRACE AMOUNT.




$$
