000
CDUS43 KICT 242307
CLIICT


CLIMATE REPORT
NATIONAL WEATHER SERVICE WICHITA KS
507 PM CST WED DEC 24 2014


...................................

...THE WICHITA MID CONTINENT CLIMATE SUMMARY FOR DECEMBER 24 2014...
VALID TODAY AS OF 500 PM LOCAL TIME.

CLIMATE NORMAL PERIOD 1981 TO 2010
CLIMATE RECORD PERIOD 1888 TO 2014


WEATHER ITEM   OBSERVED TIME   RECORD YEAR NORMAL DEPARTURE LAST
                VALUE   (LST)  VALUE       VALUE  FROM      YEAR
                                                  NORMAL
..................................................................
TEMPERATURE (F)
 TODAY
  MAXIMUM         46    341 PM  83    1955  42      4       32
  MINIMUM         33    452 AM -10    1983  23     10       16
  AVERAGE         40                        32      8       24

PRECIPITATION (IN)
  TODAY            T             0.82 1890   0.03  -0.03      T
  MONTH TO DATE    1.22                      0.98   0.24     0.60
  SINCE DEC 1      1.22                      0.98   0.24     0.60
  SINCE JAN 1     25.53                     32.42  -6.89    40.45

SNOWFALL (IN)
  TODAY           MM             2.8  2009   0.1   MM         T
                                      1918
  MONTH TO DATE    2.7                       3.2   -0.5      3.4
  SINCE DEC 1      2.7                       3.2   -0.5      3.4
  SINCE JUL 1      4.5                       4.6   -0.1      3.4
  SNOW DEPTH       0

DEGREE DAYS
 HEATING
  TODAY           25                        33     -8       41
  MONTH TO DATE  575                       736   -161      838
  SINCE DEC 1    575                       736   -161      838
  SINCE JUL 1   1455                      1612   -157     1723

 COOLING
  TODAY            0                         0      0        0
  MONTH TO DATE    0                         0      0        0
  SINCE DEC 1      0                         0      0        0
  SINCE JAN 1   1849                      1686    163     1778
..................................................................


WIND (MPH)
  HIGHEST WIND SPEED    24   HIGHEST WIND DIRECTION     N (340)
  HIGHEST GUST SPEED    31   HIGHEST GUST DIRECTION     N (340)
  AVERAGE WIND SPEED    13.7


SKY COVER
  POSSIBLE SUNSHINE  MM
  AVERAGE SKY COVER 0.7


WEATHER CONDITIONS
 THE FOLLOWING WEATHER WAS RECORDED TODAY.
  LIGHT RAIN
  SNOW
  LIGHT SNOW


RELATIVE HUMIDITY (PERCENT)
 HIGHEST    82           300 AM
 LOWEST     45           400 PM
 AVERAGE    64

..........................................................


THE WICHITA MID CONTINENT CLIMATE NORMALS FOR TOMORROW
                         NORMAL    RECORD    YEAR
 MAXIMUM TEMPERATURE (F)   42        65      1960
                                             1954
                                             1950
 MINIMUM TEMPERATURE (F)   23        -6      1983


SUNRISE AND SUNSET
DECEMBER 24 2014......SUNRISE   742 AM CST   SUNSET   516 PM CST
DECEMBER 25 2014......SUNRISE   743 AM CST   SUNSET   517 PM CST


-  INDICATES NEGATIVE NUMBERS.
R  INDICATES RECORD WAS SET OR TIED.
MM INDICATES DATA IS MISSING.
T  INDICATES TRACE AMOUNT.




$$

JMBW
