000
CDUS43 KICT 170643
CLIICT


CLIMATE REPORT
NATIONAL WEATHER SERVICE WICHITA KS
142 AM CDT FRI MAR 17 2017


...................................

...THE WICHITA EISENHOWER NATIONAL CLIMATE SUMMARY FOR MARCH 16 2017...

CLIMATE NORMAL PERIOD 1981 TO 2010
CLIMATE RECORD PERIOD 1888 TO 2017


WEATHER ITEM   OBSERVED TIME   RECORD YEAR NORMAL DEPARTURE LAST
                VALUE   (LST)  VALUE       VALUE  FROM      YEAR
                                                  NORMAL
..................................................................
TEMPERATURE (F)
 YESTERDAY
  MAXIMUM         76    401 PM  83    2015  58     18       64
                                      1908
  MINIMUM         38    423 AM   9    1895  35      3       34
  AVERAGE         57                        46     11       49

PRECIPITATION (IN)
  YESTERDAY        0.00          1.78 1987   0.09  -0.09     0.00
  MONTH TO DATE    0.02                      1.26  -1.24     0.91
  SINCE MAR 1      0.02                      1.26  -1.24     0.91
  SINCE JAN 1      3.64                      3.27   0.37     1.65

SNOWFALL (IN)
  YESTERDAY        0.0          11.8  1970   0.0    0.0      0.0
  MONTH TO DATE    T                         1.3   -1.3      0.0
  SINCE MAR 1      T                         1.3   -1.3      0.0
  SINCE JUL 1      2.0                      13.7  -11.7      0.8
  SNOW DEPTH       0

DEGREE DAYS
 HEATING
  YESTERDAY        8                        19    -11       16
  MONTH TO DATE  292                       334    -42      166
  SINCE MAR 1    292                       334    -42      166
  SINCE JUL 1   3136                      3974   -838     3016

 COOLING
  YESTERDAY        0                         0      0        0
  MONTH TO DATE    0                         0      0        3
  SINCE MAR 1      0                         0      0        3
  SINCE JAN 1      0                         0      0        3
..................................................................


WIND (MPH)
  HIGHEST WIND SPEED    31   HIGHEST WIND DIRECTION     S (180)
  HIGHEST GUST SPEED    38   HIGHEST GUST DIRECTION     S (180)
  AVERAGE WIND SPEED    17.8


SKY COVER
  POSSIBLE SUNSHINE  MM
  AVERAGE SKY COVER 0.4


WEATHER CONDITIONS
 THE FOLLOWING WEATHER WAS RECORDED YESTERDAY.
  NO SIGNIFICANT WEATHER WAS OBSERVED.


RELATIVE HUMIDITY (PERCENT)
 HIGHEST    86          1000 PM
 LOWEST     46           300 PM
 AVERAGE    66

..........................................................


THE WICHITA EISENHOWER NATIONAL CLIMATE NORMALS FOR TODAY
                         NORMAL    RECORD    YEAR
 MAXIMUM TEMPERATURE (F)   58        86      1994
 MINIMUM TEMPERATURE (F)   35         9      1892


SUNRISE AND SUNSET
MARCH 17 2017.........SUNRISE   737 AM CDT   SUNSET   739 PM CDT
MARCH 18 2017.........SUNRISE   736 AM CDT   SUNSET   740 PM CDT


-  INDICATES NEGATIVE NUMBERS.
R  INDICATES RECORD WAS SET OR TIED.
MM INDICATES DATA IS MISSING.
T  INDICATES TRACE AMOUNT.




$$
