000
CDUS43 KICT 311245
CLIICT


CLIMATE REPORT
NATIONAL WEATHER SERVICE WICHITA KS
745 AM CDT MON AUG 31 2015


...................................

...THE WICHITA EISENHOWER NATIONAL CLIMATE SUMMARY FOR AUGUST 30 2015...

CLIMATE NORMAL PERIOD 1981 TO 2010
CLIMATE RECORD PERIOD 1888 TO 2015


WEATHER ITEM   OBSERVED TIME   RECORD YEAR NORMAL DEPARTURE LAST
                VALUE   (LST)  VALUE       VALUE  FROM      YEAR
                                                  NORMAL
..................................................................
TEMPERATURE (F)
 YESTERDAY
  MAXIMUM         84    442 PM 105    1939  89     -5       94
  MINIMUM         60    310 AM  46    1915  66     -6       64
  AVERAGE         72                        78     -6       79

PRECIPITATION (IN)
  YESTERDAY        0.00          2.43 2003   0.13  -0.13     0.00
  MONTH TO DATE    6.38                      3.58   2.80     2.38
  SINCE JUN 1     15.98                     12.10   3.88    15.91
  SINCE JAN 1     32.42                     23.96   8.46    21.98

SNOWFALL (IN)
  YESTERDAY        0.0           0.0  2007   0.0    0.0      0.0
  MONTH TO DATE    0.0                       0.0    0.0      0.0
  SINCE JUN 1      0.0                       0.0    0.0      0.0
  SINCE JUL 1      0.0                       0.0    0.0      0.0
  SNOW DEPTH       0

DEGREE DAYS
 HEATING
  YESTERDAY        0                         0      0        0
  MONTH TO DATE    0                         0      0        0
  SINCE JUN 1      0                         6     -6        1
  SINCE JUL 1      0                         0      0        1

 COOLING
  YESTERDAY        7                        13     -6       14
  MONTH TO DATE  359                       453    -94      484
  SINCE JUN 1   1361                      1279     82     1209
  SINCE JAN 1   1474                      1415     59     1476
..................................................................


WIND (MPH)
  HIGHEST WIND SPEED    12   HIGHEST WIND DIRECTION    SE (130)
  HIGHEST GUST SPEED    14   HIGHEST GUST DIRECTION    SE (130)
  AVERAGE WIND SPEED     5.2


SKY COVER
  POSSIBLE SUNSHINE  MM
  AVERAGE SKY COVER 0.4


WEATHER CONDITIONS
 THE FOLLOWING WEATHER WAS RECORDED YESTERDAY.
  FOG
  FOG W/VISIBILITY <= 1/4 MILE
  HAZE


RELATIVE HUMIDITY (PERCENT)
 HIGHEST   100           700 AM
 LOWEST     51           500 PM
 AVERAGE    76

..........................................................


THE WICHITA EISENHOWER NATIONAL CLIMATE NORMALS FOR TODAY
                         NORMAL    RECORD    YEAR
 MAXIMUM TEMPERATURE (F)   89       108      2011
 MINIMUM TEMPERATURE (F)   66        49      1915


SUNRISE AND SUNSET
AUGUST 31 2015........SUNRISE   659 AM CDT   SUNSET   801 PM CDT
SEPTEMBER  1 2015.....SUNRISE   700 AM CDT   SUNSET   759 PM CDT


-  INDICATES NEGATIVE NUMBERS.
R  INDICATES RECORD WAS SET OR TIED.
MM INDICATES DATA IS MISSING.
T  INDICATES TRACE AMOUNT.




$$
