000
CDUS43 KICT 162207
CLIICT


CLIMATE REPORT
NATIONAL WEATHER SERVICE WICHITA KS
506 PM CDT SUN APR 16 2017


...................................

...THE WICHITA EISENHOWER NATIONAL CLIMATE SUMMARY FOR APRIL 16 2017...
VALID TODAY AS OF 500 PM LOCAL TIME.

CLIMATE NORMAL PERIOD 1981 TO 2010
CLIMATE RECORD PERIOD 1888 TO 2017


WEATHER ITEM   OBSERVED TIME   RECORD YEAR NORMAL DEPARTURE LAST
                VALUE   (LST)  VALUE       VALUE  FROM      YEAR
                                                  NORMAL
..................................................................
TEMPERATURE (F)
 TODAY
  MAXIMUM         73    359 PM  89    2006  68      5       71
                                      1967
  MINIMUM         46    156 AM  29    1953  45      1       61
                                      1907
  AVERAGE         60                        56      4       66

PRECIPITATION (IN)
  TODAY            2.05R         1.05 1969   0.08   1.97     0.00
  MONTH TO DATE    3.80                      1.22   2.58     0.14
  SINCE MAR 1      7.30                      3.91   3.39     1.67
  SINCE JAN 1     10.92                      5.92   5.00     2.41

SNOWFALL (IN)
  TODAY            T   R         T    1947   0.0    0.0      0.0
  MONTH TO DATE    T                         0.2   -0.2      0.0
  SINCE MAR 1      T                         2.5   -2.5      3.5
  SINCE JUL 1      2.0                      14.9  -12.9      4.3
  SNOW DEPTH       0

DEGREE DAYS
 HEATING
  TODAY            5                        10     -5        0
  MONTH TO DATE  120                       188    -68      105
  SINCE MAR 1    549                       765   -216      494
  SINCE JUL 1   3393                      4405  -1012     3344

 COOLING
  TODAY            0                         1     -1        1
  MONTH TO DATE   17                         9      8       12
  SINCE MAR 1     35                        11     24       19
  SINCE JAN 1     35                        11     24       19
..................................................................


WIND (MPH)
  HIGHEST WIND SPEED    25   HIGHEST WIND DIRECTION    NE (30)
  HIGHEST GUST SPEED    32   HIGHEST GUST DIRECTION     N (360)
  AVERAGE WIND SPEED     8.2


SKY COVER
  POSSIBLE SUNSHINE  MM
  AVERAGE SKY COVER 0.8


WEATHER CONDITIONS
 THE FOLLOWING WEATHER WAS RECORDED TODAY.
  THUNDERSTORM
  HEAVY RAIN
  RAIN
  LIGHT RAIN
  HAIL
  FOG


RELATIVE HUMIDITY (PERCENT)
 HIGHEST   100           200 AM
 LOWEST     61           300 PM
 AVERAGE    81

..........................................................


THE WICHITA EISENHOWER NATIONAL CLIMATE NORMALS FOR TOMORROW
                         NORMAL    RECORD    YEAR
 MAXIMUM TEMPERATURE (F)   68        92      2006
 MINIMUM TEMPERATURE (F)   45        25      1907


SUNRISE AND SUNSET
APRIL 16 2017.........SUNRISE   653 AM CDT   SUNSET   806 PM CDT
APRIL 17 2017.........SUNRISE   652 AM CDT   SUNSET   807 PM CDT


-  INDICATES NEGATIVE NUMBERS.
R  INDICATES RECORD WAS SET OR TIED.
MM INDICATES DATA IS MISSING.
T  INDICATES TRACE AMOUNT.




$$
