657
CDUS43 KICT 150649
CLIICT


CLIMATE REPORT
NATIONAL WEATHER SERVICE WICHITA KS
147 AM CDT SUN OCT 15 2017


...................................

...THE WICHITA EISENHOWER NATIONAL CLIMATE SUMMARY FOR OCTOBER 14 2017...

CLIMATE NORMAL PERIOD 1981 TO 2010
CLIMATE RECORD PERIOD 1888 TO 2017


WEATHER ITEM   OBSERVED TIME   RECORD YEAR NORMAL DEPARTURE LAST
                VALUE   (LST)  VALUE       VALUE  FROM      YEAR
                                                  NORMAL
..................................................................
TEMPERATURE (F)
 YESTERDAY
  MAXIMUM         88    154 PM  89    1989  70     18       77
                                      1938
                                      1911
  MINIMUM         53   1159 PM  30    1969  48      5       53
  AVERAGE         71                        59     12       65

PRECIPITATION (IN)
  YESTERDAY        0.16          1.77 2007   0.09   0.07     0.00
  MONTH TO DATE    3.01                      1.38   1.63     1.12
  SINCE SEP 1      5.35                      4.52   0.83    12.42
  SINCE JAN 1     32.70                     28.61   4.09    48.76

SNOWFALL (IN)
  YESTERDAY        0.0           0.0  2007   0.0    0.0      0.0
  MONTH TO DATE    0.0                       0.0    0.0      0.0
  SINCE SEP 1      0.0                       0.0    0.0      0.0
  SINCE JUL 1      0.0                       0.0    0.0      0.0
  SNOW DEPTH       0

DEGREE DAYS
 HEATING
  YESTERDAY        0                         7     -7        0
  MONTH TO DATE   35                        77    -42       43
  SINCE SEP 1     41                       119    -78       57
  SINCE JUL 1     41                       120    -79       57

 COOLING
  YESTERDAY        6                         1      5        0
  MONTH TO DATE   64                        27     37       25
  SINCE SEP 1    340                       249     91      305
  SINCE JAN 1   1779                      1676    103     1977
..................................................................


WIND (MPH)
  HIGHEST WIND SPEED    43   HIGHEST WIND DIRECTION     N (340)
  HIGHEST GUST SPEED    50   HIGHEST GUST DIRECTION     N (340)
  AVERAGE WIND SPEED    17.7


SKY COVER
  POSSIBLE SUNSHINE  MM
  AVERAGE SKY COVER 0.7


WEATHER CONDITIONS
 THE FOLLOWING WEATHER WAS RECORDED YESTERDAY.
  THUNDERSTORM
  LIGHT RAIN
  FOG


RELATIVE HUMIDITY (PERCENT)
 HIGHEST   100           600 AM
 LOWEST     55           100 PM
 AVERAGE    78

..........................................................


THE WICHITA EISENHOWER NATIONAL CLIMATE NORMALS FOR TODAY
                         NORMAL    RECORD    YEAR
 MAXIMUM TEMPERATURE (F)   70        89      1950
 MINIMUM TEMPERATURE (F)   47        33      1974
                                             1943


SUNRISE AND SUNSET
OCTOBER 15 2017.......SUNRISE   738 AM CDT   SUNSET   652 PM CDT
OCTOBER 16 2017.......SUNRISE   739 AM CDT   SUNSET   651 PM CDT


-  INDICATES NEGATIVE NUMBERS.
R  INDICATES RECORD WAS SET OR TIED.
MM INDICATES DATA IS MISSING.
T  INDICATES TRACE AMOUNT.




$$
