000
CDUS43 KFSD 222234
CLIHON


CLIMATE REPORT
NATIONAL WEATHER SERVICE SIOUX FALLS SD
534 PM CDT FRI JUL 22 2016


...................................

...THE HURON SD CLIMATE SUMMARY FOR JULY 22 2016...
VALID TODAY AS OF 0500 PM LOCAL TIME.

CLIMATE NORMAL PERIOD 1981 TO 2010
CLIMATE RECORD PERIOD 1881 TO 2016


WEATHER ITEM   OBSERVED TIME   RECORD YEAR NORMAL DEPARTURE LAST
                VALUE   (LST)  VALUE       VALUE  FROM      YEAR
                                                  NORMAL
..................................................................
TEMPERATURE (F)
 TODAY
  MAXIMUM         99    302 PM 109    1936  87     12       84
  MINIMUM         74    519 AM  46    1904  62     12       67
  AVERAGE         87                        74     13       76

PRECIPITATION (IN)
  TODAY            0.00          1.01 1911   0.10  -0.10     0.00
  MONTH TO DATE    0.49                      1.98  -1.49     1.73
  SINCE JUN 1      2.40                      5.91  -3.51     6.33
  SINCE JAN 1     11.21                     13.89  -2.68    12.27

SNOWFALL (IN)
  TODAY            0.0           0.0    MM   0.0    0.0      0.0
  MONTH TO DATE    0.0                       0.0    0.0      0.0
  SINCE JUN 1      0.0                       0.0    0.0       T
  SINCE JUL 1      0.0                       0.0    0.0      0.0
  SNOW DEPTH       0

DEGREE DAYS
 HEATING
  TODAY            0                         0      0        0
  MONTH TO DATE    6                         0      6        4
  SINCE JUN 1     23                        51    -28       15
  SINCE JUL 1      6                         0      6        4

 COOLING
  TODAY           22                         9     13       11
  MONTH TO DATE  208                       192     16      190
  SINCE JUN 1    436                       325    111      340
  SINCE JAN 1    467                       358    109      360
..................................................................


WIND (MPH)
  HIGHEST WIND SPEED    22   HIGHEST WIND DIRECTION    NE (40)
  HIGHEST GUST SPEED    26   HIGHEST GUST DIRECTION    NE (40)
  AVERAGE WIND SPEED     8.5


SKY COVER
  POSSIBLE SUNSHINE  MM
  AVERAGE SKY COVER 0.1


WEATHER CONDITIONS
 THE FOLLOWING WEATHER WAS RECORDED TODAY.
  THUNDERSTORM


RELATIVE HUMIDITY (PERCENT)
 HIGHEST    94           500 AM
 LOWEST     42           300 PM
 AVERAGE    68

..........................................................


THE HURON SD CLIMATE NORMALS FOR TOMORROW
                         NORMAL    RECORD    YEAR
 MAXIMUM TEMPERATURE (F)   87       109      2005
 MINIMUM TEMPERATURE (F)   62        44      1904
                                             1887


SUNRISE AND SUNSET
JULY 22 2016..........SUNRISE   610 AM CDT   SUNSET   908 PM CDT
JULY 23 2016..........SUNRISE   611 AM CDT   SUNSET   907 PM CDT


-  INDICATES NEGATIVE NUMBERS.
R  INDICATES RECORD WAS SET OR TIED.
MM INDICATES DATA IS MISSING.
T  INDICATES TRACE AMOUNT.




$$
