000
CDUS43 KFSD 172228
CLIHON


CLIMATE REPORT
NATIONAL WEATHER SERVICE SIOUX FALLS SD
427 PM CST SAT FEB 17 2018


...................................

...THE HURON SD CLIMATE SUMMARY FOR FEBRUARY 17 2018...
VALID TODAY AS OF 0400 PM LOCAL TIME.

CLIMATE NORMAL PERIOD 1981 TO 2010
CLIMATE RECORD PERIOD 1881 TO 2018


WEATHER ITEM   OBSERVED TIME   RECORD YEAR NORMAL DEPARTURE LAST
                VALUE   (LST)  VALUE       VALUE  FROM      YEAR
                                                  NORMAL
..................................................................
TEMPERATURE (F)
 TODAY
  MAXIMUM         33    316 PM  67    1913  32      1       59
  MINIMUM         14    728 AM -29    1956  12      2       32
                                      1903
  AVERAGE         24                        22      2       46

PRECIPITATION (IN)
  TODAY            0.01          1.86 1962   0.02  -0.01     0.00
  MONTH TO DATE    0.31                      0.33  -0.02     0.14
  SINCE DEC 1      1.19                      1.35  -0.16     2.11
  SINCE JAN 1      0.69                      0.83  -0.14     0.72

SNOWFALL (IN)
  TODAY           MM            15.9  1962   0.3   MM        0.0
  MONTH TO DATE    4.4                       4.2    0.2       T
  SINCE DEC 1     17.4                      19.5   -2.1     17.0
  SINCE JUL 1     18.7                      27.8   -9.1     21.7
  SNOW DEPTH       1

DEGREE DAYS
 HEATING
  TODAY           41                        43     -2       19
  MONTH TO DATE  952                       768    184      642
  SINCE DEC 1   3818                      3683    135     3637
  SINCE JUL 1   5383                      5385     -2     4845

 COOLING
  TODAY            0                         0      0        0
  MONTH TO DATE    0                         0      0        0
  SINCE DEC 1      0                         0      0        0
  SINCE JAN 1      0                         0      0        0
..................................................................


WIND (MPH)
  HIGHEST WIND SPEED    18   HIGHEST WIND DIRECTION     W (290)
  HIGHEST GUST SPEED    21   HIGHEST GUST DIRECTION     W (290)
  AVERAGE WIND SPEED     8.6


SKY COVER
  POSSIBLE SUNSHINE  MM
  AVERAGE SKY COVER 0.6


WEATHER CONDITIONS
 THE FOLLOWING WEATHER WAS RECORDED TODAY.
  LIGHT SNOW
  FOG


RELATIVE HUMIDITY (PERCENT)
 HIGHEST   100           500 AM
 LOWEST     63           200 PM
 AVERAGE    82

..........................................................


THE HURON SD CLIMATE NORMALS FOR TOMORROW
                         NORMAL    RECORD    YEAR
 MAXIMUM TEMPERATURE (F)   33        70      1930
 MINIMUM TEMPERATURE (F)   12       -25      1967


SUNRISE AND SUNSET
FEBRUARY 17 2018......SUNRISE   730 AM CST   SUNSET   605 PM CST
FEBRUARY 18 2018......SUNRISE   728 AM CST   SUNSET   606 PM CST


-  INDICATES NEGATIVE NUMBERS.
R  INDICATES RECORD WAS SET OR TIED.
MM INDICATES DATA IS MISSING.
T  INDICATES TRACE AMOUNT.




$$
