000
CDUS43 KMPX 220642
CLIMSP


CLIMATE REPORT
NATIONAL WEATHER SERVICE CHANHASSEN MN
1241 AM CST THU JAN 22 2015


...................................

...THE TWIN CITIES MN CLIMATE SUMMARY FOR JANUARY 21 2015...

CLIMATE NORMAL PERIOD 1981 TO 2010
CLIMATE RECORD PERIOD 1871 TO 2015


WEATHER ITEM   OBSERVED TIME   RECORD YEAR NORMAL DEPARTURE LAST
                VALUE   (LST)  VALUE       VALUE  FROM      YEAR
                                                  NORMAL
..................................................................
TEMPERATURE (F)
 YESTERDAY
  MAXIMUM         30    958 PM  48    1900  24      6        6
  MINIMUM         26    955 AM -41    1888   7     19      -13
  AVERAGE         28                        15     13       -3

PRECIPITATION (IN)
  YESTERDAY        0.01          0.81 1917   0.03  -0.02     0.02
  MONTH TO DATE    0.31                      0.63  -0.32     0.69
  SINCE DEC 1      1.17                      1.79  -0.62     2.15
  SINCE JAN 1      0.31                      0.63  -0.32     0.69

SNOWFALL (IN)
  YESTERDAY        0.1          15.8  1917   0.4   -0.3      0.5
  MONTH TO DATE    5.3                       8.4   -3.1     11.0
  SINCE DEC 1     10.9                      20.3   -9.4     26.9
  SINCE JUL 1     20.3                      30.2   -9.9     28.0
  SNOW DEPTH       2

DEGREE DAYS
 HEATING
  YESTERDAY       37                        50    -13       68
  MONTH TO DATE 1055                      1044     11     1148
  SINCE DEC 1   2308                      2448   -140     2770
  SINCE JUL 1   4101                      4067     34     4271

 COOLING
  YESTERDAY        0                         0      0        0
  MONTH TO DATE    0                         0      0        0
  SINCE DEC 1      0                         0      0        0
  SINCE JAN 1      0                         0      0        0
..................................................................


WIND (MPH)
  HIGHEST WIND SPEED    15   HIGHEST WIND DIRECTION    NW (320)
  HIGHEST GUST SPEED    20   HIGHEST GUST DIRECTION     N (10)
  AVERAGE WIND SPEED     8.1


SKY COVER
  POSSIBLE SUNSHINE  MM
  AVERAGE SKY COVER 1.0


WEATHER CONDITIONS
 THE FOLLOWING WEATHER WAS RECORDED YESTERDAY.
  LIGHT SNOW
  FOG


RELATIVE HUMIDITY (PERCENT)
 HIGHEST    92           500 AM
 LOWEST     69           400 PM
 AVERAGE    81

..........................................................


THE TWIN CITIES MN CLIMATE NORMALS FOR TODAY
                         NORMAL    RECORD    YEAR
 MAXIMUM TEMPERATURE (F)   24        51      1942
                                             1900
 MINIMUM TEMPERATURE (F)    7       -34      1936


SUNRISE AND SUNSET
JANUARY 22 2015.......SUNRISE   742 AM CST   SUNSET   507 PM CST
JANUARY 23 2015.......SUNRISE   742 AM CST   SUNSET   508 PM CST


-  INDICATES NEGATIVE NUMBERS.
R  INDICATES RECORD WAS SET OR TIED.
MM INDICATES DATA IS MISSING.
T  INDICATES TRACE AMOUNT.




$$
