000
CDUS43 KMPX 250641
CLIMSP


CLIMATE REPORT
NATIONAL WEATHER SERVICE CHANHASSEN MN
140 AM CDT MON APR 25 2016


...................................

...THE TWIN CITIES MN CLIMATE SUMMARY FOR APRIL 24 2016...

CLIMATE NORMAL PERIOD 1981 TO 2010
CLIMATE RECORD PERIOD 1871 TO 2016


WEATHER ITEM   OBSERVED TIME   RECORD YEAR NORMAL DEPARTURE LAST
                VALUE   (LST)  VALUE       VALUE  FROM      YEAR
                                                  NORMAL
..................................................................
TEMPERATURE (F)
 YESTERDAY
  MAXIMUM         62   1211 AM  84    1962  62      0       52
  MINIMUM         52   1127 AM  24    1875  41     11       42
  AVERAGE         57                        52      5       47

PRECIPITATION (IN)
  YESTERDAY        0.39          1.43 1908   0.10   0.29     0.34
  MONTH TO DATE    1.38                      2.02  -0.64     2.42
  SINCE MAR 1      3.64                      3.91  -0.27     3.09
  SINCE JAN 1      5.04                      5.58  -0.54     3.78

SNOWFALL (IN)
  YESTERDAY        0.0           0.3  1902   0.0    0.0      0.0
  MONTH TO DATE    0.5                       2.1   -1.6      0.3
  SINCE MAR 1      5.9                      12.4   -6.5      7.1
  SINCE JUL 1     36.7                      54.1  -17.4     32.4
  SNOW DEPTH       0

DEGREE DAYS
 HEATING
  YESTERDAY        8                        14     -6       18
  MONTH TO DATE  399                       458    -59      387
  SINCE MAR 1   1127                      1456   -329     1293
  SINCE JUL 1   5992                      7246  -1254     7258

 COOLING
  YESTERDAY        0                         0      0        0
  MONTH TO DATE    8                         0      8        0
  SINCE MAR 1      8                         0      8        0
  SINCE JAN 1      8                         0      8        0
..................................................................


WIND (MPH)
  HIGHEST WIND SPEED    23   HIGHEST WIND DIRECTION     E (90)
  HIGHEST GUST SPEED    27   HIGHEST GUST DIRECTION     E (90)
  AVERAGE WIND SPEED    13.9


SKY COVER
  POSSIBLE SUNSHINE  MM
  AVERAGE SKY COVER 0.9


WEATHER CONDITIONS
 THE FOLLOWING WEATHER WAS RECORDED YESTERDAY.
  THUNDERSTORM
  RAIN
  LIGHT RAIN
  FOG
  HAZE


RELATIVE HUMIDITY (PERCENT)
 HIGHEST    93          1000 PM
 LOWEST     56          1200 AM
 AVERAGE    75

..........................................................


THE TWIN CITIES MN CLIMATE NORMALS FOR TODAY
                         NORMAL    RECORD    YEAR
 MAXIMUM TEMPERATURE (F)   63        91      1962
 MINIMUM TEMPERATURE (F)   42        25      1907


SUNRISE AND SUNSET
APRIL 25 2016.........SUNRISE   611 AM CDT   SUNSET   811 PM CDT
APRIL 26 2016.........SUNRISE   609 AM CDT   SUNSET   813 PM CDT


-  INDICATES NEGATIVE NUMBERS.
R  INDICATES RECORD WAS SET OR TIED.
MM INDICATES DATA IS MISSING.
T  INDICATES TRACE AMOUNT.




$$
