000
CDUS43 KMPX 110055
CLIMSP


CLIMATE REPORT
NATIONAL WEATHER SERVICE CHANHASSEN MN
755 PM CDT SUN SEP 10 2017


...................................

...THE TWIN CITIES MN CLIMATE SUMMARY FOR SEPTEMBER 10 2017...
VALID TODAY AS OF 0700 PM LOCAL TIME.

CLIMATE NORMAL PERIOD 1981 TO 2010
CLIMATE RECORD PERIOD 1871 TO 2017


WEATHER ITEM   OBSERVED TIME   RECORD YEAR NORMAL DEPARTURE LAST
                VALUE   (LST)  VALUE       VALUE  FROM      YEAR
                                                  NORMAL
..................................................................
TEMPERATURE (F)
 TODAY
  MAXIMUM         81    324 PM 104    1931  74      7       72
  MINIMUM         61    523 AM  37    1917  55      6       57
  AVERAGE         71                        65      6       65

PRECIPITATION (IN)
  TODAY            0.00          2.08 1913   0.11  -0.11      T
  MONTH TO DATE    0.07                      1.09  -1.02     1.66
  SINCE SEP 1      0.07                      1.09  -1.02     1.66
  SINCE JAN 1     25.72                     23.26   2.46    27.98

SNOWFALL (IN)
  TODAY            0.0           0.0    MM   0.0    0.0      0.0
  MONTH TO DATE    0.0                       0.0    0.0      0.0
  SINCE SEP 1      0.0                       0.0    0.0      0.0
  SINCE JUL 1      0.0                       0.0    0.0      0.0
  SNOW DEPTH       0

DEGREE DAYS
 HEATING
  TODAY            0                         3     -3        0
  MONTH TO DATE   22                        23     -1        0
  SINCE SEP 1     22                        23     -1        0
  SINCE JUL 1     29                        42    -13        3

 COOLING
  TODAY            6                         3      3        0
  MONTH TO DATE   23                        36    -13       50
  SINCE SEP 1     23                        36    -13       50
  SINCE JAN 1    711                       717     -6      921
..................................................................


WIND (MPH)
  HIGHEST WIND SPEED    20   HIGHEST WIND DIRECTION    SE (150)
  HIGHEST GUST SPEED    23   HIGHEST GUST DIRECTION    SE (150)
  AVERAGE WIND SPEED    10.9


SKY COVER
  POSSIBLE SUNSHINE  MM
  AVERAGE SKY COVER 0.6


WEATHER CONDITIONS
 THE FOLLOWING WEATHER WAS RECORDED TODAY.
  NO SIGNIFICANT WEATHER WAS OBSERVED.


RELATIVE HUMIDITY (PERCENT)
 HIGHEST    84          1200 AM
 LOWEST     54           300 PM
 AVERAGE    69

..........................................................


THE TWIN CITIES MN CLIMATE NORMALS FOR TOMORROW
                         NORMAL    RECORD    YEAR
 MAXIMUM TEMPERATURE (F)   74        96      1931
                                             1895
 MINIMUM TEMPERATURE (F)   55        35      1962


SUNRISE AND SUNSET
SEPTEMBER 10 2017.....SUNRISE   646 AM CDT   SUNSET   733 PM CDT
SEPTEMBER 11 2017.....SUNRISE   647 AM CDT   SUNSET   731 PM CDT


-  INDICATES NEGATIVE NUMBERS.
R  INDICATES RECORD WAS SET OR TIED.
MM INDICATES DATA IS MISSING.
T  INDICATES TRACE AMOUNT.




$$
