000
CDUS43 KMPX 072133
CLIMSP


CLIMATE REPORT
NATIONAL WEATHER SERVICE CHANHASSEN MN
433 PM CDT THU JUL 7 2016


...................................

...THE TWIN CITIES MN CLIMATE SUMMARY FOR JULY 7 2016...
VALID AS OF 0400 PM LOCAL TIME.

CLIMATE NORMAL PERIOD 1981 TO 2010
CLIMATE RECORD PERIOD 1871 TO 2016


WEATHER ITEM   OBSERVED TIME   RECORD YEAR NORMAL DEPARTURE LAST
                VALUE   (LST)  VALUE       VALUE  FROM      YEAR
                                                  NORMAL
..................................................................
TEMPERATURE (F)
 TODAY
  MAXIMUM         85    205 PM 101    1936  84      1       72
  MINIMUM         69    556 AM  44    1891  64      5       54
  AVERAGE         77                        74      3       63

PRECIPITATION (IN)
  TODAY            0.06          3.00 1955   0.13  -0.07     0.00
  MONTH TO DATE    1.27                      0.89   0.38     2.87
  SINCE JUN 1      5.76                      5.14   0.62     7.27
  SINCE JAN 1     14.68                     14.72  -0.04    14.60

SNOWFALL (IN)
  TODAY            0.0           0.0    MM   0.0    0.0      0.0
  MONTH TO DATE    0.0                       0.0    0.0      0.0
  SINCE JUN 1      0.0                       0.0    0.0      0.0
  SINCE JUL 1      0.0                       0.0    0.0      0.0
  SNOW DEPTH       0

DEGREE DAYS
 HEATING
  TODAY            0                         0      0        2
  MONTH TO DATE    1                         0      1        2
  SINCE JUN 1      8                        44    -36        9
  SINCE JUL 1      1                         0      1        2

 COOLING
  TODAY           12                         9      3        0
  MONTH TO DATE   54                        61     -7       32
  SINCE JUN 1    257                       219     38      188
  SINCE JAN 1    333                       261     72      215
..................................................................


WIND (MPH)
  HIGHEST WIND SPEED    29   HIGHEST WIND DIRECTION    SE (120)
  HIGHEST GUST SPEED    32   HIGHEST GUST DIRECTION    SE (120)
  AVERAGE WIND SPEED     6.7


SKY COVER
  POSSIBLE SUNSHINE  MM
  AVERAGE SKY COVER 0.9


WEATHER CONDITIONS
 THE FOLLOWING WEATHER WAS RECORDED TODAY.
  LIGHT RAIN
  FOG


RELATIVE HUMIDITY (PERCENT)
 HIGHEST    90           400 AM
 LOWEST     44           200 PM
 AVERAGE    67

..........................................................


THE TWIN CITIES MN CLIMATE NORMALS FOR TOMORROW
                         NORMAL    RECORD    YEAR
 MAXIMUM TEMPERATURE (F)   84       101      1974
                                             1936
 MINIMUM TEMPERATURE (F)   64        51      1958


SUNRISE AND SUNSET
JULY  7 2016..........SUNRISE   535 AM CDT   SUNSET   901 PM CDT
JULY  8 2016..........SUNRISE   536 AM CDT   SUNSET   900 PM CDT


-  INDICATES NEGATIVE NUMBERS.
R  INDICATES RECORD WAS SET OR TIED.
MM INDICATES DATA IS MISSING.
T  INDICATES TRACE AMOUNT.




$$
