000
CDUS43 KMPX 280641
CLIMSP


CLIMATE REPORT
NATIONAL WEATHER SERVICE CHANHASSEN MN
1239 AM CST MON NOV 28 2016


...................................

...THE TWIN CITIES MN CLIMATE SUMMARY FOR NOVEMBER 27 2016...

CLIMATE NORMAL PERIOD 1981 TO 2010
CLIMATE RECORD PERIOD 1871 TO 2016


WEATHER ITEM   OBSERVED TIME   RECORD YEAR NORMAL DEPARTURE LAST
                VALUE   (LST)  VALUE       VALUE  FROM      YEAR
                                                  NORMAL
..................................................................
TEMPERATURE (F)
 YESTERDAY
  MAXIMUM         45   1159 PM  64    1998  34     11       27
  MINIMUM         29    445 AM -13    1872  20      9       18
  AVERAGE         37                        27     10       23

PRECIPITATION (IN)
  YESTERDAY        0.31          0.90 1905   0.05   0.26     0.00
  MONTH TO DATE    1.95                      1.61   0.34     4.11
  SINCE SEP 1     10.83                      7.12   3.71    11.37
  SINCE JAN 1     37.15                     29.29   7.86    33.41

SNOWFALL (IN)
  YESTERDAY        0.0           4.9  1983   0.4   -0.4      0.0
  MONTH TO DATE    2.3                       8.0   -5.7      1.3
  SINCE SEP 1      2.3                       8.6   -6.3      1.3
  SINCE JUL 1      2.3                       8.6   -6.3      1.3
  SNOW DEPTH       0

DEGREE DAYS
 HEATING
  YESTERDAY       28                        38    -10       42
  MONTH TO DATE  549                       823   -274      589
  SINCE SEP 1    968                      1484   -516     1046
  SINCE JUL 1    971                      1503   -532     1061

 COOLING
  YESTERDAY        0                         0      0        0
  MONTH TO DATE    0                         0      0        0
  SINCE SEP 1     93                        72     21      160
  SINCE JAN 1    964                       753    211      809
..................................................................


WIND (MPH)
  HIGHEST WIND SPEED    24   HIGHEST WIND DIRECTION    SE (140)
  HIGHEST GUST SPEED    30   HIGHEST GUST DIRECTION    SE (150)
  AVERAGE WIND SPEED    11.2


SKY COVER
  POSSIBLE SUNSHINE  MM
  AVERAGE SKY COVER 0.9


WEATHER CONDITIONS
 THE FOLLOWING WEATHER WAS RECORDED YESTERDAY.
  RAIN
  LIGHT RAIN
  FOG
  FOG W/VISIBILITY <= 1/4 MILE
  HAZE


RELATIVE HUMIDITY (PERCENT)
 HIGHEST   100           700 AM
 LOWEST     76           500 PM
 AVERAGE    88

..........................................................


THE TWIN CITIES MN CLIMATE NORMALS FOR TODAY
                         NORMAL    RECORD    YEAR
 MAXIMUM TEMPERATURE (F)   34        58      1941
 MINIMUM TEMPERATURE (F)   19       -21      1887


SUNRISE AND SUNSET
NOVEMBER 28 2016......SUNRISE   728 AM CST   SUNSET   434 PM CST
NOVEMBER 29 2016......SUNRISE   729 AM CST   SUNSET   434 PM CST


-  INDICATES NEGATIVE NUMBERS.
R  INDICATES RECORD WAS SET OR TIED.
MM INDICATES DATA IS MISSING.
T  INDICATES TRACE AMOUNT.




$$
