000
CDUS43 KMPX 020027
CLIMSP


CLIMATE REPORT
NATIONAL WEATHER SERVICE CHANHASSEN MN
727 PM CDT WED NOV 1 2017


...................................

...THE TWIN CITIES MN CLIMATE SUMMARY FOR NOVEMBER 1 2017...
VALID TODAY AS OF 0700 PM LOCAL TIME.

CLIMATE NORMAL PERIOD 1981 TO 2010
CLIMATE RECORD PERIOD 1871 TO 2017


WEATHER ITEM   OBSERVED TIME   RECORD YEAR NORMAL DEPARTURE LAST
                VALUE   (LST)  VALUE       VALUE  FROM      YEAR
                                                  NORMAL
..................................................................
TEMPERATURE (F)
 TODAY
  MAXIMUM         37   1206 PM  77    1933  50    -13       63
  MINIMUM         26    104 AM  10    1951  34     -8       45
  AVERAGE         32                        42    -10       54

PRECIPITATION (IN)
  TODAY            0.05          1.85 1991   0.06  -0.01     0.00
  MONTH TO DATE    0.05                      0.06  -0.01     0.00
  SINCE SEP 1      5.58                      5.57   0.01     8.88
  SINCE JAN 1     31.23                     27.74   3.49    35.20

SNOWFALL (IN)
  TODAY            T            18.5  1991   0.1   -0.1      0.0
  MONTH TO DATE    T                         0.1   -0.1      0.0
  SINCE SEP 1      0.1                       0.7   -0.6       T
  SINCE JUL 1      0.1                       0.7   -0.6       T
  SNOW DEPTH       0

DEGREE DAYS
 HEATING
  TODAY           33                        23     10       11
  MONTH TO DATE   33                        23     10       11
  SINCE SEP 1    515                       684   -169      430
  SINCE JUL 1    522                       703   -181      433

 COOLING
  TODAY            0                         0      0        0
  MONTH TO DATE    0                         0      0        0
  SINCE SEP 1    142                        72     70       93
  SINCE JAN 1    830                       753     77      964
..................................................................


WIND (MPH)
  HIGHEST WIND SPEED    21   HIGHEST WIND DIRECTION    SE (120)
  HIGHEST GUST SPEED    27   HIGHEST GUST DIRECTION    SE (120)
  AVERAGE WIND SPEED    12.2


SKY COVER
  POSSIBLE SUNSHINE  MM
  AVERAGE SKY COVER 0.9


WEATHER CONDITIONS
 THE FOLLOWING WEATHER WAS RECORDED TODAY.
  LIGHT RAIN
  LIGHT SNOW
  FOG


RELATIVE HUMIDITY (PERCENT)
 HIGHEST   100           300 PM
 LOWEST     59          1200 PM
 AVERAGE    80

..........................................................


THE TWIN CITIES MN CLIMATE NORMALS FOR TOMORROW
                         NORMAL    RECORD    YEAR
 MAXIMUM TEMPERATURE (F)   49        72      1978
 MINIMUM TEMPERATURE (F)   33         9      1951


SUNRISE AND SUNSET
NOVEMBER  1 2017......SUNRISE   751 AM CDT   SUNSET   601 PM CDT
NOVEMBER  2 2017......SUNRISE   753 AM CDT   SUNSET   559 PM CDT


-  INDICATES NEGATIVE NUMBERS.
R  INDICATES RECORD WAS SET OR TIED.
MM INDICATES DATA IS MISSING.
T  INDICATES TRACE AMOUNT.




$$
