000
CDUS43 KMPX 130625
CLIMSP


CLIMATE REPORT
NATIONAL WEATHER SERVICE CHANHASSEN MN
125 AM CDT MON OCT 13 2014


...................................

...THE TWIN CITIES MN CLIMATE SUMMARY FOR OCTOBER 12 2014...

CLIMATE NORMAL PERIOD 1981 TO 2010
CLIMATE RECORD PERIOD 1871 TO 2014


WEATHER ITEM   OBSERVED TIME   RECORD YEAR NORMAL DEPARTURE LAST
                VALUE   (LST)  VALUE       VALUE  FROM      YEAR
                                                  NORMAL
..................................................................
TEMPERATURE (F)
 YESTERDAY
  MAXIMUM         61    106 PM  87    1975  60      1       58
  MINIMUM         42    636 AM  23    1917  41      1       46
  AVERAGE         52                        50      2       52

PRECIPITATION (IN)
  YESTERDAY        0.00          1.43 1997   0.08  -0.08      T
  MONTH TO DATE    1.59                      1.09   0.50     1.32
  SINCE SEP 1      2.51                      4.17  -1.66     2.67
  SINCE JAN 1     33.51                     26.34   7.17    29.11

SNOWFALL (IN)
  YESTERDAY        0.0           2.5  2009   0.0    0.0      0.0
  MONTH TO DATE    0.0                       0.0    0.0      0.0
  SINCE SEP 1      0.0                       T      0.0      0.0
  SINCE JUL 1      0.0                       T      0.0       T
  SNOW DEPTH       0

DEGREE DAYS
 HEATING
  YESTERDAY       13                        15     -2       13
  MONTH TO DATE  206                       151     55       68
  SINCE SEP 1    330                       305     25      126
  SINCE JUL 1    337                       324     13      134

 COOLING
  YESTERDAY        0                         0      0        0
  MONTH TO DATE    0                         3     -3        2
  SINCE SEP 1     63                        69     -6      134
  SINCE JAN 1    759                       750      9      983
..................................................................


WIND (MPH)
  HIGHEST WIND SPEED    25   HIGHEST WIND DIRECTION    SE (150)
  HIGHEST GUST SPEED    30   HIGHEST GUST DIRECTION    SE (140)
  AVERAGE WIND SPEED    13.2


SKY COVER
  POSSIBLE SUNSHINE  MM
  AVERAGE SKY COVER 0.5


WEATHER CONDITIONS
 THE FOLLOWING WEATHER WAS RECORDED YESTERDAY.
  FOG


RELATIVE HUMIDITY (PERCENT)
 HIGHEST    83          1100 PM
 LOWEST     37           200 PM
 AVERAGE    60

..........................................................


THE TWIN CITIES MN CLIMATE NORMALS FOR TODAY
                         NORMAL    RECORD    YEAR
 MAXIMUM TEMPERATURE (F)   60        84      1956
 MINIMUM TEMPERATURE (F)   41        22      1917


SUNRISE AND SUNSET
OCTOBER 13 2014.......SUNRISE   726 AM CDT   SUNSET   632 PM CDT
OCTOBER 14 2014.......SUNRISE   727 AM CDT   SUNSET   630 PM CDT


-  INDICATES NEGATIVE NUMBERS.
R  INDICATES RECORD WAS SET OR TIED.
MM INDICATES DATA IS MISSING.
T  INDICATES TRACE AMOUNT.




$$
