000
CDUS43 KMPX 052226
CLIMSP


CLIMATE REPORT
NATIONAL WEATHER SERVICE CHANHASSEN MN
425 PM CST SUN MAR 5 2017


...................................

...THE TWIN CITIES MN CLIMATE SUMMARY FOR MARCH 5 2017...
VALID AS OF 0400 PM LOCAL TIME.

CLIMATE NORMAL PERIOD 1981 TO 2010
CLIMATE RECORD PERIOD 1871 TO 2017


WEATHER ITEM   OBSERVED TIME   RECORD YEAR NORMAL DEPARTURE LAST
                VALUE   (LST)  VALUE       VALUE  FROM      YEAR
                                                  NORMAL
..................................................................
TEMPERATURE (F)
 TODAY
  MAXIMUM         59    154 PM  72    2000  36     23       39
  MINIMUM         35    355 AM -14    1960  20     15       29
  AVERAGE         47                        28     19       34

PRECIPITATION (IN)
  TODAY            0.00          0.70 1961   0.05  -0.05     0.00
  MONTH TO DATE    0.05                      0.25  -0.20     0.05
  SINCE MAR 1      0.05                      0.25  -0.20     0.05
  SINCE JAN 1      1.67                      1.92  -0.25     1.45

SNOWFALL (IN)
  TODAY            0.0          11.0  1915   0.4   -0.4      0.0
  MONTH TO DATE    1.0                       2.1   -1.1      0.4
  SINCE MAR 1      1.0                       2.1   -1.1      0.4
  SINCE JUL 1     27.8                      43.8  -16.0     31.2
  SNOW DEPTH       0

DEGREE DAYS
 HEATING
  TODAY           18                        37    -19       31
  MONTH TO DATE  167                       190    -23      183
  SINCE MAR 1    167                       190    -23      183
  SINCE JUL 1   4868                      5980  -1112     5048

 COOLING
  TODAY            0                         0      0        0
  MONTH TO DATE    0                         0      0        0
  SINCE MAR 1      0                         0      0        0
  SINCE JAN 1      0                         0      0        0
..................................................................


WIND (MPH)
  HIGHEST WIND SPEED    28   HIGHEST WIND DIRECTION    SE (140)
  HIGHEST GUST SPEED    33   HIGHEST GUST DIRECTION    SE (140)
  AVERAGE WIND SPEED    14.7


SKY COVER
  POSSIBLE SUNSHINE  MM
  AVERAGE SKY COVER 0.7


WEATHER CONDITIONS
 THE FOLLOWING WEATHER WAS RECORDED TODAY.
  NO SIGNIFICANT WEATHER WAS OBSERVED.


RELATIVE HUMIDITY (PERCENT)
 HIGHEST    76           600 AM
 LOWEST     53           200 PM
 AVERAGE    65

..........................................................


THE TWIN CITIES MN CLIMATE NORMALS FOR TOMORROW
                         NORMAL    RECORD    YEAR
 MAXIMUM TEMPERATURE (F)   36        69      2000
 MINIMUM TEMPERATURE (F)   20       -16      1890


SUNRISE AND SUNSET
MARCH  5 2017.........SUNRISE   643 AM CST   SUNSET   606 PM CST
MARCH  6 2017.........SUNRISE   641 AM CST   SUNSET   608 PM CST


-  INDICATES NEGATIVE NUMBERS.
R  INDICATES RECORD WAS SET OR TIED.
MM INDICATES DATA IS MISSING.
T  INDICATES TRACE AMOUNT.




$$
