000
CDUS43 KMPX 210635
CLIMSP


CLIMATE REPORT
NATIONAL WEATHER SERVICE CHANHASSEN MN
1234 AM CST WED FEB 21 2018


...................................

...THE TWIN CITIES MN CLIMATE SUMMARY FOR FEBRUARY 20 2018...

CLIMATE NORMAL PERIOD 1981 TO 2010
CLIMATE RECORD PERIOD 1871 TO 2018


WEATHER ITEM   OBSERVED TIME   RECORD YEAR NORMAL DEPARTURE LAST
                VALUE   (LST)  VALUE       VALUE  FROM      YEAR
                                                  NORMAL
..................................................................
TEMPERATURE (F)
 YESTERDAY
  MAXIMUM         21    346 PM  57    1981  31    -10       55
  MINIMUM          8   1159 PM -20    1889  15     -7       41
  AVERAGE         15                        23     -8       48

PRECIPITATION (IN)
  YESTERDAY        0.05          0.85 2011   0.03   0.02     0.61
  MONTH TO DATE    0.37                      0.48  -0.11     0.64
  SINCE DEC 1      2.71                      2.54   0.17     3.76
  SINCE JAN 1      1.92                      1.38   0.54     1.62

SNOWFALL (IN)
  YESTERDAY        0.3          11.8  2011   0.3    0.0      0.0
  MONTH TO DATE    4.3                       5.3   -1.0      0.3
  SINCE DEC 1     31.1                      29.4    1.7     24.5
  SINCE JUL 1     31.8                      39.3   -7.5     26.8
  SNOW DEPTH       2

DEGREE DAYS
 HEATING
  YESTERDAY       50                        42      8       17
  MONTH TO DATE 1040                       912    128      702
  SINCE DEC 1   3954                      3847    107     3420
  SINCE JUL 1   5364                      5466   -102     4464

 COOLING
  YESTERDAY        0                         0      0        0
  MONTH TO DATE    0                         0      0        0
  SINCE DEC 1      0                         0      0        0
  SINCE JAN 1      0                         0      0        0
..................................................................


WIND (MPH)
  HIGHEST WIND SPEED    18   HIGHEST WIND DIRECTION     W (280)
  HIGHEST GUST SPEED    24   HIGHEST GUST DIRECTION    NW (300)
  AVERAGE WIND SPEED    11.0


SKY COVER
  POSSIBLE SUNSHINE  MM
  AVERAGE SKY COVER 0.8


WEATHER CONDITIONS
 THE FOLLOWING WEATHER WAS RECORDED YESTERDAY.
  LT FREEZING RAIN
  SNOW
  LIGHT SNOW
  SLEET
  FOG


RELATIVE HUMIDITY (PERCENT)
 HIGHEST   100           200 AM
 LOWEST     67           400 PM
 AVERAGE    84

..........................................................


THE TWIN CITIES MN CLIMATE NORMALS FOR TODAY
                         NORMAL    RECORD    YEAR
 MAXIMUM TEMPERATURE (F)   31        62      2017
 MINIMUM TEMPERATURE (F)   15       -21      1873


SUNRISE AND SUNSET
FEBRUARY 21 2018......SUNRISE   704 AM CST   SUNSET   550 PM CST
FEBRUARY 22 2018......SUNRISE   702 AM CST   SUNSET   551 PM CST


-  INDICATES NEGATIVE NUMBERS.
R  INDICATES RECORD WAS SET OR TIED.
MM INDICATES DATA IS MISSING.
T  INDICATES TRACE AMOUNT.




$$
