000
CDUS41 KALY 190629
CLIGFL


CLIMATE REPORT
NATIONAL WEATHER SERVICE ALBANY NY
229 AM EDT WED APR 19 2017


...................................

...THE GLENS FALLS NY CLIMATE SUMMARY FOR APRIL 18 2017...

CLIMATE NORMAL PERIOD 1981 TO 2010
CLIMATE RECORD PERIOD 1949 TO 2017


WEATHER ITEM   OBSERVED TIME   RECORD YEAR NORMAL DEPARTURE LAST
                VALUE   (LST)  VALUE       VALUE  FROM      YEAR
                                                  NORMAL
..................................................................
TEMPERATURE (F)
 YESTERDAY
  MAXIMUM         55    541 PM  90    1976  58     -3       75
  MINIMUM         32   1129 PM  23    2014  34     -2       39
                                      1990
  AVERAGE         44                        46     -2       57

PRECIPITATION (IN)
  YESTERDAY        0.00          0.64 1997   0.10  -0.10      T
  MONTH TO DATE    2.31                      1.76   0.55     1.10
  SINCE MAR 1      4.85                      4.70   0.15     3.38
  SINCE JAN 1      9.54                      9.64  -0.10     8.17

DEGREE DAYS
 HEATING
  YESTERDAY       21                        19      2        8
  MONTH TO DATE  300                       411   -111      440
  SINCE MAR 1   1368                      1454    -86     1254
  SINCE JUL 1   5890                      7074  -1184     5434

 COOLING
  YESTERDAY        0                         0      0        0
  MONTH TO DATE    2                         0      2        0
  SINCE MAR 1      2                         0      2        0
  SINCE JAN 1      2                         0      2        0
..................................................................


WIND (MPH)
  HIGHEST WIND SPEED    15   HIGHEST WIND DIRECTION    NE (60)
  HIGHEST GUST SPEED    20   HIGHEST GUST DIRECTION    NE (40)
  AVERAGE WIND SPEED     6.6


SKY COVER
  AVERAGE SKY COVER 0.2



RELATIVE HUMIDITY (PERCENT)
 HIGHEST    70          1000 PM
 LOWEST     22           400 PM
 AVERAGE    46

..........................................................


THE GLENS FALLS NY CLIMATE NORMALS FOR TODAY
                         NORMAL    RECORD    YEAR
 MAXIMUM TEMPERATURE (F)   59        89      1976
 MINIMUM TEMPERATURE (F)   34        23      1990


SUNRISE AND SUNSET
APRIL 19 2017.........SUNRISE   605 AM EDT   SUNSET   742 PM EDT
APRIL 20 2017.........SUNRISE   604 AM EDT   SUNSET   744 PM EDT


-  INDICATES NEGATIVE NUMBERS.
R  INDICATES RECORD WAS SET OR TIED.
MM INDICATES DATA IS MISSING.
T  INDICATES TRACE AMOUNT.




$$
