000
CDUS41 KALY 152046
CLIGFL


CLIMATE REPORT
NATIONAL WEATHER SERVICE ALBANY NY
445 PM EDT WED OCT 15 2014


...................................

...THE GLENS FALLS NY CLIMATE SUMMARY FOR OCTOBER 15 2014...
VALID TODAY AS OF 0400 PM LOCAL TIME.

CLIMATE NORMAL PERIOD 1981 TO 2010
CLIMATE RECORD PERIOD 1949 TO 2014


WEATHER ITEM   OBSERVED TIME   RECORD YEAR NORMAL DEPARTURE LAST
                VALUE   (LST)  VALUE       VALUE  FROM      YEAR
                                                  NORMAL
..................................................................
TEMPERATURE (F)
 TODAY
  MAXIMUM         78R   312 PM  77    1956  59     19       64
  MINIMUM         59    611 AM  22    2002  35     24       49
  AVERAGE         69                        47     22       57

PRECIPITATION (IN)
  TODAY            0.00          0.96 2010   0.12  -0.12      T
  MONTH TO DATE    1.10                      1.74  -0.64     0.95
  SINCE SEP 1      2.23                      5.12  -2.89     3.38
  SINCE JAN 1     28.27                     30.93  -2.66    28.65

DEGREE DAYS
 HEATING
  TODAY            0                        18    -18        8
  MONTH TO DATE  151                       235    -84      148
  SINCE SEP 1    328                       454   -126      395
  SINCE JUL 1    343                       520   -177      433

 COOLING
  TODAY            4                         0      4        0
  MONTH TO DATE    7                         0      7        0
  SINCE SEP 1     54                        24     30       43
  SINCE JAN 1    392                       351     41      537
..................................................................


WIND (MPH)
  HIGHEST WIND SPEED    21   HIGHEST WIND DIRECTION     S (190)
  HIGHEST GUST SPEED    30   HIGHEST GUST DIRECTION     S (200)
  AVERAGE WIND SPEED     7.3


SKY COVER
  AVERAGE SKY COVER 0.5



RELATIVE HUMIDITY (PERCENT)
 HIGHEST    93           400 AM
 LOWEST     58           100 PM
 AVERAGE    76

..........................................................


THE GLENS FALLS NY CLIMATE NORMALS FOR TOMORROW
                         NORMAL    RECORD    YEAR
 MAXIMUM TEMPERATURE (F)   58        80      1956
 MINIMUM TEMPERATURE (F)   35        21      1978


SUNRISE AND SUNSET
OCTOBER 15 2014.......SUNRISE   708 AM EDT   SUNSET   611 PM EDT
OCTOBER 16 2014.......SUNRISE   709 AM EDT   SUNSET   610 PM EDT


-  INDICATES NEGATIVE NUMBERS.
R  INDICATES RECORD WAS SET OR TIED.
MM INDICATES DATA IS MISSING.
T  INDICATES TRACE AMOUNT.




$$
