247
CDUS41 KALY 190628
CLIGFL


CLIMATE REPORT
NATIONAL WEATHER SERVICE ALBANY NY
227 AM EDT TUE JUL 19 2016


...................................

...THE GLENS FALLS NY CLIMATE SUMMARY FOR JULY 18 2016...

CLIMATE NORMAL PERIOD 1981 TO 2010
CLIMATE RECORD PERIOD 1949 TO 2016


WEATHER ITEM   OBSERVED TIME   RECORD YEAR NORMAL DEPARTURE LAST
                VALUE   (LST)  VALUE       VALUE  FROM      YEAR
                                                  NORMAL
..................................................................
TEMPERATURE (F)
 YESTERDAY
  MAXIMUM         85    504 PM  97    1953  81      4       85
  MINIMUM         61    254 AM  48    1956  57      4       65
  AVERAGE         73                        69      4       75

PRECIPITATION (IN)
  YESTERDAY        0.03          1.53 1951   0.14  -0.11     0.12
  MONTH TO DATE    3.25                      2.32   0.93     0.77
  SINCE JUN 1      6.36                      5.87   0.49     6.99
  SINCE JAN 1     17.98                     20.36  -2.38    14.30

DEGREE DAYS
 HEATING
  YESTERDAY        0                         1     -1        0
  MONTH TO DATE    0                        18    -18       11
  SINCE JUN 1     44                       108    -64       90
  SINCE JUL 1      0                        18    -18       11

 COOLING
  YESTERDAY        8                         5      3       10
  MONTH TO DATE  119                        82     37       76
  SINCE JUN 1    222                       151     71      142
  SINCE JAN 1    278                       163    115      218
..................................................................


WIND (MPH)
  HIGHEST WIND SPEED    23   HIGHEST WIND DIRECTION    SW (210)
  HIGHEST GUST SPEED    31   HIGHEST GUST DIRECTION    SW (210)
  AVERAGE WIND SPEED     6.3


SKY COVER
  AVERAGE SKY COVER 0.1



RELATIVE HUMIDITY (PERCENT)
 HIGHEST    93          1200 AM
 LOWEST     51           500 PM
 AVERAGE    72

..........................................................


THE GLENS FALLS NY CLIMATE NORMALS FOR TODAY
                         NORMAL    RECORD    YEAR
 MAXIMUM TEMPERATURE (F)   81        95      1977
 MINIMUM TEMPERATURE (F)   57        49      2003


SUNRISE AND SUNSET
JULY 19 2016..........SUNRISE   532 AM EDT   SUNSET   829 PM EDT
JULY 20 2016..........SUNRISE   533 AM EDT   SUNSET   828 PM EDT


-  INDICATES NEGATIVE NUMBERS.
R  INDICATES RECORD WAS SET OR TIED.
MM INDICATES DATA IS MISSING.
T  INDICATES TRACE AMOUNT.




$$
