000
CDUS41 KALY 240629
CLIGFL


CLIMATE REPORT
NATIONAL WEATHER SERVICE ALBANY NY
227 AM EDT SAT SEP 24 2016


...................................

...THE GLENS FALLS NY CLIMATE SUMMARY FOR SEPTEMBER 23 2016...

CLIMATE NORMAL PERIOD 1981 TO 2010
CLIMATE RECORD PERIOD 1949 TO 2016


WEATHER ITEM   OBSERVED TIME   RECORD YEAR NORMAL DEPARTURE LAST
                VALUE   (LST)  VALUE       VALUE  FROM      YEAR
                                                  NORMAL
..................................................................
TEMPERATURE (F)
 YESTERDAY
  MAXIMUM         69   1202 AM  84    1959  68      1       75
  MINIMUM         50   1159 PM  31    1955  43      7       40
  AVERAGE         60                        56      4       58

PRECIPITATION (IN)
  YESTERDAY        0.05          2.88 2003   0.12  -0.07     0.00
  MONTH TO DATE    1.09                      2.53  -1.44     1.87
  SINCE SEP 1      1.09                      2.53  -1.44     1.87
  SINCE JAN 1     22.25                     28.34  -6.09    19.39

DEGREE DAYS
 HEATING
  YESTERDAY        5                        10     -5        7
  MONTH TO DATE   32                       140   -108       35
  SINCE SEP 1     32                       140   -108       35
  SINCE JUL 1     38                       206   -168       48

 COOLING
  YESTERDAY        0                         0      0        0
  MONTH TO DATE   55                        23     32       93
  SINCE SEP 1     55                        23     32       93
  SINCE JAN 1    640                       350    290      592
..................................................................


WIND (MPH)
  HIGHEST WIND SPEED    20   HIGHEST WIND DIRECTION    NE (40)
  HIGHEST GUST SPEED    24   HIGHEST GUST DIRECTION    NE (40)
  AVERAGE WIND SPEED     7.3


SKY COVER
  AVERAGE SKY COVER 0.7



RELATIVE HUMIDITY (PERCENT)
 HIGHEST    81           900 AM
 LOWEST     61          1200 AM
 AVERAGE    71

..........................................................


THE GLENS FALLS NY CLIMATE NORMALS FOR TODAY
                         NORMAL    RECORD    YEAR
 MAXIMUM TEMPERATURE (F)   67        86      1961
 MINIMUM TEMPERATURE (F)   43        29      1979


SUNRISE AND SUNSET
SEPTEMBER 24 2016.....SUNRISE   644 AM EDT   SUNSET   647 PM EDT
SEPTEMBER 25 2016.....SUNRISE   646 AM EDT   SUNSET   645 PM EDT


-  INDICATES NEGATIVE NUMBERS.
R  INDICATES RECORD WAS SET OR TIED.
MM INDICATES DATA IS MISSING.
T  INDICATES TRACE AMOUNT.




$$
