000
CDUS41 KALY 190623
CLIGFL


CLIMATE REPORT
NATIONAL WEATHER SERVICE ALBANY NY
223 AM EDT SUN OCT 19 2014


...................................

...THE GLENS FALLS NY CLIMATE SUMMARY FOR OCTOBER 18 2014...

CLIMATE NORMAL PERIOD 1981 TO 2010
CLIMATE RECORD PERIOD 1949 TO 2014


WEATHER ITEM   OBSERVED TIME   RECORD YEAR NORMAL DEPARTURE LAST
                VALUE   (LST)  VALUE       VALUE  FROM      YEAR
                                                  NORMAL
..................................................................
TEMPERATURE (F)
 YESTERDAY
  MAXIMUM         61    402 PM  76    1968  57      4       62
  MINIMUM         49   1159 PM  18    1978  34     15       39
  AVERAGE         55                        46      9       51

PRECIPITATION (IN)
  YESTERDAY        0.27          2.11 1975   0.11   0.16     0.10
  MONTH TO DATE    2.23                      2.07   0.16     1.71
  SINCE SEP 1      3.36                      5.45  -2.09     4.14
  SINCE JAN 1     29.40                     31.26  -1.86    29.41

DEGREE DAYS
 HEATING
  YESTERDAY       10                        19     -9       14
  MONTH TO DATE  169                       292   -123      178
  SINCE SEP 1    346                       511   -165      425
  SINCE JUL 1    361                       577   -216      463

 COOLING
  YESTERDAY        0                         0      0        0
  MONTH TO DATE    7                         0      7        0
  SINCE SEP 1     54                        24     30       43
  SINCE JAN 1    392                       351     41      537
..................................................................


WIND (MPH)
  HIGHEST WIND SPEED    17   HIGHEST WIND DIRECTION    NW (310)
  HIGHEST GUST SPEED    22   HIGHEST GUST DIRECTION    NW (310)
  AVERAGE WIND SPEED     6.2


SKY COVER
  AVERAGE SKY COVER 1.0



RELATIVE HUMIDITY (PERCENT)
 HIGHEST    93           800 AM
 LOWEST     63          1000 PM
 AVERAGE    78

..........................................................


THE GLENS FALLS NY CLIMATE NORMALS FOR TODAY
                         NORMAL    RECORD    YEAR
 MAXIMUM TEMPERATURE (F)   57        78      1963
 MINIMUM TEMPERATURE (F)   34        16      1974


SUNRISE AND SUNSET
OCTOBER 19 2014.......SUNRISE   713 AM EDT   SUNSET   605 PM EDT
OCTOBER 20 2014.......SUNRISE   714 AM EDT   SUNSET   603 PM EDT


-  INDICATES NEGATIVE NUMBERS.
R  INDICATES RECORD WAS SET OR TIED.
MM INDICATES DATA IS MISSING.
T  INDICATES TRACE AMOUNT.




$$
