000
CDUS43 KSGF 270626
CLIUNO


CLIMATE REPORT
NATIONAL WEATHER SERVICE SPRINGFIELD MO
126 AM CDT SUN JUL 27 2014


...................................

...THE WEST PLAINS MO CLIMATE SUMMARY FOR JULY 26 2014...

CLIMATE NORMAL PERIOD 1981 TO 2010
CLIMATE RECORD PERIOD 1947 TO 2014


WEATHER ITEM   OBSERVED TIME   RECORD YEAR NORMAL DEPARTURE LAST
                VALUE   (LST)  VALUE       VALUE  FROM      YEAR
                                                  NORMAL
..................................................................
TEMPERATURE (F)
 YESTERDAY
  MAXIMUM         93    331 PM 103    2012  90      3       75
  MINIMUM         69    318 AM  55    1957  66      3       64
  AVERAGE         81                        78      3       70

PRECIPITATION (IN)
  YESTERDAY        0.00          1.84 1980   0.10  -0.10     0.20
  MONTH TO DATE    1.62                      3.08  -1.46     4.05
  SINCE JUN 1      6.85                      7.10  -0.25     7.72
  SINCE JAN 1     18.83                     26.37  -7.54    29.54

DEGREE DAYS
 HEATING
  YESTERDAY        0                         0      0        0
  MONTH TO DATE    2                         0      2        0
  SINCE JUN 1      4                         5     -1        9
  SINCE JUL 1      2                         0      2        0

 COOLING
  YESTERDAY       16                        13      3        5
  MONTH TO DATE  199                       334   -135      240
  SINCE JUN 1    464                       600   -136      388
  SINCE JAN 1    614                       722   -108      500
..................................................................


WIND (MPH)
  HIGHEST WIND SPEED    18   HIGHEST WIND DIRECTION     W (250)
  HIGHEST GUST SPEED    24   HIGHEST GUST DIRECTION     W (260)
  AVERAGE WIND SPEED     9.0


SKY COVER
  AVERAGE SKY COVER 0.0


WEATHER CONDITIONS
 THE FOLLOWING WEATHER WAS RECORDED YESTERDAY.
  FOG
  HAZE


RELATIVE HUMIDITY (PERCENT)
 HIGHEST    97           300 AM
 LOWEST     49           200 PM
 AVERAGE    73

..........................................................


THE WEST PLAINS MO CLIMATE NORMALS FOR TODAY
                         NORMAL    RECORD    YEAR
 MAXIMUM TEMPERATURE (F)   90       101      1952
 MINIMUM TEMPERATURE (F)   66        47      1962


SUNRISE AND SUNSET
JULY 27 2014..........SUNRISE   609 AM CDT   SUNSET   819 PM CDT
JULY 28 2014..........SUNRISE   610 AM CDT   SUNSET   818 PM CDT


-  INDICATES NEGATIVE NUMBERS.
R  INDICATES RECORD WAS SET OR TIED.
MM INDICATES DATA IS MISSING.
T  INDICATES TRACE AMOUNT.




$$
