000
CDUS43 KSGF 080626
CLIUNO


CLIMATE REPORT
NATIONAL WEATHER SERVICE SPRINGFIELD MO
1226 AM CST MON FEB 8 2016


...................................

...THE WEST PLAINS MO CLIMATE SUMMARY FOR FEBRUARY 7 2016...

CLIMATE NORMAL PERIOD 1981 TO 2010
CLIMATE RECORD PERIOD 1947 TO 2016


WEATHER ITEM   OBSERVED TIME   RECORD YEAR NORMAL DEPARTURE LAST
                VALUE   (LST)  VALUE       VALUE  FROM      YEAR
                                                  NORMAL
..................................................................
TEMPERATURE (F)
 YESTERDAY
  MAXIMUM         55    250 PM  68    2015  47      8       68
  MINIMUM         33    623 AM   1    1982  25      8       29
  AVERAGE         44                        36      8       49

PRECIPITATION (IN)
  YESTERDAY        0.00          1.71 1999   0.11  -0.11     0.00
  MONTH TO DATE    0.42                      0.65  -0.23     0.50
  SINCE DEC 1     10.39                      7.01   3.38     5.49
  SINCE JAN 1      1.35                      3.37  -2.02     2.52

DEGREE DAYS
 HEATING
  YESTERDAY       21                        29     -8       16
  MONTH TO DATE  157                       207    -50      215
  SINCE DEC 1   1691                      2059   -368     1985
  SINCE JUL 1   2326                      2911   -585     2997

 COOLING
  YESTERDAY        0                         0      0        0
  MONTH TO DATE    0                         0      0        0
  SINCE DEC 1      0                         0      0        0
  SINCE JAN 1      0                         0      0        0
..................................................................


WIND (MPH)
  HIGHEST WIND SPEED    24   HIGHEST WIND DIRECTION     W (280)
  HIGHEST GUST SPEED    34   HIGHEST GUST DIRECTION     W (280)
  AVERAGE WIND SPEED    10.3


SKY COVER
  AVERAGE SKY COVER 0.1


WEATHER CONDITIONS
 THE FOLLOWING WEATHER WAS RECORDED YESTERDAY.
  NO SIGNIFICANT WEATHER WAS OBSERVED.


RELATIVE HUMIDITY (PERCENT)
 HIGHEST    52           800 AM
 LOWEST     35           100 PM
 AVERAGE    44

..........................................................


THE WEST PLAINS MO CLIMATE NORMALS FOR TODAY
                         NORMAL    RECORD    YEAR
 MAXIMUM TEMPERATURE (F)   47        69      2015
 MINIMUM TEMPERATURE (F)   25         0      1985


SUNRISE AND SUNSET
FEBRUARY  8 2016......SUNRISE   704 AM CST   SUNSET   540 PM CST
FEBRUARY  9 2016......SUNRISE   703 AM CST   SUNSET   541 PM CST


-  INDICATES NEGATIVE NUMBERS.
R  INDICATES RECORD WAS SET OR TIED.
MM INDICATES DATA IS MISSING.
T  INDICATES TRACE AMOUNT.




$$
