383
CDUS43 KSGF 020639
CLIUNO


CLIMATE REPORT
NATIONAL WEATHER SERVICE SPRINGFIELD MO
137 AM CDT MON MAY 2 2016


...................................

...THE WEST PLAINS MO CLIMATE SUMMARY FOR MAY 1 2016...

CLIMATE NORMAL PERIOD 1981 TO 2010
CLIMATE RECORD PERIOD 1947 TO 2016


WEATHER ITEM   OBSERVED TIME   RECORD YEAR NORMAL DEPARTURE LAST
                VALUE   (LST)  VALUE       VALUE  FROM      YEAR
                                                  NORMAL
..................................................................
TEMPERATURE (F)
 YESTERDAY
  MAXIMUM         74    418 PM  90    1959  74      0       71
  MINIMUM         52    533 AM  28    1960  50      2       36
                                      1963
  AVERAGE         63                        62      1       54

PRECIPITATION (IN)
  YESTERDAY       MM             2.18 2004   0.20  MM        0.00
  MONTH TO DATE   MM                         0.20  MM        0.00
  SINCE MAR 1      5.23                      8.97  -3.74     5.36
  SINCE JAN 1      7.87                     14.53  -6.66    10.04

DEGREE DAYS
 HEATING
  YESTERDAY        2                         5     -3       11
  MONTH TO DATE    2                         5     -3       11
  SINCE MAR 1    582                       803   -221      779
  SINCE JUL 1   3415                      4267   -852     4576

 COOLING
  YESTERDAY        0                         1     -1        0
  MONTH TO DATE    0                         1     -1        0
  SINCE MAR 1     16                        29    -13       16
  SINCE JAN 1     16                        29    -13       16
..................................................................


WIND (MPH)
  HIGHEST WIND SPEED    14   HIGHEST WIND DIRECTION     W (280)
  HIGHEST GUST SPEED    19   HIGHEST GUST DIRECTION     W (280)
  AVERAGE WIND SPEED     6.1


SKY COVER
  AVERAGE SKY COVER 0.2


WEATHER CONDITIONS
 THE FOLLOWING WEATHER WAS RECORDED YESTERDAY.
  FOG
  FOG W/VISIBILITY <= 1/4 MILE


RELATIVE HUMIDITY (PERCENT)
 HIGHEST    96           500 AM
 LOWEST     38           200 PM
 AVERAGE    67

..........................................................


THE WEST PLAINS MO CLIMATE NORMALS FOR TODAY
                         NORMAL    RECORD    YEAR
 MAXIMUM TEMPERATURE (F)   74        90      1952
 MINIMUM TEMPERATURE (F)   50        28      1961


SUNRISE AND SUNSET
MAY  2 2016...........SUNRISE   612 AM CDT   SUNSET   758 PM CDT
MAY  3 2016...........SUNRISE   611 AM CDT   SUNSET   759 PM CDT


-  INDICATES NEGATIVE NUMBERS.
R  INDICATES RECORD WAS SET OR TIED.
MM INDICATES DATA IS MISSING.
T  INDICATES TRACE AMOUNT.




$$
