000
CDUS43 KSGF 172227
CLIUNO


CLIMATE REPORT
NATIONAL WEATHER SERVICE SPRINGFIELD MO
427 PM CST WED DEC 17 2014


...................................

...THE WEST PLAINS MO CLIMATE SUMMARY FOR DECEMBER 17 2014...
VALID AS OF 0400 PM LOCAL TIME.

CLIMATE NORMAL PERIOD 1981 TO 2010
CLIMATE RECORD PERIOD 1947 TO 2014


WEATHER ITEM   OBSERVED TIME   RECORD YEAR NORMAL DEPARTURE LAST
                VALUE   (LST)  VALUE       VALUE  FROM      YEAR
                                                  NORMAL
..................................................................
TEMPERATURE (F)
 TODAY
  MAXIMUM         40    337 PM  70    1962  46     -6       52
  MINIMUM         23    713 AM  -5    1989  25     -2       28
  AVERAGE         32                        36     -4       40

PRECIPITATION (IN)
  TODAY            0.00          1.96 2001   0.13  -0.13     0.00
  MONTH TO DATE    1.94                      2.39  -0.45     0.70
  SINCE DEC 1      1.94                      2.39  -0.45     0.70
  SINCE JAN 1     35.37                     44.97  -9.60    52.59

DEGREE DAYS
 HEATING
  TODAY           33                        30      3       25
  MONTH TO DATE  429                       467    -38      430
  SINCE DEC 1    429                       467    -38      430
  SINCE JUL 1   1441                      1319    122     1342

 COOLING
  TODAY            0                         0      0        0
  MONTH TO DATE    0                         0      0        0
  SINCE DEC 1      0                         0      0        0
  SINCE JAN 1   1231                      1354   -123     1073
..................................................................


WIND (MPH)
  HIGHEST WIND SPEED     8   HIGHEST WIND DIRECTION     W (250)
  HIGHEST GUST SPEED    10   HIGHEST GUST DIRECTION    SW (240)


SKY COVER
  AVERAGE SKY COVER 0.2


WEATHER CONDITIONS
 THE FOLLOWING WEATHER WAS RECORDED TODAY.
  NO SIGNIFICANT WEATHER WAS OBSERVED.


RELATIVE HUMIDITY (PERCENT)
 HIGHEST    88           300 AM
 LOWEST     54           200 PM
 AVERAGE    71

..........................................................


THE WEST PLAINS MO CLIMATE NORMALS FOR TOMORROW
                         NORMAL    RECORD    YEAR
 MAXIMUM TEMPERATURE (F)   46        72      1957
 MINIMUM TEMPERATURE (F)   25         1      1964


SUNRISE AND SUNSET
DECEMBER 17 2014......SUNRISE   715 AM CST   SUNSET   453 PM CST
DECEMBER 18 2014......SUNRISE   715 AM CST   SUNSET   453 PM CST


-  INDICATES NEGATIVE NUMBERS.
R  INDICATES RECORD WAS SET OR TIED.
MM INDICATES DATA IS MISSING.
T  INDICATES TRACE AMOUNT.




$$
