000
CDUS43 KSGF 252130
CLIUNO


CLIMATE REPORT
NATIONAL WEATHER SERVICE SPRINGFIELD MO
430 PM CDT MON APR 25 2016


...................................

...THE WEST PLAINS MO CLIMATE SUMMARY FOR APRIL 25 2016...
VALID AS OF 0400 PM LOCAL TIME.

CLIMATE NORMAL PERIOD 1981 TO 2010
CLIMATE RECORD PERIOD 1947 TO 2016


WEATHER ITEM   OBSERVED TIME   RECORD YEAR NORMAL DEPARTURE LAST
                VALUE   (LST)  VALUE       VALUE  FROM      YEAR
                                                  NORMAL
..................................................................
TEMPERATURE (F)
 TODAY
  MAXIMUM         78    259 PM  88    2012  72      6       80
  MINIMUM         57    556 AM  31    2013  48      9       52
                                      1968
  AVERAGE         68                        60      8       66

PRECIPITATION (IN)
  TODAY            0.00          3.49 2011   0.17  -0.17     0.00
  MONTH TO DATE    0.99                      3.67  -2.68     1.33
  SINCE MAR 1      4.92                      7.96  -3.04     5.36
  SINCE JAN 1      7.56                     13.52  -5.96    10.04

DEGREE DAYS
 HEATING
  TODAY            0                         6     -6        0
  MONTH TO DATE  176                       226    -50      164
  SINCE MAR 1    570                       772   -202      723
  SINCE JUL 1   3403                      4236   -833     4520

 COOLING
  TODAY            3                         1      2        1
  MONTH TO DATE    3                        20    -17       16
  SINCE MAR 1      7                        24    -17       16
  SINCE JAN 1      7                        24    -17       16
..................................................................


WIND (MPH)
  HIGHEST WIND SPEED    14   HIGHEST WIND DIRECTION    SW (210)
  HIGHEST GUST SPEED    20   HIGHEST GUST DIRECTION    SW (230)


SKY COVER
  AVERAGE SKY COVER 0.3


WEATHER CONDITIONS
 THE FOLLOWING WEATHER WAS RECORDED TODAY.
  NO SIGNIFICANT WEATHER WAS OBSERVED.


RELATIVE HUMIDITY (PERCENT)
 HIGHEST    80           600 AM
 LOWEST     54          1200 PM
 AVERAGE    67

..........................................................


THE WEST PLAINS MO CLIMATE NORMALS FOR TOMORROW
                         NORMAL    RECORD    YEAR
 MAXIMUM TEMPERATURE (F)   72        89      1987
 MINIMUM TEMPERATURE (F)   48        30      1976


SUNRISE AND SUNSET
APRIL 25 2016.........SUNRISE   620 AM CDT   SUNSET   752 PM CDT
APRIL 26 2016.........SUNRISE   619 AM CDT   SUNSET   752 PM CDT


-  INDICATES NEGATIVE NUMBERS.
R  INDICATES RECORD WAS SET OR TIED.
MM INDICATES DATA IS MISSING.
T  INDICATES TRACE AMOUNT.




$$
