000
CDUS43 KSGF 110633
CLIUNO


CLIMATE REPORT
NATIONAL WEATHER SERVICE SPRINGFIELD MO
1233 AM CST SAT FEB 11 2017


...................................

...THE WEST PLAINS MO CLIMATE SUMMARY FOR FEBRUARY 10 2017...

CLIMATE NORMAL PERIOD 1981 TO 2010
CLIMATE RECORD PERIOD 1947 TO 2017


WEATHER ITEM   OBSERVED TIME   RECORD YEAR NORMAL DEPARTURE LAST
                VALUE   (LST)  VALUE       VALUE  FROM      YEAR
                                                  NORMAL
..................................................................
TEMPERATURE (F)
 YESTERDAY
  MAXIMUM         69    350 PM  76    1976  48     21       42
  MINIMUM         29    646 AM  -2    2011  25      4       16
  AVERAGE         49                        36     13       29

PRECIPITATION (IN)
  YESTERDAY        0.00          0.69 1953   0.11  -0.11     0.00
                                      1953
                                      2013
  MONTH TO DATE    0.00                      0.97  -0.97     0.42
  SINCE DEC 1      3.06                      7.33  -4.27    10.39
  SINCE JAN 1      2.04                      3.69  -1.65     1.35

DEGREE DAYS
 HEATING
  YESTERDAY       16                        28    -12       36
  MONTH TO DATE  229                       293    -64      261
  SINCE DEC 1   1888                      2145   -257     1795
  SINCE JUL 1   2408                      2997   -589     2430

 COOLING
  YESTERDAY        0                         0      0        0
  MONTH TO DATE    0                         0      0        0
  SINCE DEC 1      0                         0      0        0
  SINCE JAN 1      0                         0      0        0
..................................................................


WIND (MPH)
  HIGHEST WIND SPEED    22   HIGHEST WIND DIRECTION    SW (210)
  HIGHEST GUST SPEED    31   HIGHEST GUST DIRECTION     S (200)
  AVERAGE WIND SPEED    11.5


SKY COVER
  AVERAGE SKY COVER 0.0


WEATHER CONDITIONS
 THE FOLLOWING WEATHER WAS RECORDED YESTERDAY.
  NO SIGNIFICANT WEATHER WAS OBSERVED.


RELATIVE HUMIDITY (PERCENT)
 HIGHEST    78           400 AM
 LOWEST     27           300 PM
 AVERAGE    53

..........................................................


THE WEST PLAINS MO CLIMATE NORMALS FOR TODAY
                         NORMAL    RECORD    YEAR
 MAXIMUM TEMPERATURE (F)   48        75      1996
 MINIMUM TEMPERATURE (F)   26         1      1955


SUNRISE AND SUNSET
FEBRUARY 11 2017......SUNRISE   700 AM CST   SUNSET   544 PM CST
FEBRUARY 12 2017......SUNRISE   659 AM CST   SUNSET   545 PM CST


-  INDICATES NEGATIVE NUMBERS.
R  INDICATES RECORD WAS SET OR TIED.
MM INDICATES DATA IS MISSING.
T  INDICATES TRACE AMOUNT.




$$
