104
CDUS43 KSGF 162226
CLIUNO


CLIMATE REPORT
NATIONAL WEATHER SERVICE SPRINGFIELD MO
425 PM CST THU NOV 16 2017


...................................

...THE WEST PLAINS MO CLIMATE SUMMARY FOR NOVEMBER 16 2017...
VALID AS OF 0400 PM LOCAL TIME.

CLIMATE NORMAL PERIOD 1981 TO 2010
CLIMATE RECORD PERIOD 1947 TO 2017


WEATHER ITEM   OBSERVED TIME   RECORD YEAR NORMAL DEPARTURE LAST
                VALUE   (LST)  VALUE       VALUE  FROM      YEAR
                                                  NORMAL
..................................................................
TEMPERATURE (F)
 TODAY
  MAXIMUM         59    151 PM  77    2016  57      2       77
                                      1952
  MINIMUM         36    721 AM  17    1970  37     -1       42
  AVERAGE         48                        47      1       60

PRECIPITATION (IN)
  TODAY            0.00          3.68 1958   0.16  -0.16     0.00
  MONTH TO DATE    0.45                      2.37  -1.92     0.02
  SINCE SEP 1      2.66                     10.30  -7.64     3.43
  SINCE JAN 1     44.85                     40.37   4.48    35.55

DEGREE DAYS
 HEATING
  TODAY           17                        18     -1        5
  MONTH TO DATE  224                       247    -23      148
  SINCE SEP 1    451                       549    -98      260
  SINCE JUL 1    452                       550    -98      260

 COOLING
  TODAY            0                         0      0        0
  MONTH TO DATE    6                         0      6       11
  SINCE SEP 1    288                       180    108      310
  SINCE JAN 1   1389                      1352     37     1599
..................................................................


WIND (MPH)
  HIGHEST WIND SPEED     8   HIGHEST WIND DIRECTION    SE (150)
  HIGHEST GUST SPEED    13   HIGHEST GUST DIRECTION     N (20)


SKY COVER
  AVERAGE SKY COVER 0.0


WEATHER CONDITIONS
 THE FOLLOWING WEATHER WAS RECORDED TODAY.
  NO SIGNIFICANT WEATHER WAS OBSERVED.


RELATIVE HUMIDITY (PERCENT)
 HIGHEST    82           700 AM
 LOWEST     33           200 PM
 AVERAGE    58

..........................................................


THE WEST PLAINS MO CLIMATE NORMALS FOR TOMORROW
                         NORMAL    RECORD    YEAR
 MAXIMUM TEMPERATURE (F)   56        80      2016
 MINIMUM TEMPERATURE (F)   36         8      1959


SUNRISE AND SUNSET
NOVEMBER 16 2017......SUNRISE   647 AM CST   SUNSET   457 PM CST
NOVEMBER 17 2017......SUNRISE   648 AM CST   SUNSET   457 PM CST


-  INDICATES NEGATIVE NUMBERS.
R  INDICATES RECORD WAS SET OR TIED.
MM INDICATES DATA IS MISSING.
T  INDICATES TRACE AMOUNT.




$$
