000
CDUS43 KSGF 200640
CLIUNO


CLIMATE REPORT
NATIONAL WEATHER SERVICE SPRINGFIELD MO
139 AM CDT SAT AUG 20 2016


...................................

...THE WEST PLAINS MO CLIMATE SUMMARY FOR AUGUST 19 2016...

CLIMATE NORMAL PERIOD 1981 TO 2010
CLIMATE RECORD PERIOD 1947 TO 2016


WEATHER ITEM   OBSERVED TIME   RECORD YEAR NORMAL DEPARTURE LAST
                VALUE   (LST)  VALUE       VALUE  FROM      YEAR
                                                  NORMAL
..................................................................
TEMPERATURE (F)
 YESTERDAY
  MAXIMUM         82    403 PM 103    1962  89     -7       75
  MINIMUM         71    148 AM  53    2012  65      6       57
  AVERAGE         77                        77      0       66

PRECIPITATION (IN)
  YESTERDAY        0.05          0.51 1988   0.12  -0.07     0.45
                                      1988
                                      2006
  MONTH TO DATE    3.36                      1.95   1.41     3.68
  SINCE JUN 1     17.11                      9.52   7.59    17.26
  SINCE JAN 1     31.85                     28.79   3.06    34.87

DEGREE DAYS
 HEATING
  YESTERDAY        0                         0      0        0
  MONTH TO DATE    0                         0      0        0
  SINCE JUN 1      0                         5     -5        5
  SINCE JUL 1      0                         0      0        0

 COOLING
  YESTERDAY       12                        12      0        1
  MONTH TO DATE  248                       245      3      211
  SINCE JUN 1   1053                       916    137      970
  SINCE JAN 1   1146                      1038    108     1092
..................................................................


WIND (MPH)
  HIGHEST WIND SPEED    10   HIGHEST WIND DIRECTION     S (170)
  HIGHEST GUST SPEED    14   HIGHEST GUST DIRECTION    SE (150)
  AVERAGE WIND SPEED     5.4


SKY COVER
  AVERAGE SKY COVER 0.7


WEATHER CONDITIONS
 THE FOLLOWING WEATHER WAS RECORDED YESTERDAY.
  THUNDERSTORM
  RAIN
  LIGHT RAIN
  FOG
  HAZE


RELATIVE HUMIDITY (PERCENT)
 HIGHEST    93           200 AM
 LOWEST     69           400 PM
 AVERAGE    81

..........................................................


THE WEST PLAINS MO CLIMATE NORMALS FOR TODAY
                         NORMAL    RECORD    YEAR
 MAXIMUM TEMPERATURE (F)   89       102      1962
 MINIMUM TEMPERATURE (F)   65        49      1967


SUNRISE AND SUNSET
AUGUST 20 2016........SUNRISE   629 AM CDT   SUNSET   752 PM CDT
AUGUST 21 2016........SUNRISE   630 AM CDT   SUNSET   751 PM CDT


-  INDICATES NEGATIVE NUMBERS.
R  INDICATES RECORD WAS SET OR TIED.
MM INDICATES DATA IS MISSING.
T  INDICATES TRACE AMOUNT.




$$
