000
CDUS43 KSGF 110646
CLIUNO


CLIMATE REPORT
NATIONAL WEATHER SERVICE SPRINGFIELD MO
145 AM CDT THU MAY 11 2017


...................................

...THE WEST PLAINS MO CLIMATE SUMMARY FOR MAY 10 2017...

CLIMATE NORMAL PERIOD 1981 TO 2010
CLIMATE RECORD PERIOD 1947 TO 2017


WEATHER ITEM   OBSERVED TIME   RECORD YEAR NORMAL DEPARTURE LAST
                VALUE   (LST)  VALUE       VALUE  FROM      YEAR
                                                  NORMAL
..................................................................
TEMPERATURE (F)
 YESTERDAY
  MAXIMUM         83    332 PM  88    1963  75      8       82
  MINIMUM         60    528 AM  32    1961  52      8       57
  AVERAGE         72                        64      8       70

PRECIPITATION (IN)
  YESTERDAY        T             2.00 1996   0.16  -0.16     0.00
  MONTH TO DATE    2.89                      2.01   0.88     1.90
  SINCE MAR 1     27.11                     10.78  16.33     7.13
  SINCE JAN 1     31.74                     16.34  15.40     9.77

DEGREE DAYS
 HEATING
  YESTERDAY        0                         3     -3        0
  MONTH TO DATE   60                        39     21       37
  SINCE MAR 1    651                       837   -186      617
  SINCE JUL 1   3300                      4301  -1001     3450

 COOLING
  YESTERDAY        7                         2      5        5
  MONTH TO DATE   17                        16      1       14
  SINCE MAR 1     45                        44      1       30
  SINCE JAN 1     46                        44      2       30
..................................................................


WIND (MPH)
  HIGHEST WIND SPEED    17   HIGHEST WIND DIRECTION     S (170)
  HIGHEST GUST SPEED    23   HIGHEST GUST DIRECTION     S (170)
  AVERAGE WIND SPEED     6.8


SKY COVER
  AVERAGE SKY COVER 0.3


WEATHER CONDITIONS
 THE FOLLOWING WEATHER WAS RECORDED YESTERDAY.
  LIGHT RAIN


RELATIVE HUMIDITY (PERCENT)
 HIGHEST    90           400 AM
 LOWEST     54           500 PM
 AVERAGE    72

..........................................................


THE WEST PLAINS MO CLIMATE NORMALS FOR TODAY
                         NORMAL    RECORD    YEAR
 MAXIMUM TEMPERATURE (F)   76        91      1967
 MINIMUM TEMPERATURE (F)   53        34      1960


SUNRISE AND SUNSET
MAY 11 2017...........SUNRISE   603 AM CDT   SUNSET   805 PM CDT
MAY 12 2017...........SUNRISE   602 AM CDT   SUNSET   806 PM CDT


-  INDICATES NEGATIVE NUMBERS.
R  INDICATES RECORD WAS SET OR TIED.
MM INDICATES DATA IS MISSING.
T  INDICATES TRACE AMOUNT.




$$
