000
CDUS43 KTOP 132235
CLICNK


CLIMATE REPORT
NATIONAL WEATHER SERVICE TOPEKA KS
434 PM CST TUE FEB 13 2018


...................................

...THE CONCORDIA KS CLIMATE SUMMARY FOR FEBRUARY 13 2018...
VALID TODAY AS OF 0400 PM LOCAL TIME.

CLIMATE NORMAL PERIOD 1981 TO 2010
CLIMATE RECORD PERIOD 1885 TO 2018


WEATHER ITEM   OBSERVED TIME   RECORD YEAR NORMAL DEPARTURE LAST
                VALUE   (LST)  VALUE       VALUE  FROM      YEAR
                                                  NORMAL
..................................................................
TEMPERATURE (F)
 TODAY
  MAXIMUM         54    359 PM  72    1921  43     11       45
  MINIMUM         26    813 AM -21    1905  22      4       32
  AVERAGE         40                        32      8       39

PRECIPITATION (IN)
  TODAY            0.00          0.84 1911   0.03  -0.03      T
  MONTH TO DATE    0.27                      0.34  -0.07     0.02
  SINCE DEC 1      0.82                      1.77  -0.95     2.70
  SINCE JAN 1      0.69                      0.92  -0.23     1.77

SNOWFALL (IN)
  TODAY            0.0           3.1  1978   0.2   -0.2      0.0
  MONTH TO DATE    4.5                       2.8    1.7       T
  SINCE JAN 1      8.1                       8.5   -0.4      1.0
  SINCE JUL 1      9.9                      15.0   -5.1      3.2
  SNOW DEPTH       1

DEGREE DAYS
 HEATING
  TODAY           25                        33     -8       26
  MONTH TO DATE  559                       446    113      385
  SINCE DEC 1   2714                      2658     56     2531
  SINCE JUL 1   3651                      3750    -99     3228

 COOLING
  TODAY            0                         0      0        0
  MONTH TO DATE    0                         0      0        0
  SINCE DEC 1      0                         0      0        0
  SINCE JAN 1      0                         0      0        0
..................................................................


WIND (MPH)
  HIGHEST WIND SPEED    24   HIGHEST WIND DIRECTION     S (200)
  HIGHEST GUST SPEED    28   HIGHEST GUST DIRECTION     S (200)
  AVERAGE WIND SPEED    14.6



WEATHER CONDITIONS
 THE FOLLOWING WEATHER WAS RECORDED TODAY.
  NO SIGNIFICANT WEATHER WAS OBSERVED.


RELATIVE HUMIDITY (PERCENT)
 HIGHEST    81           500 AM
 LOWEST     35           400 PM
 AVERAGE    58

..........................................................


THE CONCORDIA KS CLIMATE NORMALS FOR TOMORROW
                         NORMAL    RECORD    YEAR
 MAXIMUM TEMPERATURE (F)   43        77      1954
 MINIMUM TEMPERATURE (F)   22       -12      1936


SUNRISE AND SUNSET
FEBRUARY 13 2018......SUNRISE   725 AM CST   SUNSET   605 PM CST
FEBRUARY 14 2018......SUNRISE   724 AM CST   SUNSET   606 PM CST


-  INDICATES NEGATIVE NUMBERS.
R  INDICATES RECORD WAS SET OR TIED.
MM INDICATES DATA IS MISSING.
T  INDICATES TRACE AMOUNT.




$$
