645
CDUS43 KTOP 212132
CLICNK


CLIMATE REPORT
NATIONAL WEATHER SERVICE TOPEKA KS
431 PM CDT SAT MAY 21 2016


...................................

...THE CONCORDIA KS CLIMATE SUMMARY FOR MAY 21 2016...
VALID TODAY AS OF 0400 PM LOCAL TIME.

CLIMATE NORMAL PERIOD 1981 TO 2010
CLIMATE RECORD PERIOD 1885 TO 2016


WEATHER ITEM   OBSERVED TIME   RECORD YEAR NORMAL DEPARTURE LAST
                VALUE   (LST)  VALUE       VALUE  FROM      YEAR
                                                  NORMAL
..................................................................
TEMPERATURE (F)
 TODAY
  MAXIMUM         68    240 PM  96    2005  76     -8       67
  MINIMUM         52    230 AM  36    1968  54     -2       39
                                      1892
  AVERAGE         60                        65     -5       53

PRECIPITATION (IN)
  TODAY            0.00          2.14 1989   0.15  -0.15     0.00
  MONTH TO DATE    4.77                      2.73   2.04     2.88
  SINCE MAR 1      7.12                      7.19  -0.07     5.22
  SINCE JAN 1      8.68                      8.56   0.12     6.74

SNOWFALL (IN)
  TODAY            0.0           T    1952   0.0    0.0      0.0
  MONTH TO DATE    0.0                       0.0    0.0      0.0
  SINCE JAN 1     12.3                      13.7   -1.4      5.6
  SINCE JUL 1     13.6                      20.2   -6.6     11.7
  SNOW DEPTH       0

DEGREE DAYS
 HEATING
  TODAY            5                         3      2       12
  MONTH TO DATE  139                       108     31      105
  SINCE MAR 1    893                      1165   -272      941
  SINCE JUL 1   4364                      5372  -1008     5148

 COOLING
  TODAY            0                         3     -3        0
  MONTH TO DATE    8                        34    -26       35
  SINCE MAR 1     19                        51    -32       43
  SINCE JAN 1     19                        51    -32       43
..................................................................


WIND (MPH)
  HIGHEST WIND SPEED    21   HIGHEST WIND DIRECTION    SE (130)
  HIGHEST GUST SPEED    26   HIGHEST GUST DIRECTION    SE (140)
  AVERAGE WIND SPEED    10.9



WEATHER CONDITIONS
 THE FOLLOWING WEATHER WAS RECORDED TODAY.
  NO SIGNIFICANT WEATHER WAS OBSERVED.


RELATIVE HUMIDITY (PERCENT)
 HIGHEST    93           100 AM
 LOWEST     59           200 PM
 AVERAGE    76

..........................................................


THE CONCORDIA KS CLIMATE NORMALS FOR TOMORROW
                         NORMAL    RECORD    YEAR
 MAXIMUM TEMPERATURE (F)   76        94      1966
 MINIMUM TEMPERATURE (F)   54        35      1963


SUNRISE AND SUNSET
MAY 21 2016...........SUNRISE   611 AM CDT   SUNSET   844 PM CDT
MAY 22 2016...........SUNRISE   610 AM CDT   SUNSET   845 PM CDT


-  INDICATES NEGATIVE NUMBERS.
R  INDICATES RECORD WAS SET OR TIED.
MM INDICATES DATA IS MISSING.
T  INDICATES TRACE AMOUNT.




$$
