000
CDUS43 KTOP 070635
CLICNK


CLIMATE REPORT
NATIONAL WEATHER SERVICE TOPEKA KS
1235 AM CST TUE MAR 7 2017


...................................

...THE CONCORDIA KS CLIMATE SUMMARY FOR MARCH 6 2017...

CLIMATE NORMAL PERIOD 1981 TO 2010
CLIMATE RECORD PERIOD 1885 TO 2017


WEATHER ITEM   OBSERVED TIME   RECORD YEAR NORMAL DEPARTURE LAST
                VALUE   (LST)  VALUE       VALUE  FROM      YEAR
                                                  NORMAL
..................................................................
TEMPERATURE (F)
 YESTERDAY
  MAXIMUM         82    243 PM  87    1972  51     31       73
  MINIMUM         40   1159 PM  -1    1943  28     12       50
  AVERAGE         61                        39     22       62

PRECIPITATION (IN)
  YESTERDAY        0.00          2.02 1990   0.05  -0.05     0.00
  MONTH TO DATE    0.00                      0.27  -0.27      T
  SINCE MAR 1      0.00                      0.27  -0.27      T
  SINCE JAN 1      1.85                      1.64   0.21     1.56

SNOWFALL (IN)
  YESTERDAY        0.0           0.2  1969   0.1   -0.1      0.0
  MONTH TO DATE    0.0                       0.4   -0.4      0.0
  SINCE JAN 1      1.3                      10.8   -9.5     12.3
  SINCE JUL 1      3.5                      17.3  -13.8     13.6
  SNOW DEPTH       0

DEGREE DAYS
 HEATING
  YESTERDAY        4                        26    -22        3
  MONTH TO DATE   91                       159    -68      105
  SINCE MAR 1     91                       159    -68      105
  SINCE JUL 1   3592                      4366   -774     3576

 COOLING
  YESTERDAY        0                         0      0        0
  MONTH TO DATE    0                         0      0        0
  SINCE MAR 1      0                         0      0        0
  SINCE JAN 1      0                         0      0        0
..................................................................


WIND (MPH)
  HIGHEST WIND SPEED    41   HIGHEST WIND DIRECTION    NW (300)
  HIGHEST GUST SPEED    56   HIGHEST GUST DIRECTION     W (290)
  AVERAGE WIND SPEED    29.1


SKY COVER
  AVERAGE SKY COVER 0.4


WEATHER CONDITIONS
 THE FOLLOWING WEATHER WAS RECORDED YESTERDAY.
  NO SIGNIFICANT WEATHER WAS OBSERVED.


RELATIVE HUMIDITY (PERCENT)
 HIGHEST    93           700 AM
 LOWEST     14           600 PM
 AVERAGE    54

..........................................................


THE CONCORDIA KS CLIMATE NORMALS FOR TODAY
                         NORMAL    RECORD    YEAR
 MAXIMUM TEMPERATURE (F)   51        78      2016
 MINIMUM TEMPERATURE (F)   29        -2      1996
                                             1943


SUNRISE AND SUNSET
MARCH  7 2017.........SUNRISE   654 AM CST   SUNSET   630 PM CST
MARCH  8 2017.........SUNRISE   653 AM CST   SUNSET   631 PM CST


-  INDICATES NEGATIVE NUMBERS.
R  INDICATES RECORD WAS SET OR TIED.
MM INDICATES DATA IS MISSING.
T  INDICATES TRACE AMOUNT.




$$
