000
CDUS43 KTOP 261225
CLICNK


CLIMATE REPORT
NATIONAL WEATHER SERVICE TOPEKA KS
725 AM CDT WED AUG 26 2015


...................................

...THE CONCORDIA KS CLIMATE SUMMARY FOR AUGUST 25 2015...

CLIMATE NORMAL PERIOD 1981 TO 2010
CLIMATE RECORD PERIOD 1885 TO 2015


WEATHER ITEM   OBSERVED TIME   RECORD YEAR NORMAL DEPARTURE LAST
                VALUE   (LST)  VALUE       VALUE  FROM      YEAR
                                                  NORMAL
..................................................................
TEMPERATURE (F)
 YESTERDAY
  MAXIMUM         84    339 PM 110    1936  87     -3       90
  MINIMUM         50    614 AM  47    1928  64    -14       66
  AVERAGE         67                        76     -9       78

PRECIPITATION (IN)
  YESTERDAY        0.00          2.94 1935   0.10  -0.10     0.02
  MONTH TO DATE    3.76                      2.57   1.19     4.90
  SINCE JUN 1     13.44                     10.54   2.90    12.74
  SINCE JAN 1     21.52                     20.53   0.99    18.57

SNOWFALL (IN)
  YESTERDAY        0.0           0.0    MM   0.0    0.0      0.0
  MONTH TO DATE    0.0                       0.0    0.0      0.0
  SINCE JAN 1      5.6                      13.7   -8.1     16.9
  SINCE JUL 1      0.0                       0.0    0.0      0.0
  SNOW DEPTH       0

DEGREE DAYS
 HEATING
  YESTERDAY        0                         0      0        0
  MONTH TO DATE    2                         0      2        0
  SINCE JUN 1      4                        13     -9        3
  SINCE JUL 1      2                         0      2        2

 COOLING
  YESTERDAY        2                        11     -9       13
  MONTH TO DATE  235                       316    -81      319
  SINCE JUN 1    940                      1017    -77      968
  SINCE JAN 1    995                      1106   -111     1143
..................................................................


WIND (MPH)
  HIGHEST WIND SPEED    13   HIGHEST WIND DIRECTION     S (160)
  HIGHEST GUST SPEED    16   HIGHEST GUST DIRECTION    SE (150)
  AVERAGE WIND SPEED     4.2


SKY COVER
  AVERAGE SKY COVER 0.0


WEATHER CONDITIONS
 THE FOLLOWING WEATHER WAS RECORDED YESTERDAY.
  NO SIGNIFICANT WEATHER WAS OBSERVED.


RELATIVE HUMIDITY (PERCENT)
 HIGHEST    93           700 AM
 LOWEST     31           400 PM
 AVERAGE    62

..........................................................


THE CONCORDIA KS CLIMATE NORMALS FOR TODAY
                         NORMAL    RECORD    YEAR
 MAXIMUM TEMPERATURE (F)   87       105      1936
 MINIMUM TEMPERATURE (F)   64        44      1910


SUNRISE AND SUNSET
AUGUST 26 2015........SUNRISE   653 AM CDT   SUNSET   811 PM CDT
AUGUST 27 2015........SUNRISE   654 AM CDT   SUNSET   810 PM CDT


-  INDICATES NEGATIVE NUMBERS.
R  INDICATES RECORD WAS SET OR TIED.
MM INDICATES DATA IS MISSING.
T  INDICATES TRACE AMOUNT.




$$
