000
CDUS43 KTOP 042237
CLICNK


CLIMATE REPORT
NATIONAL WEATHER SERVICE TOPEKA KS
435 PM CST THU JAN 4 2018


...................................

...THE CONCORDIA KS CLIMATE SUMMARY FOR JANUARY 4 2018...
VALID TODAY AS OF 0400 PM LOCAL TIME.

CLIMATE NORMAL PERIOD 1981 TO 2010
CLIMATE RECORD PERIOD 1885 TO 2018


WEATHER ITEM   OBSERVED TIME   RECORD YEAR NORMAL DEPARTURE LAST
                VALUE   (LST)  VALUE       VALUE  FROM      YEAR
                                                  NORMAL
..................................................................
TEMPERATURE (F)
 TODAY
  MAXIMUM         40    359 PM  68    1916  38      2       19
  MINIMUM          7    718 AM -14    1947  19    -12        7
  AVERAGE         24                        28     -4       13

PRECIPITATION (IN)
  TODAY            0.00          0.51 2005   0.01  -0.01     0.03
  MONTH TO DATE    0.00                      0.06  -0.06     0.03
  SINCE DEC 1      0.13                      0.91  -0.78     0.96
  SINCE JAN 1      0.00                      0.06  -0.06     0.03

SNOWFALL (IN)
  TODAY            0.0           2.9  1977   0.1   -0.1      0.5
  MONTH TO DATE    0.0                       0.6   -0.6      0.5
  SINCE JAN 1      0.0                       0.6   -0.6      0.5
  SINCE JUL 1      1.8                       7.1   -5.3      2.7
  SNOW DEPTH       T

DEGREE DAYS
 HEATING
  TODAY           41                        37      4       52
  MONTH TO DATE  201                       148     53      154
  SINCE DEC 1   1237                      1233      4     1258
  SINCE JUL 1   2174                      2325   -151     1955

 COOLING
  TODAY            0                         0      0        0
  MONTH TO DATE    0                         0      0        0
  SINCE DEC 1      0                         0      0        0
  SINCE JAN 1      0                         0      0        0
..................................................................


WIND (MPH)
  HIGHEST WIND SPEED    16   HIGHEST WIND DIRECTION     S (190)
  HIGHEST GUST SPEED    19   HIGHEST GUST DIRECTION     S (200)
  AVERAGE WIND SPEED     5.6



WEATHER CONDITIONS
 THE FOLLOWING WEATHER WAS RECORDED TODAY.
  FOG


RELATIVE HUMIDITY (PERCENT)
 HIGHEST    92           300 AM
 LOWEST     37           300 PM
 AVERAGE    65

..........................................................


THE CONCORDIA KS CLIMATE NORMALS FOR TOMORROW
                         NORMAL    RECORD    YEAR
 MAXIMUM TEMPERATURE (F)   38        66      2012
 MINIMUM TEMPERATURE (F)   19       -18      1924


SUNRISE AND SUNSET
JANUARY  4 2018.......SUNRISE   751 AM CST   SUNSET   520 PM CST
JANUARY  5 2018.......SUNRISE   751 AM CST   SUNSET   521 PM CST


-  INDICATES NEGATIVE NUMBERS.
R  INDICATES RECORD WAS SET OR TIED.
MM INDICATES DATA IS MISSING.
T  INDICATES TRACE AMOUNT.




$$
