000
CDUS43 KTOP 200638
CLICNK


CLIMATE REPORT
NATIONAL WEATHER SERVICE TOPEKA KS
1237 AM CST MON FEB 20 2017


...................................

...THE CONCORDIA KS CLIMATE SUMMARY FOR FEBRUARY 19 2017...

CLIMATE NORMAL PERIOD 1981 TO 2010
CLIMATE RECORD PERIOD 1885 TO 2017


WEATHER ITEM   OBSERVED TIME   RECORD YEAR NORMAL DEPARTURE LAST
                VALUE   (LST)  VALUE       VALUE  FROM      YEAR
                                                  NORMAL
..................................................................
TEMPERATURE (F)
 YESTERDAY
  MAXIMUM         63    414 PM  77    1930  45     18       69
  MINIMUM         45    552 AM  -3    1978  23     22       49
                                      1889
  AVERAGE         54                        34     20       59

PRECIPITATION (IN)
  YESTERDAY        0.00          0.60 2002   0.03  -0.03     0.00
  MONTH TO DATE    0.02                      0.50  -0.48     0.51
  SINCE DEC 1      2.70                      1.93   0.77     4.20
  SINCE JAN 1      1.77                      1.08   0.69     1.56

SNOWFALL (IN)
  YESTERDAY        0.0           2.8  1959   0.1   -0.1      0.0
  MONTH TO DATE    T                         3.8   -3.8      4.7
  SINCE JAN 1      1.0                       9.5   -8.5     12.3
  SINCE JUL 1      3.2                      16.0  -12.8     13.6
  SNOW DEPTH       0

DEGREE DAYS
 HEATING
  YESTERDAY       11                        31    -20        6
  MONTH TO DATE  472                       637   -165      539
  SINCE DEC 1   2618                      2849   -231     2503
  SINCE JUL 1   3315                      3941   -626     3271

 COOLING
  YESTERDAY        0                         0      0        0
  MONTH TO DATE    0                         0      0        0
  SINCE DEC 1      0                         0      0        0
  SINCE JAN 1      0                         0      0        0
..................................................................


WIND (MPH)
  HIGHEST WIND SPEED    23   HIGHEST WIND DIRECTION     S (180)
  HIGHEST GUST SPEED    28   HIGHEST GUST DIRECTION     S (170)
  AVERAGE WIND SPEED    14.9


SKY COVER
  AVERAGE SKY COVER 0.1


WEATHER CONDITIONS
 THE FOLLOWING WEATHER WAS RECORDED YESTERDAY.
  FOG


RELATIVE HUMIDITY (PERCENT)
 HIGHEST   100           700 AM
 LOWEST     67           400 PM
 AVERAGE    84

..........................................................


THE CONCORDIA KS CLIMATE NORMALS FOR TODAY
                         NORMAL    RECORD    YEAR
 MAXIMUM TEMPERATURE (F)   45        73      1981
 MINIMUM TEMPERATURE (F)   24        -5      1918


SUNRISE AND SUNSET
FEBRUARY 20 2017......SUNRISE   716 AM CST   SUNSET   613 PM CST
FEBRUARY 21 2017......SUNRISE   714 AM CST   SUNSET   614 PM CST


-  INDICATES NEGATIVE NUMBERS.
R  INDICATES RECORD WAS SET OR TIED.
MM INDICATES DATA IS MISSING.
T  INDICATES TRACE AMOUNT.




$$
