000
CDUS43 KTOP 251012
CLICNK


CLIMATE REPORT
NATIONAL WEATHER SERVICE TOPEKA KS
512 AM CDT THU JUN 25 2015


...................................

...THE CONCORDIA KS CLIMATE SUMMARY FOR JUNE 24 2015...

CLIMATE NORMAL PERIOD 1981 TO 2010
CLIMATE RECORD PERIOD 1885 TO 2015


WEATHER ITEM   OBSERVED TIME   RECORD YEAR NORMAL DEPARTURE LAST
                VALUE   (LST)  VALUE       VALUE  FROM      YEAR
                                                  NORMAL
..................................................................
TEMPERATURE (F)
 YESTERDAY
  MAXIMUM         97    313 PM 106    1937  88      9       84
  MINIMUM         65    242 AM  51    1974  65      0       60
  AVERAGE         81                        76      5       72

PRECIPITATION (IN)
  YESTERDAY        0.00          4.97 1904   0.14  -0.14     0.27
  MONTH TO DATE    5.73                      3.22   2.51     6.38
  SINCE JUN 1      5.73                      3.22   2.51     6.38
  SINCE JAN 1     13.81                     13.21   0.60    12.21

SNOWFALL (IN)
  YESTERDAY        0.0           T    1907   0.0    0.0      0.0
  MONTH TO DATE    0.0                       0.0    0.0      0.0
  SINCE JAN 1      5.6                      13.7   -8.1     16.9
  SINCE JUL 1     11.7                      20.2   -8.5     23.2
  SNOW DEPTH       0

DEGREE DAYS
 HEATING
  YESTERDAY        0                         0      0        0
  MONTH TO DATE    2                        11     -9        1
  SINCE JUN 1      2                        11     -9        1
  SINCE JUL 1   5182                      5406   -224     5759

 COOLING
  YESTERDAY       16                        11      5        7
  MONTH TO DATE  238                       193     45      219
  SINCE JUN 1    238                       193     45      219
  SINCE JAN 1    293                       282     11      394
..................................................................


WIND (MPH)
  HIGHEST WIND SPEED    29   HIGHEST WIND DIRECTION     S (190)
  HIGHEST GUST SPEED    36   HIGHEST GUST DIRECTION     S (190)
  AVERAGE WIND SPEED    16.7


SKY COVER
  AVERAGE SKY COVER 0.0


WEATHER CONDITIONS
 THE FOLLOWING WEATHER WAS RECORDED YESTERDAY.
  NO SIGNIFICANT WEATHER WAS OBSERVED.


RELATIVE HUMIDITY (PERCENT)
 HIGHEST    93           200 AM
 LOWEST     30           400 PM
 AVERAGE    62

..........................................................


THE CONCORDIA KS CLIMATE NORMALS FOR TODAY
                         NORMAL    RECORD    YEAR
 MAXIMUM TEMPERATURE (F)   88       104      1988
                                             1937
 MINIMUM TEMPERATURE (F)   65        49      1958


SUNRISE AND SUNSET
JUNE 25 2015..........SUNRISE   604 AM CDT   SUNSET   902 PM CDT
JUNE 26 2015..........SUNRISE   605 AM CDT   SUNSET   902 PM CDT


-  INDICATES NEGATIVE NUMBERS.
R  INDICATES RECORD WAS SET OR TIED.
MM INDICATES DATA IS MISSING.
T  INDICATES TRACE AMOUNT.




$$
