000
CDUS43 KTOP 230633
CLICNK


CLIMATE REPORT
NATIONAL WEATHER SERVICE TOPEKA KS
1232 AM CST SUN NOV 23 2014


...................................

...THE CONCORDIA KS CLIMATE SUMMARY FOR NOVEMBER 22 2014...

CLIMATE NORMAL PERIOD 1981 TO 2010
CLIMATE RECORD PERIOD 1885 TO 2014


WEATHER ITEM   OBSERVED TIME   RECORD YEAR NORMAL DEPARTURE LAST
                VALUE   (LST)  VALUE       VALUE  FROM      YEAR
                                                  NORMAL
..................................................................
TEMPERATURE (F)
 YESTERDAY
  MAXIMUM         63    304 PM  68    1974  48     15       30
                                      1936
                                      1924
  MINIMUM         37   1201 AM  -4    1929  28      9       16
  AVERAGE         50                        38     12       23

PRECIPITATION (IN)
  YESTERDAY        0.00          0.53 1999   0.03  -0.03     0.00
  MONTH TO DATE    0.08                      0.85  -0.77     1.15
  SINCE SEP 1      5.77                      5.68   0.09     3.08
  SINCE JAN 1     26.43                     26.78  -0.35    26.65

SNOWFALL (IN)
  YESTERDAY        0.0           3.3  1991   0.1   -0.1      0.0
  MONTH TO DATE    1.1                       1.5   -0.4       T
  SINCE JAN 1     18.0                      15.4    2.6     20.3
  SINCE JUL 1      1.1                       1.7   -0.6       T
  SNOW DEPTH       0

DEGREE DAYS
 HEATING
  YESTERDAY       15                        27    -12       42
  MONTH TO DATE  619                       467    152      428
  SINCE SEP 1    948                       855     93      765
  SINCE JUL 1    950                       858     92      772

 COOLING
  YESTERDAY        0                         0      0        0
  MONTH TO DATE    0                         0      0        0
  SINCE SEP 1    159                       182    -23      274
  SINCE JAN 1   1368                      1348     20     1359
..................................................................


WIND (MPH)
  HIGHEST WIND SPEED    32   HIGHEST WIND DIRECTION     S (200)
  HIGHEST GUST SPEED    39   HIGHEST GUST DIRECTION     S (200)
  AVERAGE WIND SPEED    13.9


SKY COVER
  AVERAGE SKY COVER 0.7


WEATHER CONDITIONS
 THE FOLLOWING WEATHER WAS RECORDED YESTERDAY.
  FOG
  FOG W/VISIBILITY <= 1/4 MILE


RELATIVE HUMIDITY (PERCENT)
 HIGHEST   100          1200 AM
 LOWEST     65           200 PM
 AVERAGE    83

..........................................................


THE CONCORDIA KS CLIMATE NORMALS FOR TODAY
                         NORMAL    RECORD    YEAR
 MAXIMUM TEMPERATURE (F)   48        71      1914
 MINIMUM TEMPERATURE (F)   27        -5      1898


SUNRISE AND SUNSET
NOVEMBER 23 2014......SUNRISE   724 AM CST   SUNSET   510 PM CST
NOVEMBER 24 2014......SUNRISE   725 AM CST   SUNSET   510 PM CST


-  INDICATES NEGATIVE NUMBERS.
R  INDICATES RECORD WAS SET OR TIED.
MM INDICATES DATA IS MISSING.
T  INDICATES TRACE AMOUNT.




$$
