000
CDUS43 KTOP 180632
CLICNK


CLIMATE REPORT
NATIONAL WEATHER SERVICE TOPEKA KS
132 AM CDT TUE APR 18 2017


...................................

...THE CONCORDIA KS CLIMATE SUMMARY FOR APRIL 17 2017...

CLIMATE NORMAL PERIOD 1981 TO 2010
CLIMATE RECORD PERIOD 1885 TO 2017


WEATHER ITEM   OBSERVED TIME   RECORD YEAR NORMAL DEPARTURE LAST
                VALUE   (LST)  VALUE       VALUE  FROM      YEAR
                                                  NORMAL
..................................................................
TEMPERATURE (F)
 YESTERDAY
  MAXIMUM         72    433 PM  90    1926  66      6       64
  MINIMUM         42    421 AM  21    1907  42      0       57
  AVERAGE         57                        54      3       61

PRECIPITATION (IN)
  YESTERDAY        0.00          2.12 2013   0.08  -0.08     0.35
  MONTH TO DATE    1.94                      1.29   0.65     0.38
  SINCE MAR 1      5.13                      3.30   1.83     0.83
  SINCE JAN 1      6.98                      4.67   2.31     2.39

SNOWFALL (IN)
  YESTERDAY        0.0           T    1922   0.0    0.0      0.0
  MONTH TO DATE    0.0                       0.4   -0.4      0.0
  SINCE JAN 1      2.1                      13.6  -11.5     12.3
  SINCE JUL 1      4.3                      20.1  -15.8     13.6
  SNOW DEPTH       0

DEGREE DAYS
 HEATING
  YESTERDAY        8                        12     -4        4
  MONTH TO DATE  177                       244    -67      158
  SINCE MAR 1    746                       928   -182      646
  SINCE JUL 1   4247                      5135   -888     4117

 COOLING
  YESTERDAY        0                         1     -1        0
  MONTH TO DATE   10                         2      8        1
  SINCE MAR 1     14                         3     11        4
  SINCE JAN 1     14                         3     11        4
..................................................................


WIND (MPH)
  HIGHEST WIND SPEED    18   HIGHEST WIND DIRECTION     S (170)
  HIGHEST GUST SPEED    22   HIGHEST GUST DIRECTION    SE (140)
  AVERAGE WIND SPEED     8.0


SKY COVER
  AVERAGE SKY COVER 0.1


WEATHER CONDITIONS
 THE FOLLOWING WEATHER WAS RECORDED YESTERDAY.
  NO SIGNIFICANT WEATHER WAS OBSERVED.


RELATIVE HUMIDITY (PERCENT)
 HIGHEST   100          1200 AM
 LOWEST     53           400 PM
 AVERAGE    77

..........................................................


THE CONCORDIA KS CLIMATE NORMALS FOR TODAY
                         NORMAL    RECORD    YEAR
 MAXIMUM TEMPERATURE (F)   66        92      1994
 MINIMUM TEMPERATURE (F)   42        27      1953


SUNRISE AND SUNSET
APRIL 18 2017.........SUNRISE   649 AM CDT   SUNSET   812 PM CDT
APRIL 19 2017.........SUNRISE   647 AM CDT   SUNSET   813 PM CDT


-  INDICATES NEGATIVE NUMBERS.
R  INDICATES RECORD WAS SET OR TIED.
MM INDICATES DATA IS MISSING.
T  INDICATES TRACE AMOUNT.




$$
