000
CDUS41 KBUF 180705
CLIBUF


CLIMATE REPORT
NATIONAL WEATHER SERVICE BUFFALO NY
205 AM EST SUN FEB 18 2018


...................................

...THE BUFFALO NY CLIMATE SUMMARY FOR FEBRUARY 17 2018...

CLIMATE NORMAL PERIOD 1981 TO 2010
CLIMATE RECORD PERIOD 1871 TO 2018


WEATHER ITEM   OBSERVED TIME   RECORD YEAR NORMAL DEPARTURE LAST
                VALUE   (LST)  VALUE       VALUE  FROM      YEAR
                                                  NORMAL
..................................................................
TEMPERATURE (F)
 YESTERDAY
  MAXIMUM         30    855 PM  61    2006  34     -4       38
                                      1883
  MINIMUM         19    629 AM -13    1979  19      0       20
  AVERAGE         25                        26     -1       29

PRECIPITATION (IN)
  YESTERDAY        T             1.18 1998   0.09  -0.09     0.00
  MONTH TO DATE    1.73                      1.49   0.24     1.36
  SINCE DEC 1      8.39                      8.56  -0.17     8.34
  SINCE JAN 1      5.46                      4.67   0.79     4.28

SNOWFALL (IN)
  YESTERDAY       MM            14.2  1958   0.6   MM        0.0
  MONTH TO DATE   18.0                      10.9    7.1      4.6
  SINCE DEC 1     82.9                      63.6   19.3     45.7
  SINCE JUL 1     83.1                      72.4   10.7     46.6
  SNOW DEPTH       0

DEGREE DAYS
 HEATING
  YESTERDAY       40                        39      1       36
  MONTH TO DATE  680                       674      6      615
  SINCE DEC 1   3156                      3000    156     2700
  SINCE JUL 1   4271                      4333    -62     3670

 COOLING
  YESTERDAY        0                         0      0        0
  MONTH TO DATE    0                         0      0        0
  SINCE DEC 1      0                         0      0        0
  SINCE JAN 1      0                         0      0        0
..................................................................


WIND (MPH)
  HIGHEST WIND SPEED    15   HIGHEST WIND DIRECTION     S (190)
  HIGHEST GUST SPEED    19   HIGHEST GUST DIRECTION    SW (220)
  AVERAGE WIND SPEED     7.4


SKY COVER
  AVERAGE SKY COVER 0.7


WEATHER CONDITIONS
 THE FOLLOWING WEATHER WAS RECORDED YESTERDAY.
  LIGHT SNOW
  FOG
  HAZE


RELATIVE HUMIDITY (PERCENT)
 HIGHEST    84           300 AM
 LOWEST     53           200 PM
 AVERAGE    69

..........................................................


THE BUFFALO NY CLIMATE NORMALS FOR TODAY
                         NORMAL    RECORD    YEAR
 MAXIMUM TEMPERATURE (F)   34        63      1981
 MINIMUM TEMPERATURE (F)   19       -18      1979


SUNRISE AND SUNSET
FEBRUARY 18 2018......SUNRISE   708 AM EST   SUNSET   550 PM EST
FEBRUARY 19 2018......SUNRISE   706 AM EST   SUNSET   552 PM EST


-  INDICATES NEGATIVE NUMBERS.
R  INDICATES RECORD WAS SET OR TIED.
MM INDICATES DATA IS MISSING.
T  INDICATES TRACE AMOUNT.




$$
