720
CDUS41 KBUF 201011
CLIBUF


CLIMATE REPORT
NATIONAL WEATHER SERVICE BUFFALO NY
611 AM EDT TUE SEP 20 2016


...................................

...THE BUFFALO NY CLIMATE SUMMARY FOR SEPTEMBER 19 2016...

CLIMATE NORMAL PERIOD 1981 TO 2010
CLIMATE RECORD PERIOD 1871 TO 2016


WEATHER ITEM   OBSERVED TIME   RECORD YEAR NORMAL DEPARTURE LAST
                VALUE   (LST)  VALUE       VALUE  FROM      YEAR
                                                  NORMAL
..................................................................
TEMPERATURE (F)
 YESTERDAY
  MAXIMUM         80    214 PM  88    1946  70     10       77
  MINIMUM         62   1159 PM  38    1995  52     10       59
                                      1993
  AVERAGE         71                        61     10       68

PRECIPITATION (IN)
  YESTERDAY        0.00          2.09 1948   0.14  -0.14     0.04
  MONTH TO DATE    2.81                      2.33   0.48     2.77
  SINCE SEP 1      2.81                      2.33   0.48     2.77
  SINCE JAN 1     21.33                     27.49  -6.16    27.24

SNOWFALL (IN)
  YESTERDAY        0.0           0.0    MM   0.0    0.0      0.0
  MONTH TO DATE    0.0                       0.0    0.0      0.0
  SINCE SEP 1      0.0                       0.0    0.0      0.0
  SINCE JUL 1      0.0                       0.0    0.0      0.0
  SNOW DEPTH       0

DEGREE DAYS
 HEATING
  YESTERDAY        0                         5     -5        0
  MONTH TO DATE    9                        58    -49       25
  SINCE SEP 1      9                        58    -49       25
  SINCE JUL 1      9                        85    -76       40

 COOLING
  YESTERDAY        6                         1      5        3
  MONTH TO DATE   95                        44     51      125
  SINCE SEP 1     95                        44     51      125
  SINCE JAN 1    913                       531    382      650
..................................................................


WIND (MPH)
  HIGHEST WIND SPEED    13   HIGHEST WIND DIRECTION    SW (210)
  HIGHEST GUST SPEED    16   HIGHEST GUST DIRECTION    SW (240)
  AVERAGE WIND SPEED     5.8


SKY COVER
  AVERAGE SKY COVER 0.4


WEATHER CONDITIONS
 THE FOLLOWING WEATHER WAS RECORDED YESTERDAY.
  NO SIGNIFICANT WEATHER WAS OBSERVED.


RELATIVE HUMIDITY (PERCENT)
 HIGHEST    93           100 AM
 LOWEST     42           400 PM
 AVERAGE    68

..........................................................


THE BUFFALO NY CLIMATE NORMALS FOR TODAY
                         NORMAL    RECORD    YEAR
 MAXIMUM TEMPERATURE (F)   70        88      1946
 MINIMUM TEMPERATURE (F)   52        36      1993


SUNRISE AND SUNSET
SEPTEMBER 20 2016.....SUNRISE   701 AM EDT   SUNSET   715 PM EDT
SEPTEMBER 21 2016.....SUNRISE   702 AM EDT   SUNSET   713 PM EDT


-  INDICATES NEGATIVE NUMBERS.
R  INDICATES RECORD WAS SET OR TIED.
MM INDICATES DATA IS MISSING.
T  INDICATES TRACE AMOUNT.




$$
