000
CDUS41 KBUF 181152 CCA
CLIBUF

CLIMATE REPORT...CORRECTED
NATIONAL WEATHER SERVICE BUFFALO NY
521 AM EST SAT NOV 18 2017


...................................

...THE BUFFALO NY CLIMATE SUMMARY FOR NOVEMBER 17 2017...

CLIMATE NORMAL PERIOD 1981 TO 2010
CLIMATE RECORD PERIOD 1871 TO 2017


WEATHER ITEM   OBSERVED TIME   RECORD YEAR NORMAL DEPARTURE LAST
                VALUE   (LST)  VALUE       VALUE  FROM      YEAR
                                                  NORMAL
..................................................................
TEMPERATURE (F)
 YESTERDAY
  MAXIMUM         36    511 PM  69    1954  47    -11       54
  MINIMUM         30    953 AM  13    1959  34     -4       35
  AVERAGE         33                        40     -7       45

PRECIPITATION (IN)
  YESTERDAY        T             2.11 1890   0.14  -0.14     0.00
  MONTH TO DATE    3.77                      2.26   1.51     1.42
  SINCE SEP 1     11.95                      9.68   2.27     9.36
  SINCE JAN 1     44.23                     34.84   9.39    27.88

SNOWFALL (IN)
  YESTERDAY        T            14.0  1920   0.3   -0.3      0.0
  MONTH TO DATE    0.1                       3.1   -3.0      0.0
  SINCE SEP 1      0.2                       4.0   -3.8       T
  SINCE JUL 1      0.2                       4.0   -3.8       T
  SNOW DEPTH       0

DEGREE DAYS
 HEATING
  YESTERDAY       32                        25      7       20
  MONTH TO DATE  423                       374     49      290
  SINCE SEP 1    775                       952   -177      669
  SINCE JUL 1    791                       979   -188      669

 COOLING
  YESTERDAY        0                         0      0        0
  MONTH TO DATE    0                         0      0        0
  SINCE SEP 1    133                        57     76      121
  SINCE JAN 1    603                       544     59      939
..................................................................


WIND (MPH)
  HIGHEST WIND SPEED    17   HIGHEST WIND DIRECTION    NW (310)
  HIGHEST GUST SPEED    22   HIGHEST GUST DIRECTION    NW (310)
  AVERAGE WIND SPEED     7.5


SKY COVER
  AVERAGE SKY COVER 0.8


WEATHER CONDITIONS
 THE FOLLOWING WEATHER WAS RECORDED YESTERDAY.
  NO SIGNIFICANT WEATHER WAS OBSERVED.


RELATIVE HUMIDITY (PERCENT)
 HIGHEST    75           100 AM
 LOWEST     63          1100 AM
 AVERAGE    69

..........................................................


THE BUFFALO NY CLIMATE NORMALS FOR TODAY
                         NORMAL    RECORD    YEAR
 MAXIMUM TEMPERATURE (F)   47        74      1958
 MINIMUM TEMPERATURE (F)   33        13      1959


SUNRISE AND SUNSET
NOVEMBER 18 2017......SUNRISE   711 AM EST   SUNSET   449 PM EST
NOVEMBER 19 2017......SUNRISE   712 AM EST   SUNSET   448 PM EST


-  INDICATES NEGATIVE NUMBERS.
R  INDICATES RECORD WAS SET OR TIED.
MM INDICATES DATA IS MISSING.
T  INDICATES TRACE AMOUNT.

$$
