000
CDUS41 KBUF 232035
CLIBUF


CLIMATE REPORT
NATIONAL WEATHER SERVICE BUFFALO NY
434 PM EDT TUE JUN 23 2015


...................................

...THE BUFFALO NY CLIMATE SUMMARY FOR JUNE 23 2015...
VALID TODAY AS OF 0400 PM LOCAL TIME.

CLIMATE NORMAL PERIOD 1981 TO 2010
CLIMATE RECORD PERIOD 1871 TO 2015


WEATHER ITEM   OBSERVED TIME   RECORD YEAR NORMAL DEPARTURE LAST
                VALUE   (LST)  VALUE       VALUE  FROM      YEAR
                                                  NORMAL
..................................................................
TEMPERATURE (F)
 TODAY
  MAXIMUM         78    225 AM  92    1964  77      1       85
  MINIMUM         67    443 AM  41    1918  60      7       60
  AVERAGE         73                        68      5       73

PRECIPITATION (IN)
  TODAY            0.46          2.42 1928   0.12   0.34     0.00
  MONTH TO DATE    3.12                      2.89   0.23     2.84
  SINCE JUN 1      3.12                      2.89   0.23     2.84
  SINCE JAN 1     15.75                     17.90  -2.15    20.37

SNOWFALL (IN)
  TODAY            0.0           0.0    MM   0.0    0.0      0.0
  MONTH TO DATE    0.0                       0.0    0.0      0.0
  SINCE JUN 1      0.0                       0.0    0.0      0.0
  SINCE JUL 1    112.9                      94.7   18.2    129.9
  SNOW DEPTH       0

DEGREE DAYS
 HEATING
  TODAY            0                         1     -1        0
  MONTH TO DATE   39                        58    -19       28
  SINCE JUN 1     39                        58    -19       28
  SINCE JUL 1   7017                      6611    406     7125

 COOLING
  TODAY            8                         5      3        8
  MONTH TO DATE   69                        67      2       73
  SINCE JUN 1     69                        67      2       73
  SINCE JAN 1    160                        93     67       96
..................................................................


WIND (MPH)
  HIGHEST WIND SPEED    29   HIGHEST WIND DIRECTION     W (260)
  HIGHEST GUST SPEED    41   HIGHEST GUST DIRECTION     W (270)
  AVERAGE WIND SPEED    20.3


SKY COVER
  AVERAGE SKY COVER 0.8


WEATHER CONDITIONS
 THE FOLLOWING WEATHER WAS RECORDED TODAY.
  THUNDERSTORM
  RAIN
  LIGHT RAIN
  HAZE


RELATIVE HUMIDITY (PERCENT)
 HIGHEST    84           900 AM
 LOWEST     53           300 PM
 AVERAGE    69

..........................................................


THE BUFFALO NY CLIMATE NORMALS FOR TOMORROW
                         NORMAL    RECORD    YEAR
 MAXIMUM TEMPERATURE (F)   78        92      1949
 MINIMUM TEMPERATURE (F)   60        46      1932
                                             1915


SUNRISE AND SUNSET
JUNE 23 2015..........SUNRISE   537 AM EDT   SUNSET   858 PM EDT
JUNE 24 2015..........SUNRISE   537 AM EDT   SUNSET   858 PM EDT


-  INDICATES NEGATIVE NUMBERS.
R  INDICATES RECORD WAS SET OR TIED.
MM INDICATES DATA IS MISSING.
T  INDICATES TRACE AMOUNT.




$$
