000
CDUS41 KBUF 121019
CLIBUF


CLIMATE REPORT
NATIONAL WEATHER SERVICE BUFFALO NY
618 AM EDT THU OCT 12 2017


...................................

...THE BUFFALO NY CLIMATE SUMMARY FOR OCTOBER 11 2017...

CLIMATE NORMAL PERIOD 1981 TO 2010
CLIMATE RECORD PERIOD 1871 TO 2017


WEATHER ITEM   OBSERVED TIME   RECORD YEAR NORMAL DEPARTURE LAST
                VALUE   (LST)  VALUE       VALUE  FROM      YEAR
                                                  NORMAL
..................................................................
TEMPERATURE (F)
 YESTERDAY
  MAXIMUM         60   1230 AM  82    1949  61     -1       64
  MINIMUM         51   1046 PM  29    1964  44      7       38
                                      1881
  AVERAGE         56                        52      4       51

PRECIPITATION (IN)
  YESTERDAY        0.22          2.03 1877   0.12   0.10     0.00
  MONTH TO DATE    2.28                      1.36   0.92     0.74
  SINCE SEP 1      5.45                      5.26   0.19     4.27
  SINCE JAN 1     37.73                     30.42   7.31    22.79

SNOWFALL (IN)
  YESTERDAY        0.0           1.0  1906   0.0    0.0      0.0
  MONTH TO DATE    0.0                       0.2   -0.2      0.0
  SINCE SEP 1      0.0                       0.2   -0.2      0.0
  SINCE JUL 1      0.0                       0.2   -0.2      0.0
  SNOW DEPTH       0

DEGREE DAYS
 HEATING
  YESTERDAY        9                        13     -4       14
  MONTH TO DATE   35                       121    -86       64
  SINCE SEP 1    128                       256   -128      108
  SINCE JUL 1    144                       283   -139      108

 COOLING
  YESTERDAY        0                         0      0        0
  MONTH TO DATE   16                         0     16        0
  SINCE SEP 1    132                        53     79      109
  SINCE JAN 1    602                       540     62      927
..................................................................


WIND (MPH)
  HIGHEST WIND SPEED    26   HIGHEST WIND DIRECTION     E (70)
  HIGHEST GUST SPEED    34   HIGHEST GUST DIRECTION     E (70)
  AVERAGE WIND SPEED    15.1


SKY COVER
  AVERAGE SKY COVER 1.0


WEATHER CONDITIONS
 THE FOLLOWING WEATHER WAS RECORDED YESTERDAY.
  RAIN
  LIGHT RAIN
  FOG


RELATIVE HUMIDITY (PERCENT)
 HIGHEST    96           700 PM
 LOWEST     67           100 AM
 AVERAGE    82

..........................................................


THE BUFFALO NY CLIMATE NORMALS FOR TODAY
                         NORMAL    RECORD    YEAR
 MAXIMUM TEMPERATURE (F)   60        81      1893
 MINIMUM TEMPERATURE (F)   44        30      1876


SUNRISE AND SUNSET
OCTOBER 12 2017.......SUNRISE   725 AM EDT   SUNSET   637 PM EDT
OCTOBER 13 2017.......SUNRISE   726 AM EDT   SUNSET   635 PM EDT


-  INDICATES NEGATIVE NUMBERS.
R  INDICATES RECORD WAS SET OR TIED.
MM INDICATES DATA IS MISSING.
T  INDICATES TRACE AMOUNT.




$$
