000
CDUS41 KBUF 100705
CLIBUF


CLIMATE REPORT
NATIONAL WEATHER SERVICE BUFFALO NY
305 AM EDT WED MAY 10 2017


...................................

...THE BUFFALO NY CLIMATE SUMMARY FOR MAY 9 2017...

CLIMATE NORMAL PERIOD 1981 TO 2010
CLIMATE RECORD PERIOD 1871 TO 2017


WEATHER ITEM   OBSERVED TIME   RECORD YEAR NORMAL DEPARTURE LAST
                VALUE   (LST)  VALUE       VALUE  FROM      YEAR
                                                  NORMAL
..................................................................
TEMPERATURE (F)
 YESTERDAY
  MAXIMUM         55    426 PM  89    2015  64     -9       60
  MINIMUM         34    535 AM  29    1947  45    -11       39
  AVERAGE         45                        55    -10       50

PRECIPITATION (IN)
  YESTERDAY        T             1.14 1927   0.10  -0.10     0.00
  MONTH TO DATE    3.47                      0.92   2.55     0.69
  SINCE MAR 1     14.21                      6.80   7.41     5.44
  SINCE JAN 1     19.39                     12.47   6.92    10.72

SNOWFALL (IN)
  YESTERDAY       MM             0.5  1923   0.1   MM        0.0
  MONTH TO DATE    0.0                       0.2   -0.2      0.0
  SINCE MAR 1     29.1                      15.8   13.3      8.0
  SINCE JUL 1     76.1                      94.6  -18.5     55.1
  SNOW DEPTH       0

DEGREE DAYS
 HEATING
  YESTERDAY       20                        11      9       15
  MONTH TO DATE  161                       108     53      118
  SINCE MAR 1   1577                      1645    -68     1538
  SINCE JUL 1   5469                      6389   -920     5476

 COOLING
  YESTERDAY        0                         0      0        0
  MONTH TO DATE    0                         0      0        0
  SINCE MAR 1      6                         3      3        0
  SINCE JAN 1      6                         3      3        0
..................................................................


WIND (MPH)
  HIGHEST WIND SPEED    15   HIGHEST WIND DIRECTION    NE (60)
  HIGHEST GUST SPEED    20   HIGHEST GUST DIRECTION    SW (210)
  AVERAGE WIND SPEED     7.0


SKY COVER
  AVERAGE SKY COVER 0.7


WEATHER CONDITIONS
 THE FOLLOWING WEATHER WAS RECORDED YESTERDAY.
  LIGHT RAIN


RELATIVE HUMIDITY (PERCENT)
 HIGHEST    75           500 AM
 LOWEST     35           400 PM
 AVERAGE    55

..........................................................


THE BUFFALO NY CLIMATE NORMALS FOR TODAY
                         NORMAL    RECORD    YEAR
 MAXIMUM TEMPERATURE (F)   65        86      1993
 MINIMUM TEMPERATURE (F)   45        26      1947
                                             1923


SUNRISE AND SUNSET
MAY 10 2017...........SUNRISE   557 AM EDT   SUNSET   826 PM EDT
MAY 11 2017...........SUNRISE   556 AM EDT   SUNSET   827 PM EDT


-  INDICATES NEGATIVE NUMBERS.
R  INDICATES RECORD WAS SET OR TIED.
MM INDICATES DATA IS MISSING.
T  INDICATES TRACE AMOUNT.




$$
