000
CDUS41 KBUF 111013
CLIBUF


CLIMATE REPORT
NATIONAL WEATHER SERVICE BUFFALO NY
612 AM EDT FRI APR 11 2014


...................................

...THE BUFFALO NY CLIMATE SUMMARY FOR APRIL 10 2014...

CLIMATE NORMAL PERIOD 1981 TO 2010
CLIMATE RECORD PERIOD 1871 TO 2014


WEATHER ITEM   OBSERVED TIME   RECORD YEAR NORMAL DEPARTURE LAST
                VALUE   (LST)  VALUE       VALUE  FROM      YEAR
                                                  NORMAL
..................................................................
TEMPERATURE (F)
 YESTERDAY
  MAXIMUM         70    314 PM  82    1945  53     17       47
  MINIMUM         32   1258 AM  19    1909  35     -3       39
  AVERAGE         51                        44      7       43

PRECIPITATION (IN)
  YESTERDAY        0.34          1.66 1990   0.11   0.23     0.73
  MONTH TO DATE    2.01                      1.06   0.95     1.98
  SINCE MAR 1      4.56                      3.93   0.63     3.04
  SINCE JAN 1     11.34                      9.60   1.74     8.59

SNOWFALL (IN)
  YESTERDAY        0.0           4.0  1942   0.2   -0.2      0.0
  MONTH TO DATE    0.2                       1.6   -1.4      0.3
  SINCE MAR 1     24.7                      14.5   10.2     10.1
  SINCE JUL 1    128.9                      93.3   35.6     58.8
  SNOW DEPTH       0

DEGREE DAYS
 HEATING
  YESTERDAY       14                        21     -7       22
  MONTH TO DATE  238                       232      6      247
  SINCE MAR 1   1416                      1193    223     1233
  SINCE JUL 1   6522                      5937    585     5553

 COOLING
  YESTERDAY        0                         0      0        0
  MONTH TO DATE    0                         0      0        0
  SINCE MAR 1      0                         0      0        0
  SINCE JAN 1      0                         0      0        0
..................................................................


WIND (MPH)
  HIGHEST WIND SPEED    36   HIGHEST WIND DIRECTION     S (200)
  HIGHEST GUST SPEED    48   HIGHEST GUST DIRECTION     S (200)
  AVERAGE WIND SPEED    16.8


SKY COVER
  POSSIBLE SUNSHINE  82 PERCENT
  AVERAGE SKY COVER 0.6


WEATHER CONDITIONS
 THE FOLLOWING WEATHER WAS RECORDED YESTERDAY.
  RAIN
  LIGHT RAIN
  FOG


RELATIVE HUMIDITY (PERCENT)
 HIGHEST    93          1100 PM
 LOWEST     25           200 PM
 AVERAGE    59

..........................................................


THE BUFFALO NY CLIMATE NORMALS FOR TODAY
                         NORMAL    RECORD    YEAR
 MAXIMUM TEMPERATURE (F)   53        86      1945
 MINIMUM TEMPERATURE (F)   35        16      1909


SUNRISE AND SUNSET
APRIL 11 2014.........SUNRISE   640 AM EDT   SUNSET   753 PM EDT
APRIL 12 2014.........SUNRISE   638 AM EDT   SUNSET   754 PM EDT


-  INDICATES NEGATIVE NUMBERS.
R  INDICATES RECORD WAS SET OR TIED.
MM INDICATES DATA IS MISSING.
T  INDICATES TRACE AMOUNT.




$$
