000
CDUS41 KBUF 270705
CLIBUF


CLIMATE REPORT
NATIONAL WEATHER SERVICE BUFFALO NY
205 AM EST SUN NOV 27 2016


...................................

...THE BUFFALO NY CLIMATE SUMMARY FOR NOVEMBER 26 2016...

CLIMATE NORMAL PERIOD 1981 TO 2010
CLIMATE RECORD PERIOD 1871 TO 2016


WEATHER ITEM   OBSERVED TIME   RECORD YEAR NORMAL DEPARTURE LAST
                VALUE   (LST)  VALUE       VALUE  FROM      YEAR
                                                  NORMAL
..................................................................
TEMPERATURE (F)
 YESTERDAY
  MAXIMUM         42    235 PM  68    1896  43     -1       62
  MINIMUM         37   1159 PM   6    1880  31      6       42
  AVERAGE         40                        37      3       52

PRECIPITATION (IN)
  YESTERDAY        0.17          1.08 1897   0.13   0.04     0.00
  MONTH TO DATE    2.46                      3.48  -1.02     0.96
  SINCE SEP 1     10.40                     10.90  -0.50     9.06
  SINCE JAN 1     28.92                     36.06  -7.14    33.53

SNOWFALL (IN)
  YESTERDAY       MM             3.8  1977   0.4   MM        0.0
  MONTH TO DATE    0.9                       6.1   -5.2       T
  SINCE SEP 1      0.9                       7.0   -6.1       T
  SINCE JUL 1      0.9                       7.0   -6.1       T
  SNOW DEPTH       0

DEGREE DAYS
 HEATING
  YESTERDAY       25                        28     -3       13
  MONTH TO DATE  518                       613    -95      452
  SINCE SEP 1    897                      1191   -294      923
  SINCE JUL 1    897                      1218   -321      938

 COOLING
  YESTERDAY        0                         0      0        0
  MONTH TO DATE    0                         0      0        0
  SINCE SEP 1    121                        57     64      132
  SINCE JAN 1    939                       544    395      657
..................................................................


WIND (MPH)
  HIGHEST WIND SPEED    17   HIGHEST WIND DIRECTION    NW (300)
  HIGHEST GUST SPEED    21   HIGHEST GUST DIRECTION     W (290)
  AVERAGE WIND SPEED     6.4


SKY COVER
  AVERAGE SKY COVER 0.9


WEATHER CONDITIONS
 THE FOLLOWING WEATHER WAS RECORDED YESTERDAY.
  RAIN
  LIGHT RAIN
  FOG


RELATIVE HUMIDITY (PERCENT)
 HIGHEST    92           400 AM
 LOWEST     73           300 PM
 AVERAGE    83

..........................................................


THE BUFFALO NY CLIMATE NORMALS FOR TODAY
                         NORMAL    RECORD    YEAR
 MAXIMUM TEMPERATURE (F)   43        72      1990
 MINIMUM TEMPERATURE (F)   30        10      1936


SUNRISE AND SUNSET
NOVEMBER 27 2016......SUNRISE   722 AM EST   SUNSET   443 PM EST
NOVEMBER 28 2016......SUNRISE   723 AM EST   SUNSET   442 PM EST


-  INDICATES NEGATIVE NUMBERS.
R  INDICATES RECORD WAS SET OR TIED.
MM INDICATES DATA IS MISSING.
T  INDICATES TRACE AMOUNT.




$$
