000
CDUS43 KDLH 092234
CLIDLH


CLIMATE REPORT
NATIONAL WEATHER SERVICE DULUTH MN
533 PM CDT WED APR 9 2014


...................................

...THE DULUTH MN CLIMATE SUMMARY FOR APRIL 9 2014...
VALID TODAY AS OF 0500 PM LOCAL TIME.

CLIMATE NORMAL PERIOD 1981 TO 2010
CLIMATE RECORD PERIOD 1870 TO 2014


WEATHER ITEM   OBSERVED TIME   RECORD YEAR NORMAL DEPARTURE LAST
                VALUE   (LST)  VALUE       VALUE  FROM      YEAR
                                                  NORMAL
..................................................................
TEMPERATURE (F)
 TODAY
  MAXIMUM         55    413 PM  80    1887  46      9       40
  MINIMUM         30    142 AM   6    2007  27      3       30
  AVERAGE         43                        36      7       35

PRECIPITATION (IN)
  TODAY            0.00          1.05 1950   0.07  -0.07     0.00
  MONTH TO DATE    0.80                      0.59   0.21     1.22
  SINCE MAR 1      2.71                      2.08   0.63     3.26
  SINCE JAN 1      5.56                      3.85   1.71     5.81

SNOWFALL (IN)
  TODAY            0.0           8.0  1894   0.3   -0.3      0.0
  MONTH TO DATE   12.9                       2.8   10.1      6.5
  SINCE JUL 1    117.6                      81.6   36.0     85.1
  SNOW DEPTH      21

DEGREE DAYS
 HEATING
  TODAY           22                        28     -6       30
  MONTH TO DATE  284                       272     12      305
  SINCE MAR 1   1723                      1482    241     1638
  SINCE JUL 1   9164                      8349    815     8146

 COOLING
  TODAY            0                         0      0        0
  MONTH TO DATE    0                         0      0        0
  SINCE MAR 1      0                         0      0        0
  SINCE JAN 1      0                         0      0        0
..................................................................


WIND (MPH)
  HIGHEST WIND SPEED    28   HIGHEST WIND DIRECTION    SW (210)
  HIGHEST GUST SPEED    35   HIGHEST GUST DIRECTION     S (200)
  AVERAGE WIND SPEED    13.1


SKY COVER
  POSSIBLE SUNSHINE  MM
  AVERAGE SKY COVER 0.4


WEATHER CONDITIONS
 THE FOLLOWING WEATHER WAS RECORDED TODAY.
  NO SIGNIFICANT WEATHER WAS OBSERVED.


RELATIVE HUMIDITY (PERCENT)
 HIGHEST    63           100 AM
 LOWEST     38           100 PM
 AVERAGE    51

..........................................................


THE DULUTH MN CLIMATE NORMALS FOR TOMORROW
                         NORMAL    RECORD    YEAR
 MAXIMUM TEMPERATURE (F)   46        84      1977
 MINIMUM TEMPERATURE (F)   28        10      1962


SUNRISE AND SUNSET
APRIL  9 2014.........SUNRISE   632 AM CDT   SUNSET   749 PM CDT
APRIL 10 2014.........SUNRISE   630 AM CDT   SUNSET   750 PM CDT


-  INDICATES NEGATIVE NUMBERS.
R  INDICATES RECORD WAS SET OR TIED.
MM INDICATES DATA IS MISSING.
T  INDICATES TRACE AMOUNT.




$$
