000
CDUS43 KDLH 210620
CLIDLH


CLIMATE REPORT
NATIONAL WEATHER SERVICE DULUTH MN
119 AM CDT SUN AUG 21 2016


...................................

...THE DULUTH MN CLIMATE SUMMARY FOR AUGUST 20 2016...

CLIMATE NORMAL PERIOD 1981 TO 2010
CLIMATE RECORD PERIOD 1870 TO 2016


WEATHER ITEM   OBSERVED TIME   RECORD YEAR NORMAL DEPARTURE LAST
                VALUE   (LST)  VALUE       VALUE  FROM      YEAR
                                                  NORMAL
..................................................................
TEMPERATURE (F)
 YESTERDAY
  MAXIMUM         65    103 PM  91    2013  74     -9       66
  MINIMUM         54   1159 PM  36    2004  54      0       50
  AVERAGE         60                        64     -4       58

PRECIPITATION (IN)
  YESTERDAY        T             2.95 1972   0.12  -0.12     0.02
  MONTH TO DATE    2.91                      2.34   0.57     3.33
  SINCE JUN 1     11.76                     10.42   1.34     9.98
  SINCE JAN 1     21.87                     19.34   2.53    16.37

SNOWFALL (IN)
  YESTERDAY        0.0           0.0  2002   0.0    0.0      0.0
                                      2001
  MONTH TO DATE    0.0                       0.0    0.0      0.0
  SINCE JUN 1      T                         0.0    0.0       T
  SINCE JUL 1      0.0                       0.0    0.0      0.0
  SNOW DEPTH       0

DEGREE DAYS
 HEATING
  YESTERDAY        5                         3      2        7
  MONTH TO DATE   11                        44    -33       36
  SINCE JUN 1    182                       286   -104      172
  SINCE JUL 1     40                       107    -67       51

 COOLING
  YESTERDAY        0                         2     -2        0
  MONTH TO DATE   84                        50     34       72
  SINCE JUN 1    230                       170     60      250
  SINCE JAN 1    239                       174     65      254
..................................................................


WIND (MPH)
  HIGHEST WIND SPEED    18   HIGHEST WIND DIRECTION     N (350)
  HIGHEST GUST SPEED    26   HIGHEST GUST DIRECTION     N (350)
  AVERAGE WIND SPEED     9.2


SKY COVER
  AVERAGE SKY COVER 0.9


WEATHER CONDITIONS
 THE FOLLOWING WEATHER WAS RECORDED YESTERDAY.
  LIGHT RAIN


RELATIVE HUMIDITY (PERCENT)
 HIGHEST    93           900 PM
 LOWEST     78           300 AM
 AVERAGE    86

..........................................................


THE DULUTH MN CLIMATE NORMALS FOR TODAY
                         NORMAL    RECORD    YEAR
 MAXIMUM TEMPERATURE (F)   74        90      1976
 MINIMUM TEMPERATURE (F)   54        37      2004


SUNRISE AND SUNSET
AUGUST 21 2016........SUNRISE   615 AM CDT   SUNSET   808 PM CDT
AUGUST 22 2016........SUNRISE   616 AM CDT   SUNSET   806 PM CDT


-  INDICATES NEGATIVE NUMBERS.
R  INDICATES RECORD WAS SET OR TIED.
MM INDICATES DATA IS MISSING.
T  INDICATES TRACE AMOUNT.




$$
