000
CDUS43 KDLH 252224
CLIDLH


CLIMATE REPORT
NATIONAL WEATHER SERVICE DULUTH MN
523 PM CDT TUE AUG 25 2015


...................................

...THE DULUTH MN CLIMATE SUMMARY FOR AUGUST 25 2015...
VALID TODAY AS OF 0500 PM LOCAL TIME.

CLIMATE NORMAL PERIOD 1981 TO 2010
CLIMATE RECORD PERIOD 1870 TO 2015


WEATHER ITEM   OBSERVED TIME   RECORD YEAR NORMAL DEPARTURE LAST
                VALUE   (LST)  VALUE       VALUE  FROM      YEAR
                                                  NORMAL
..................................................................
TEMPERATURE (F)
 TODAY
  MAXIMUM         66    417 PM  95    1888  73     -7       76
  MINIMUM         50    118 AM  40    1950  53     -3       57
  AVERAGE         58                        63     -5       67

PRECIPITATION (IN)
  TODAY            0.00          1.68 1995   0.12  -0.12      T
  MONTH TO DATE    4.04                      2.95   1.09     4.04
  SINCE JUN 1     10.69                     11.03  -0.34    11.93
  SINCE JAN 1     17.08                     19.95  -2.87    24.36

SNOWFALL (IN)
  TODAY            0.0           0.0  2002   0.0    0.0      0.0
                                      2001
  MONTH TO DATE    0.0                       0.0    0.0      0.0
  SINCE JUL 1      0.0                       0.0    0.0      0.0
  SNOW DEPTH       0

DEGREE DAYS
 HEATING
  TODAY            7                         4      3        0
  MONTH TO DATE   67                        60      7       20
  SINCE JUN 1    203                       302    -99      222
  SINCE JUL 1     82                       123    -41       60

 COOLING
  TODAY            0                         2     -2        2
  MONTH TO DATE   76                        60     16       38
  SINCE JUN 1    254                       180     74      152
  SINCE JAN 1    258                       184     74      170
..................................................................


WIND (MPH)
  HIGHEST WIND SPEED    23   HIGHEST WIND DIRECTION     N (340)
  HIGHEST GUST SPEED    32   HIGHEST GUST DIRECTION     N (350)
  AVERAGE WIND SPEED    13.3


SKY COVER
  POSSIBLE SUNSHINE  MM
  AVERAGE SKY COVER 0.9


WEATHER CONDITIONS
 THE FOLLOWING WEATHER WAS RECORDED TODAY.
  NO SIGNIFICANT WEATHER WAS OBSERVED.


RELATIVE HUMIDITY (PERCENT)
 HIGHEST    83          1200 AM
 LOWEST     56           300 PM
 AVERAGE    70

..........................................................


THE DULUTH MN CLIMATE NORMALS FOR TOMORROW
                         NORMAL    RECORD    YEAR
 MAXIMUM TEMPERATURE (F)   73        93      1937
 MINIMUM TEMPERATURE (F)   53        36      1968


SUNRISE AND SUNSET
AUGUST 25 2015........SUNRISE   619 AM CDT   SUNSET   801 PM CDT
AUGUST 26 2015........SUNRISE   620 AM CDT   SUNSET   800 PM CDT


-  INDICATES NEGATIVE NUMBERS.
R  INDICATES RECORD WAS SET OR TIED.
MM INDICATES DATA IS MISSING.
T  INDICATES TRACE AMOUNT.




$$
