628
CDUS43 KDLH 182242
CLIDLH


CLIMATE REPORT
NATIONAL WEATHER SERVICE DULUTH MN
541 PM CDT WED OCT 18 2017


...................................

...THE DULUTH CLIMATE SUMMARY FOR OCTOBER 18 2017...
VALID TODAY AS OF 0500 PM LOCAL TIME.

CLIMATE NORMAL PERIOD 1981 TO 2010
CLIMATE RECORD PERIOD 1870 TO 2017


WEATHER ITEM   OBSERVED TIME   RECORD YEAR NORMAL DEPARTURE LAST
                VALUE   (LST)  VALUE       VALUE  FROM      YEAR
                                                  NORMAL
..................................................................
TEMPERATURE (F)
 TODAY
  MAXIMUM         68    151 PM  79    1945  51     17       63
  MINIMUM         51    436 AM  16    1972  34     17       45
  AVERAGE         60                        42     18       54

PRECIPITATION (IN)
  TODAY            0.00          2.66 2007   0.09  -0.09      T
  MONTH TO DATE    2.51                      1.82   0.69     1.34
  SINCE SEP 1      6.06                      5.93   0.13     4.86
  SINCE JAN 1     33.75                     26.63   7.12    28.78

SNOWFALL (IN)
  TODAY            0.0           1.6  2002   0.0    0.0      0.0
  MONTH TO DATE    0.0                       0.7   -0.7       T
  SINCE JUL 1      T                         0.8   -0.8       T
  SNOW DEPTH       0

DEGREE DAYS
 HEATING
  TODAY            5                        23    -18       11
  MONTH TO DATE  288                       347    -59      251
  SINCE SEP 1    500                       645   -145      413
  SINCE JUL 1    670                       794   -124      467

 COOLING
  TODAY            0                         0      0        0
  MONTH TO DATE    0                         0      0        0
  SINCE SEP 1     26                        14     12       14
  SINCE JAN 1    126                       204    -78      281
..................................................................


WIND (MPH)
  HIGHEST WIND SPEED    29   HIGHEST WIND DIRECTION     W (290)
  HIGHEST GUST SPEED    36   HIGHEST GUST DIRECTION     W (280)
  AVERAGE WIND SPEED    17.0


SKY COVER
  AVERAGE SKY COVER 0.1


WEATHER CONDITIONS
 THE FOLLOWING WEATHER WAS RECORDED TODAY.
  HAZE


RELATIVE HUMIDITY (PERCENT)
 HIGHEST    71           400 AM
 LOWEST     16           300 PM
 AVERAGE    44

..........................................................


THE DULUTH CLIMATE NORMALS FOR TOMORROW
                         NORMAL    RECORD    YEAR
 MAXIMUM TEMPERATURE (F)   50        78      1884
 MINIMUM TEMPERATURE (F)   34        12      1972


SUNRISE AND SUNSET
OCTOBER 18 2017.......SUNRISE   731 AM CDT   SUNSET   616 PM CDT
OCTOBER 19 2017.......SUNRISE   733 AM CDT   SUNSET   614 PM CDT


-  INDICATES NEGATIVE NUMBERS.
R  INDICATES RECORD WAS SET OR TIED.
MM INDICATES DATA IS MISSING.
T  INDICATES TRACE AMOUNT.




$$
